000
CXUS52 KMFL 011130
CF6FLL
PRELIMINARY LOCAL CLIMATOLOGICAL DATA (WS FORM: F-6)
STATION: FORT LAUDERDALE
MONTH: JANUARY
YEAR: 2024
LATITUDE: 26 4 N
LONGITUDE: 80 9 W
TEMPERATURE IN F: :PCPN: SNOW: WIND :SUNSHINE: SKY :PK WND
================================================================================
1 2 3 4 5 6A 6B 7 8 9 10 11 12 13 14 15 16 17 18
12Z AVG MX 2MIN
DY MAX MIN AVG DEP HDD CDD WTR SNW DPTH SPD SPD DIR MIN PSBL S-S WX SPD DR
================================================================================
1 72 52 62 -7 3 0 0.00 0.0 0 4.0 10 280 M M 2 18 15 310
2 72 56 64 -5 1 0 0.00 0.0 0 6.0 16 360 M M 7 23 360
3 73 54 64 -5 1 0 0.00 0.0 0 6.9 20 140 M M 7 25 140
4 78 61 70 1 0 5 0.00 0.0 0 7.5 18 250 M M 5 26 250
5 76 61 69 1 0 4 T 0.0 0 14.3 23 130 M M 7 29 130
6 78 71 75 7 0 10 0.05 0.0 0 11.7 23 130 M M 7 32 190
7 72 60 66 -2 0 1 0.05 0.0 0 6.2 17 340 M M 7 26 340
8 75 61 68 0 0 3 0.00 0.0 0 15.4 30 120 M M 8 38 100
9 80 65 73 5 0 8 0.06 0.0 0 19.3 30 120 M M 9 1 42 140
10 72 64 68 0 0 3 0.06 0.0 0 3.8 16 300 M M 8 1 24 300
11 70 62 66 -2 0 1 0.28 0.0 0 7.1 17 80 M M 10 1 21 80
12 86 70 78 10 0 13 0.02 0.0 0 10.1 17 170 M M 7 1 34 170
13 86 66 76 8 0 11 0.11 0.0 0 10.4 24 240 M M 6 1 35 220
14 72 64 68 0 0 3 0.15 0.0 0 10.7 22 90 M M 9 1 29 90
15 81 72 77 9 0 12 0.00 0.0 0 11.1 21 110 M M 8 26 120
16 85 72 79 11 0 14 0.06 0.0 0 7.9 20 240 M M 6 30 220
17 74 64 69 1 0 4 0.00 0.0 0 9.5 17 50 M M 9 25 30
18 80 70 75 7 0 10 T 0.0 0 9.2 20 120 M M 8 24 120
19 76 68 72 4 0 7 T 0.0 0 4.9 12 340 M M 8 16 320
20 75 56 66 -2 0 1 0.00 0.0 0 9.6 17 50 M M 4 22 50
21 71 51 61 -7 4 0 0.00 0.0 0 13.1 22 80 M M 5 32 60
22 74 65 70 2 0 5 T 0.0 0 18.4 29 80 M M 9 40 80
23 79 70 75 7 0 10 T 0.0 0 17.7 25 110 M M 7 33 100
24 81 74 78 10 0 13 0.00 0.0 0 16.5 22 120 M M 8 28 120
25 79 74 77 9 0 12 0.00 0.0 0 13.1 21 130 M M 8 28 130
26 81 74 78 10 0 13 0.00 0.0 0 11.8 17 140 M M 6 23 130
27 82 74 78 10 0 13 T 0.0 0 11.1 23 130 M M 6 31 150
28 85 60 73 5 0 8 0.00 0.0 0 10.9 22 240 M M 4 34 320
29 66 55 61 -8 4 0 0.00 M M 10.4 20 320 M M 2 31 340
30 73 52 63 -6 2 0 0.00 0.0 0 6.3 13 330 M M 3 19 290
31 73 54 64 -5 1 0 0.00 0.0 0 8.4 17 280 M M 1 28 280
================================================================================
SM 2377 1972 16 184 0.84 0.0 323.3 M 201
================================================================================
AV 76.7 63.6 10.4 FASTST M M 6 MAX(MPH)
MISC ----> # 30 120 42 140
================================================================================
NOTES:
# LAST OF SEVERAL OCCURRENCES
COLUMN 17 PEAK WIND IN M.P.H.
PRELIMINARY LOCAL CLIMATOLOGICAL DATA (WS FORM: F-6) , PAGE 2
STATION: FORT LAUDERDALE
MONTH: JANUARY
YEAR: 2024
LATITUDE: 26 4 N
LONGITUDE: 80 9 W
[TEMPERATURE DATA] [PRECIPITATION DATA] SYMBOLS USED IN COLUMN 16
AVERAGE MONTHLY: 70.1 TOTAL FOR MONTH: 0.84 1 = FOG OR MIST
DPTR FM NORMAL: 1.8 DPTR FM NORMAL: -2.06 2 = FOG REDUCING VISIBILITY
HIGHEST: 86 ON 13,12 GRTST 24HR 1.22 ON 14-14 TO 1/4 MILE OR LESS
LOWEST: 51 ON 21 3 = THUNDER
SNOW, ICE PELLETS, HAIL 4 = ICE PELLETS
TOTAL MONTH: 0.0 INCH 5 = HAIL
GRTST 24HR 0.0 6 = FREEZING RAIN OR DRIZZLE
GRTST DEPTH: 0 7 = DUSTSTORM OR SANDSTORM:
VSBY 1/2 MILE OR LESS
8 = SMOKE OR HAZE
[NO. OF DAYS WITH] [WEATHER - DAYS WITH] 9 = BLOWING SNOW
X = TORNADO
MAX 32 OR BELOW: 0 0.01 INCH OR MORE: 9
MAX 90 OR ABOVE: 0 0.10 INCH OR MORE: 3
MIN 32 OR BELOW: 0 0.50 INCH OR MORE: 0
MIN 0 OR BELOW: 0 1.00 INCH OR MORE: 0
[HDD (BASE 65) ]
TOTAL THIS MO. 16 CLEAR (SCALE 0-3) 3
DPTR FM NORMAL -36 PTCLDY (SCALE 4-7) 20
TOTAL FM JUL 1 27 CLOUDY (SCALE 8-10) 8
DPTR FM NORMAL -63
[CDD (BASE 65) ]
TOTAL THIS MO. 184
DPTR FM NORMAL 31 [PRESSURE DATA]
TOTAL FM JAN 1 184 HIGHEST SLP 30.39 ON 22
DPTR FM NORMAL 31 LOWEST SLP 29.80 ON 9
[REMARKS]
#FINAL-01-24#