000
CXUS52 KILM 011000
CF6FLO
PRELIMINARY LOCAL CLIMATOLOGICAL DATA (WS FORM: F-6)
STATION: FLORENCE SOUTH CAROLINA
MONTH: MARCH
YEAR: 2023
LATITUDE: 34 10 N
LONGITUDE: 79 43 W
TEMPERATURE IN F: :PCPN: SNOW: WIND :SUNSHINE: SKY :PK WND
================================================================================
1 2 3 4 5 6A 6B 7 8 9 10 11 12 13 14 15 16 17 18
12Z AVG MX 2MIN
DY MAX MIN AVG DEP HDD CDD WTR SNW DPTH SPD SPD DIR MIN PSBL S-S WX SPD DR
================================================================================
1 81 49 65 12 0 0 0.00 M M 2.8 12 60 M M 0 12 60
2 76 63 70 17 0 5 T M M 7.9 21 230 M M 6 18 26 230
3 83 59 71 18 0 6 0.18 M M 11.9 30 210 M M 7 1 40 200
4 76 54 65 12 0 0 T M M 8.8 18 240 M M 2 24 310
5 70 46 58 4 7 0 0.00 M M 5.4 14 80 M M 0 17 50
6 77 43 60 6 5 0 0.00 M M 4.6 13 220 M M 0 19 240
7 83 55 69 15 0 4 0.00 M M 12.5 24 10 M M 0 32 10
8 64 42 53 -1 12 0 0.00 M M 7.9 23 20 M M 0 31 10
9 66 39 53 -1 12 0 0.00 M M 4.8 12 80 M M 0 13 70
10 62 47 55 0 10 0 0.19 M M 5.6 13 350 M M 8 12 17 300
11 61 41 51 -4 14 0 0.00 M M 9.9 20 360 M M 0 25 340
12 51 42 47 -8 18 0 0.36 M M 8.4 14 110 M M 9 1 18 110
13 58 42 50 -6 15 0 0.00 M M 8.2 16 340 M M 9 1 19 350
14 55 34 45 -11 20 0 0.00 M M 12.0 21 300 M M 1 27 300
15 58 32 45 -11 20 0 0.00 M M 8.9 20 360 M M 0 27 10
16 69 28 49 -7 16 0 0.00 M M 5.8 16 200 M M 0 20 190
17 75 44 60 4 5 0 0.06 M M 10.9 26 240 M M 5 1 36 240
18 63 50 57 0 8 0 0.02 M M 8.0 17 340 M M 8 1 23 310
19 57 39 48 -9 17 0 0.00 M M 8.2 18 20 M M 1 24 30
20 58 37 48 -9 17 0 0.00 M M 8.3 16 350 M M 4 21 340
21 65 27 46 -12 19 0 0.00 M M 4.2 14 120 M M 0 21 70
22 63 38 51 -7 14 0 0.19 M M 2.3 9 10 M M 8 18 11 10
23 83 55 69 11 0 4 T M M 9.8 21 240 M M 5 12 25 250
24 87 60 74 16 0 9 0.00 M M 10.6 21 250 M M 0 29 250
25 76 62 69 11 0 4 0.10 M M 9.4 23 250 M M 2 1 32 260
26 70 62 66 7 0 1 0.63 M M 5.5 15 260 M M 6 13 18 250
27 73 61 67 8 0 2 2.93 M M 8.8 22 250 M M 5 13 31 250
28 76 55 66 7 0 1 T M M 7.2 24 360 M M 4 12 32 360
29 62 42 52 -8 13 0 0.00 M M 7.4 24 360 M M 4 30 350
30 73 38 56 -4 9 0 0.00 M M 3.0 16 170 M M 0 19 170
31 80 45 63 3 2 0 0.00 M M 8.5 20 200 M M 2 26 190
================================================================================
SM 2151 1431 253 36 4.66 M 237.5 M 96
================================================================================
AV 69.4 46.2 7.7 FASTST M M 3 MAX(MPH)
MISC ----> 30 210 40 200
================================================================================
NOTES:
# LAST OF SEVERAL OCCURRENCES
COLUMN 17 PEAK WIND IN M.P.H.
PRELIMINARY LOCAL CLIMATOLOGICAL DATA (WS FORM: F-6) , PAGE 2
STATION: FLORENCE SOUTH CAROLINA
MONTH: MARCH
YEAR: 2023
LATITUDE: 34 10 N
LONGITUDE: 79 43 W
[TEMPERATURE DATA] [PRECIPITATION DATA] SYMBOLS USED IN COLUMN 16
AVERAGE MONTHLY: 57.8 TOTAL FOR MONTH: 4.66 1 = FOG OR MIST
DPTR FM NORMAL: 1.5 DPTR FM NORMAL: 1.47 2 = FOG REDUCING VISIBILITY
HIGHEST: 87 ON 24 GRTST 24HR 3.56 ON 26-27 TO 1/4 MILE OR LESS
LOWEST: 27 ON 21 3 = THUNDER
SNOW, ICE PELLETS, HAIL 4 = ICE PELLETS
TOTAL MONTH: M 5 = HAIL
GRTST 24HR M ON M 6 = FREEZING RAIN OR DRIZZLE
GRTST DEPTH: M ON M 7 = DUSTSTORM OR SANDSTORM:
VSBY 1/2 MILE OR LESS
8 = SMOKE OR HAZE
[NO. OF DAYS WITH] [WEATHER - DAYS WITH] 9 = BLOWING SNOW
X = TORNADO
MAX 32 OR BELOW: 0 0.01 INCH OR MORE: 9
MAX 90 OR ABOVE: 0 0.10 INCH OR MORE: 7
MIN 32 OR BELOW: 3 0.50 INCH OR MORE: 2
MIN 0 OR BELOW: 0 1.00 INCH OR MORE: 1
[HDD (BASE 65) ]
TOTAL THIS MO. 253 CLEAR (SCALE 0-3) 17
DPTR FM NORMAL -40 PTCLDY (SCALE 4-7) 11
TOTAL FM JUL 1 1885 CLOUDY (SCALE 8-10) 3
DPTR FM NORMAL -328
[CDD (BASE 65) ]
TOTAL THIS MO. 36
DPTR FM NORMAL 12 [PRESSURE DATA]
TOTAL FM JAN 1 68 HIGHEST SLP 30.48 ON 21
DPTR FM NORMAL 35 LOWEST SLP 29.50 ON 3
[REMARKS]
#FINAL-03-23#