504
CXUS52 KILM 011814
CF6FLO
PRELIMINARY LOCAL CLIMATOLOGICAL DATA (WS FORM: F-6)
STATION: FLORENCE SOUTH CAROLINA
MONTH: APRIL
YEAR: 2020
LATITUDE: 34 10 N
LONGITUDE: 79 43 W
TEMPERATURE IN F: :PCPN: SNOW: WIND :SUNSHINE: SKY :PK WND
================================================================================
1 2 3 4 5 6A 6B 7 8 9 10 11 12 13 14 15 16 17 18
12Z AVG MX 2MIN
DY MAX MIN AVG DEP HDD CDD WTR SNW DPTH SPD SPD DIR MIN PSBL S-S WX SPD DR
================================================================================
1 63 49 56 -4 9 0 0.01 M M 10.4 20 360 M M 10 1 26 350
2 69 43 56 -4 9 0 0.00 M M 8.1 20 330 M M 1 8 24 330
3 77 41 59 -1 6 0 0.00 M M 7.6 20 320 M M 0 25 310
4 75 45 60 0 5 0 0.00 M M 3.8 14 50 M M 0 17 360
5 78 50 64 3 1 0 0.00 M M 5.7 13 160 M M 1 8 19 150
6 85 50 68 7 0 3 0.01 M M 7.6 24 260 M M 2 38 32 250
7 87 62 75 14 0 10 0.00 M M 8.4 21 240 M M 0 8 26 230
8 87 64 76 15 0 11 T M M 9.0 25 10 M M 1 8 31 10
9 89 62 76 14 0 11 0.18 M M 12.1 25 260 M M 1 13 33 260
10 72 40 56 -6 9 0 0.00 M M 9.6 24 360 M M 0 34 300
11 71 39 55 -7 10 0 0.00 M M 5.6 14 200 M M 0 18 240
12 81 49 65 3 0 0 0.07 M M 10.2 24 160 M M 5 34 150
13 84 64 74 11 0 9 0.45 M M 14.0 28 220 M M 5 138 37 210
14 84 56 70 7 0 5 0.00 M M 5.8 16 190 M M 0 1 24 150
15 68 46 57 -6 8 0 0.00 M M 10.4 20 24 M M M 26 360
16 71 41 56 -7 9 0 0.00 M M 3.7 16 330 M M 0 25 320
17 76 42 59 -5 6 0 0.00 M M 6.9 21 180 M M 1 29 180
18 79 56 68 4 0 3 T M M 9.8 24 260 M M 2 32 240
19 69 47 58 -6 7 0 0.03 M M 4.8 30 100 M M 2 31 90
20 68 51 60 -4 5 0 0.19 M M 7.2 25 330 M M 7 1 33 340
21 82 48 65 0 0 0 0.00 M M 10.5 30 270 M M 2 39 260
22 73 47 60 -5 5 0 0.00 M M 5.6 14 360 M M 0 19 360
23 71 56 64 -1 1 0 0.18 M M 11.4 36 190 M M 7 1 48 190
24 82 63 73 8 0 8 0.00 M M 8.4 20 230 M M 7 26 220
25 82 60 71 5 0 6 0.00 M M 8.5 20 150 M M 3 24 160
26 79 59 69 3 0 4 0.00 M M 14.8 25 280 M M 1 35 270
27 76 49 63 -3 2 0 0.00 M M 7.8 20 340 M M 0 27 340
28 82 46 64 -2 1 0 0.00 M M 6.5 18 220 M M 0 23 200
29 84 60 72 5 0 7 0.00 M M 13.1 29 170 M M 3 35 170
30 74 58 66 -1 0 1 1.64 M M 10.1 24 260 M M 8 13 31 160
================================================================================
SM 2318 1543 93 78 2.76 M 257.4 M 69
================================================================================
AV 77.3 51.4 8.6 FASTST M M 2 MAX(MPH)
MISC ----> # 36 190 # 48 190
================================================================================
NOTES:
# LAST OF SEVERAL OCCURRENCES
COLUMN 17 PEAK WIND IN M.P.H.
PRELIMINARY LOCAL CLIMATOLOGICAL DATA (WS FORM: F-6) , PAGE 2
STATION: FLORENCE SOUTH CAROLINA
MONTH: APRIL
YEAR: 2020
LATITUDE: 34 10 N
LONGITUDE: 79 43 W
[TEMPERATURE DATA] [PRECIPITATION DATA] SYMBOLS USED IN COLUMN 16
AVERAGE MONTHLY: 64.4 TOTAL FOR MONTH: 2.76 1 = FOG OR MIST
DPTR FM NORMAL: 1.1 DPTR FM NORMAL: 0.14 2 = FOG REDUCING VISIBILITY
HIGHEST: 89 ON 9 GRTST 24HR 1.64 ON 30-30 TO 1/4 MILE OR LESS
LOWEST: 39 ON 11 3 = THUNDER
SNOW, ICE PELLETS, HAIL 4 = ICE PELLETS
TOTAL MONTH: M 5 = HAIL
GRTST 24HR M ON M 6 = FREEZING RAIN OR DRIZZLE
GRTST DEPTH: M ON M 7 = DUSTSTORM OR SANDSTORM:
VSBY 1/2 MILE OR LESS
8 = SMOKE OR HAZE
[NO. OF DAYS WITH] [WEATHER - DAYS WITH] 9 = BLOWING SNOW
X = TORNADO
MAX 32 OR BELOW: 0 0.01 INCH OR MORE: 9
MAX 90 OR ABOVE: 0 0.10 INCH OR MORE: 5
MIN 32 OR BELOW: 0 0.50 INCH OR MORE: 1
MIN 0 OR BELOW: 0 1.00 INCH OR MORE: 1
[HDD (BASE 65) ]
TOTAL THIS MO. 93 CLEAR (SCALE 0-3) 22
DPTR FM NORMAL -31 PTCLDY (SCALE 4-7) 6
TOTAL FM JUL 1 1837 CLOUDY (SCALE 8-10) 1
DPTR FM NORMAL -663
[CDD (BASE 65) ]
TOTAL THIS MO. 78
DPTR FM NORMAL 6 [PRESSURE DATA]
TOTAL FM JAN 1 216 HIGHEST SLP 30.31 ON 17
DPTR FM NORMAL 120 LOWEST SLP 29.49 ON 9
[REMARKS]
CORRECTED APRIL 15 PEAK WIND
#FINAL-04-20#