000
CXUS52 KTBW 021530
CF6FMY
PRELIMINARY LOCAL CLIMATOLOGICAL DATA (WS FORM: F-6)
STATION: FORT MYERS
MONTH: MARCH
YEAR: 2021
LATITUDE: 26 34 N
LONGITUDE: 81 52 W
TEMPERATURE IN F: :PCPN: SNOW: WIND :SUNSHINE: SKY :PK WND
================================================================================
1 2 3 4 5 6A 6B 7 8 9 10 11 12 13 14 15 16 17 18
12Z AVG MX 2MIN
DY MAX MIN AVG DEP HDD CDD WTR SNW DPTH SPD SPD DIR MIN PSBL S-S WX SPD DR
================================================================================
1 85 69 77 9 0 12 0.00 0.0 0 6.8 16 230 M M 0 24 110
2 84 69 77 9 0 12 0.00 0.0 0 4.3 14 240 M M 4 12 25 210
3 79 60 70 2 0 5 0.06 0.0 0 11.8 22 240 M M 5 1 33 230
4 74 58 66 -2 0 1 0.00 0.0 0 7.7 14 350 M M 6 22 330
5 80 54 67 -2 0 2 0.00 0.0 0 6.1 14 270 M M 0 22 30
6 73 59 66 -3 0 1 0.34 0.0 0 6.6 17 20 M M 6 1 23 60
7 75 54 65 -4 0 0 0.00 0.0 0 13.6 20 50 M M 2 27 360
8 74 50 62 -7 3 0 0.00 0.0 0 13.2 21 100 M M 3 35 80
9 78 53 66 -3 0 1 0.00 0.0 0 11.0 22 110 M M 2 33 80
10 81 55 68 -1 0 3 0.00 0.0 0 10.2 20 90 M M 2 33 80
11 82 58 70 1 0 5 0.00 0.0 0 8.9 20 80 M M 3 29 100
12 83 59 71 2 0 6 0.00 0.0 0 9.1 18 70 M M 0 28 80
13 85 58 72 2 0 7 0.00 0.0 0 5.3 15 320 M M 0 33 330
14 83 59 71 1 0 6 0.00 0.0 0 4.2 13 240 M M 1 19 270
15 83 63 73 3 0 8 0.00 0.0 0 3.8 10 260 M M 2 20 290
16 84 62 73 3 0 8 0.00 0.0 0 7.3 17 200 M M 1 30 220
17 85 63 74 4 0 9 0.00 0.0 0 7.0 16 200 M M 1 27 210
18 84 68 76 6 0 11 T 0.0 0 10.3 22 240 M M 2 1 35 210
19 78 58 68 -2 0 3 T 0.0 0 11.4 22 290 M M 5 30 310
20 75 57 66 -4 0 1 0.00 0.0 0 9.1 20 20 M M 7 23 20
21 73 55 64 -6 1 0 0.00 0.0 0 11.4 21 300 M M 9 29 330
22 75 58 67 -4 0 2 0.00 0.0 0 8.1 17 300 M M 6 29 330
23 77 57 67 -4 0 2 0.00 0.0 0 4.3 13 250 M M 3 1 21 230
24 84 57 71 0 0 6 0.00 0.0 0 4.4 14 260 M M 1 22 230
25 92 67 80 9 0 15 0.00 0.0 0 8.6 20 190 M M 1 1 27 210
26 89 71 80 9 0 15 0.00 0.0 0 8.0 15 240 M M 4 37 220
27 90 67 79 8 0 14 0.00 0.0 0 7.1 16 110 M M 2 1 29 230
28 87 69 78 7 0 13 0.00 0.0 0 7.6 16 240 M M 1 25 200
29 89 70 80 8 0 15 0.00 0.0 0 4.2 14 280 M M 3 29 230
30 91 71 81 9 0 16 0.00 0.0 0 7.4 15 210 M M 4 1 30 100
31 89 71 80 8 0 15 0.00 0.0 0 7.5 17 200 M M 1 26 150
================================================================================
SM 2541 1899 4 214 0.40 0.0 246.3 M 87
================================================================================
AV 82.0 61.3 7.9 FASTST M M 3 MAX(MPH)
MISC ----> # 22 240 37 220
================================================================================
NOTES:
# LAST OF SEVERAL OCCURRENCES
COLUMN 17 PEAK WIND IN M.P.H.
PRELIMINARY LOCAL CLIMATOLOGICAL DATA (WS FORM: F-6) , PAGE 2
STATION: FORT MYERS
MONTH: MARCH
YEAR: 2021
LATITUDE: 26 34 N
LONGITUDE: 81 52 W
[TEMPERATURE DATA] [PRECIPITATION DATA] SYMBOLS USED IN COLUMN 16
AVERAGE MONTHLY: 71.6 TOTAL FOR MONTH: 0.40 1 = FOG OR MIST
DPTR FM NORMAL: 1.7 DPTR FM NORMAL: -2.48 2 = FOG REDUCING VISIBILITY
HIGHEST: 92 ON 25 GRTST 24HR 0.34 ON 6- 6 TO 1/4 MILE OR LESS
LOWEST: 50 ON 8 3 = THUNDER
SNOW, ICE PELLETS, HAIL 4 = ICE PELLETS
TOTAL MONTH: 0.0 INCH 5 = HAIL
GRTST 24HR 0.0 6 = FREEZING RAIN OR DRIZZLE
GRTST DEPTH: 0 7 = DUSTSTORM OR SANDSTORM:
VSBY 1/2 MILE OR LESS
8 = SMOKE OR HAZE
[NO. OF DAYS WITH] [WEATHER - DAYS WITH] 9 = BLOWING SNOW
X = TORNADO
MAX 32 OR BELOW: 0 0.01 INCH OR MORE: 2
MAX 90 OR ABOVE: 3 0.10 INCH OR MORE: 1
MIN 32 OR BELOW: 0 0.50 INCH OR MORE: 0
MIN 0 OR BELOW: 0 1.00 INCH OR MORE: 0
[HDD (BASE 65) ]
TOTAL THIS MO. 4 CLEAR (SCALE 0-3) 19
DPTR FM NORMAL -20 PTCLDY (SCALE 4-7) 11
TOTAL FM JUL 1 190 CLOUDY (SCALE 8-10) 1
DPTR FM NORMAL -91
[CDD (BASE 65) ]
TOTAL THIS MO. 214
DPTR FM NORMAL 38 [PRESSURE DATA]
TOTAL FM JAN 1 486 HIGHEST SLP 30.45 ON 9
DPTR FM NORMAL 125 LOWEST SLP 29.89 ON 6
[REMARKS]
#FINAL-03-21#