000
CXUS52 KTBW 021315
CLMFMY
CLIMATE REPORT
NATIONAL WEATHER SERVICE TAMPA BAY FL
915 AM EDT SUN APR 02 2023
...................................
...THE FORT MYERS CLIMATE SUMMARY FOR THE MONTH OF MARCH 2023...
CLIMATE NORMAL PERIOD: 1991 TO 2020
CLIMATE RECORD PERIOD: 1902 TO 2023
WEATHER OBSERVED NORMAL DEPART LAST YEAR`S
VALUE DATE(S) VALUE FROM VALUE DATE(S)
NORMAL
................................................................
TEMPERATURE (F)
ALL-TIME MARCH RECORD
HIGH 94 03/27/2020
LOW 33 03/03/1980
03/02/1920
MARCH 2023
HIGHEST 92 03/06 MM MM 91 03/29
LOWEST 50 03/21 MM MM 45 03/13
AVG. MAXIMUM 86.3 81.1 5.2 86.8
AVG. MINIMUM 64.4 59.6 4.8 64.7
MEAN 75.3 70.3 5.0 75.8
DAYS MAX >= 90 8 0.6 7.4 7
DAYS MAX <= 32 0 0.0 0.0 0
DAYS MIN <= 32 0 0.0 0.0 0
DAYS MIN <= 0 0 0.0 0.0 0
PRECIPITATION (INCHES)
ALL-TIME MARCH RECORD
MAXIMUM 18.58 1970
MINIMUM 0.00 1935
MARCH 2023
TOTALS 0.10 2.07 -1.97 0.43
DAILY AVG. 0.00 0.07 -0.07 0.01
DAYS >= .01 2 5.0 -3.0 3
DAYS >= .10 0 2.9 -2.9 2
DAYS >= .50 0 1.1 -1.1 0
DAYS >= 1.00 0 0.6 -0.6 0
GREATEST
24 HR. TOTAL 0.08 03/19 TO 03/19
DEGREE DAYS
HEATING TOTAL 0 22 -22 4
SINCE 7/1 100 249 -149 MM
COOLING TOTAL 329 187 142 347
SINCE 1/1 745 390 355 MM
................................................................
WIND (MPH)
AVERAGE WIND SPEED 7.9
HIGHEST WIND SPEED/DIRECTION 28/200 DATE 03/03
HIGHEST GUST SPEED/DIRECTION 46/210 DATE 03/03
SKY COVER (DOES NOT INCLUDE ANY CLOUDS ABOVE 12000 FEET)
POSSIBLE SUNSHINE (PERCENT) MM
AVERAGE SKY COVER 0.19
NUMBER OF DAYS FAIR 28
NUMBER OF DAYS PC 2
NUMBER OF DAYS CLOUDY 1
AVERAGE RH (PERCENT) 65
WEATHER CONDITIONS. NUMBER OF DAYS WITH
THUNDERSTORM 1 MIXED PRECIP 0
HEAVY RAIN 0 RAIN 1
LIGHT RAIN 7 FREEZING RAIN 0
LT FREEZING RAIN 0 HAIL 0
HEAVY SNOW 0 SNOW 0
LIGHT SNOW 0 SLEET 0
FOG 10 FOG W/VIS <= 1/4 MILE 1
HAZE 0
- INDICATES NEGATIVE NUMBERS.
R INDICATES RECORD WAS SET OR TIED.
MM INDICATES DATA IS MISSING.
T INDICATES TRACE AMOUNT.
$$