000
CXUS52 KTBW 021250
CLMFMY
CLIMATE REPORT
NATIONAL WEATHER SERVICE TAMPA BAY FL
850 AM EDT THU NOV 02 2023
...................................
...THE FORT MYERS CLIMATE SUMMARY FOR THE MONTH OF OCTOBER 2023...
CLIMATE NORMAL PERIOD: 1991 TO 2020
CLIMATE RECORD PERIOD: 1902 TO 2023
WEATHER OBSERVED NORMAL DEPART LAST YEAR`S
VALUE DATE(S) VALUE FROM VALUE DATE(S)
NORMAL
................................................................
TEMPERATURE (F)
ALL-TIME OCTOBER RECORD
HIGH 95 10/08/2009
10/04/1990
10/01/1986
10/04/1926
LOW 45 10/28/1957
OCTOBER 2023
HIGHEST 93 10/01 MM MM 94 10/11
10/05
10/06
LOWEST 56 10/18 MM MM 58 10/20
AVG. MAXIMUM 87.0 86.6 0.4 86.7
AVG. MINIMUM 69.9 69.4 0.5 69.4
MEAN 78.5 78.0 0.5 78.1
DAYS MAX >= 90 7 6.6 0.4 8
DAYS MAX <= 32 0 0.0 0.0 0
DAYS MIN <= 32 0 0.0 0.0 0
DAYS MIN <= 0 0 0.0 0.0 0
PRECIPITATION (INCHES)
ALL-TIME OCTOBER RECORD
MAXIMUM 19.70 1924
MINIMUM 0.05 1963
OCTOBER 2023
TOTALS 1.90 3.08 -1.18 1.59
DAILY AVG. 0.06 0.10 -0.04 0.05
DAYS >= .01 4 7.7 -3.7 5
DAYS >= .10 4 4.5 -0.5 4
DAYS >= .50 1 1.6 -0.6 2
DAYS >= 1.00 1 0.8 0.2 0
GREATEST
24 HR. TOTAL 1.08 10/12 TO 10/13
DEGREE DAYS
HEATING TOTAL 0 2 -2 0
SINCE 7/1 0 0 0 MM
COOLING TOTAL 426 404 22 400
SINCE 1/1 4556 3699 857 MM
................................................................
WIND (MPH)
AVERAGE WIND SPEED 8.1
HIGHEST WIND SPEED/DIRECTION 24/210 DATE 10/12
HIGHEST GUST SPEED/DIRECTION 40/200 DATE 10/12
SKY COVER (DOES NOT INCLUDE ANY CLOUDS ABOVE 12000 FEET)
POSSIBLE SUNSHINE (PERCENT) MM
AVERAGE SKY COVER 0.22
NUMBER OF DAYS FAIR 24
NUMBER OF DAYS PC 7
NUMBER OF DAYS CLOUDY 0
AVERAGE RH (PERCENT) 72
WEATHER CONDITIONS. NUMBER OF DAYS WITH
THUNDERSTORM 3 MIXED PRECIP 0
HEAVY RAIN 3 RAIN 4
LIGHT RAIN 11 FREEZING RAIN 0
LT FREEZING RAIN 0 HAIL 0
HEAVY SNOW 0 SNOW 0
LIGHT SNOW 0 SLEET 0
FOG 6 FOG W/VIS <= 1/4 MILE 1
HAZE 4
- INDICATES NEGATIVE NUMBERS.
R INDICATES RECORD WAS SET OR TIED.
MM INDICATES DATA IS MISSING.
T INDICATES TRACE AMOUNT.
$$