000
CXUS55 KBOU 010900
CF6FNL
PRELIMINARY LOCAL CLIMATOLOGICAL DATA (WS FORM: F-6)
STATION: FT COLLINS/LOVELAND CO
MONTH: JULY
YEAR: 2023
LATITUDE: 40 27 N
LONGITUDE: 105 1 W
TEMPERATURE IN F: :PCPN: SNOW: WIND :SUNSHINE: SKY :PK WND
================================================================================
1 2 3 4 5 6A 6B 7 8 9 10 11 12 13 14 15 16 17 18
12Z AVG MX 2MIN
DY MAX MIN AVG DEP HDD CDD WTR SNW DPTH SPD SPD DIR MIN PSBL S-S WX SPD DR
================================================================================
1 85 51 68 M 0 3 M M M 5.4 16 240 M M 2 23 30
2 91 55 73 M 0 8 M M M 4.0 10 100 M M 0 M M
3 93 55 74 M 0 9 M M M 5.2 23 260 M M 0 8 38 340
4 84 55 70 M 0 5 M M M 8.6 25 30 M M 4 1238 32 10
5 64 54 59 M 6 0 M M M 7.4 17 70 M M 10 1238 38 100
6 69 61 65 M 0 0 M M M 4.3 14 150 M M 6 1 M M
7 76 55 66 M 0 1 M M M 6.7 18 30 M M 3 3 28 40
8 76 56 66 M 0 1 M M M 6.8 25 90 M M 6 13 33 110
9 M M M M M M M M M 4.1 8 140 M M 2 12 M M
10 90 58 74 M 0 9 M M M 2.7 8 220 M M 0 M M
11 97 67 82 M 0 17 M M M 4.3 9 70 M M 0 16 70
12 91 63 77 M 0 12 M M M 6.1 10 190 M M 0 M M
13 93 63 78 M 0 13 M M M 5.7 17 210 M M 0 24 210
14 84 59 72 M 0 7 M M M 8.6 27 20 M M 1 35 20
15 86 57 72 M 0 7 M M M 5.0 9 320 M M 2 M M
16 90 56 73 M 0 8 M M M 6.8 13 30 M M 0 18 50
17 98 58 78 M 0 13 M M M 7.0 15 90 M M 0 18 340
18 94 63 79 M 0 14 M M M 7.3 20 330 M M 1 35 340
19 85 66 76 M 0 11 M M M 4.5 12 360 M M 3 M M
20 80 57 69 M 0 4 M M M 8.3 21 30 M M 4 13 28 30
21 85 55 70 M 0 5 M M M 4.5 9 110 M M 3 1 M M
22 93 57 75 M 0 10 M M M 4.2 12 80 M M 0 8 M M
23 99 56 78 M 0 13 M M M 5.9 18 10 M M 0 38 23 30
24 99 59 79 M 0 14 M M M 5.6 23 40 M M 0 3 28 80
25 73 65 69 M 0 4 M M M 4.6 9 20 M M 0 M M
26 94 63 79 M 0 14 M M M 6.0 14 150 M M 0 M M
27 97 57 77 M 0 12 M M M 6.3 15 10 M M 1 16 330
28 89 61 75 M 0 10 M M M 7.0 16 120 M M 1 21 300
29 84 55 70 M 0 5 M M M 5.4 13 30 M M 0 M M
30 92 62 77 M 0 12 M M M 4.5 10 50 M M 0 M M
31 91 64 78 M 0 13 M M M 6.6 13 350 M M 4 8 38 310
================================================================================
SM 2622 1763 6 254 M M 179.5 M 53
================================================================================
AV 87.4 58.8 5.8 FASTST M M 2 MAX(MPH)
MISC ----> 27 20 38 310
================================================================================
NOTES:
# LAST OF SEVERAL OCCURRENCES
COLUMN 17 PEAK WIND IN M.P.H.
PRELIMINARY LOCAL CLIMATOLOGICAL DATA (WS FORM: F-6) , PAGE 2
STATION: FT COLLINS/LOVELAND CO
MONTH: JULY
YEAR: 2023
LATITUDE: 40 27 N
LONGITUDE: 105 1 W
[TEMPERATURE DATA] [PRECIPITATION DATA] SYMBOLS USED IN COLUMN 16
AVERAGE MONTHLY: 73.1 TOTAL FOR MONTH: M 1 = FOG OR MIST
DPTR FM NORMAL: 0.0 DPTR FM NORMAL: M 2 = FOG REDUCING VISIBILITY
HIGHEST: 99 ON 24,23 GRTST 24HR 1.28 ON 4- 4 TO 1/4 MILE OR LESS
LOWEST: 51 ON 1 3 = THUNDER
SNOW, ICE PELLETS, HAIL 4 = ICE PELLETS
TOTAL MONTH: M 5 = HAIL
GRTST 24HR M ON M 6 = FREEZING RAIN OR DRIZZLE
GRTST DEPTH: M ON M 7 = DUSTSTORM OR SANDSTORM:
VSBY 1/2 MILE OR LESS
8 = SMOKE OR HAZE
[NO. OF DAYS WITH] [WEATHER - DAYS WITH] 9 = BLOWING SNOW
X = TORNADO
MAX 32 OR BELOW: 0 0.01 INCH OR MORE: 0
MAX 90 OR ABOVE: 16 0.10 INCH OR MORE: 0
MIN 32 OR BELOW: 0 0.50 INCH OR MORE: 0
MIN 0 OR BELOW: 0 1.00 INCH OR MORE: 0
[HDD (BASE 65) ]
TOTAL THIS MO. 6 CLEAR (SCALE 0-3) 24
DPTR FM NORMAL M PTCLDY (SCALE 4-7) 6
TOTAL FM JUL 1 6 CLOUDY (SCALE 8-10) 1
DPTR FM NORMAL M
[CDD (BASE 65) ]
TOTAL THIS MO. 254
DPTR FM NORMAL M [PRESSURE DATA]
TOTAL FM JAN 1 329 HIGHEST SLP 30.18 ON 29
DPTR FM NORMAL M LOWEST SLP 29.86 ON 27
[REMARKS]
#FINAL-07-23#