000
CXUS55 KBOU 011000
CF6FNL
PRELIMINARY LOCAL CLIMATOLOGICAL DATA (WS FORM: F-6)
STATION: FT COLLINS/LOVELAND CO
MONTH: NOVEMBER
YEAR: 2023
LATITUDE: 40 27 N
LONGITUDE: 105 1 W
TEMPERATURE IN F: :PCPN: SNOW: WIND :SUNSHINE: SKY :PK WND
================================================================================
1 2 3 4 5 6A 6B 7 8 9 10 11 12 13 14 15 16 17 18
12Z AVG MX 2MIN
DY MAX MIN AVG DEP HDD CDD WTR SNW DPTH SPD SPD DIR MIN PSBL S-S WX SPD DR
================================================================================
1 61 26 44 M 21 0 M M M 4.8 8 140 M M 0 M M
2 69 26 48 M 17 0 M M M 4.4 12 240 M M 0 M M
3 71 40 56 M 9 0 M M M 5.4 13 130 M M 2 M M
4 67 37 52 M 13 0 M M M 6.7 13 160 M M 0 16 190
5 77 36 57 M 8 0 M M M 6.5 20 230 M M 0 25 230
6 70 38 54 M 11 0 M M M 4.8 12 150 M M 0 M M
7 73 32 53 M 12 0 M M M 5.9 17 100 M M 0 M M
8 48 34 41 M 24 0 M M M 7.8 17 30 M M 8 30 20
9 52 22 37 M 28 0 M M M 5.7 10 130 M M 0 1 M M
10 56 19 38 M 27 0 M M M 6.4 14 180 M M 0 M M
11 62 23 43 M 22 0 M M M 4.0 9 170 M M 0 M M
12 64 27 46 M 19 0 M M M 4.8 9 160 M M 0 M M
13 65 25 45 M 20 0 M M M 4.0 8 20 M M 0 M M
14 71 35 53 M 12 0 M M M 5.0 12 40 M M 0 M M
15 66 32 49 M 16 0 M M M 4.6 8 30 M M 0 M M
16 68 34 51 M 14 0 M M M 7.3 20 110 M M 2 32 270
17 61 30 46 M 19 0 M M M 4.2 9 110 M M 1 M M
18 61 28 45 M 20 0 M M M 4.6 16 300 M M 2 32 270
19 59 34 47 M 18 0 M M M 7.2 17 330 M M 4 30 340
20 50 36 43 M 22 0 M M M 17.7 25 340 M M 6 33 340
21 56 25 41 M 24 0 M M M 5.1 12 40 M M 0 M M
22 70 27 49 M 16 0 M M M 2.9 9 80 M M 0 M M
23 40 22 31 M 34 0 M M M 9.0 17 90 M M 6 1 M M
24 22 15 19 M 46 0 M M M 9.5 15 130 M M 10 1 M M
25 26 8 17 M 48 0 M M M 5.4 9 10 M M 8 12 M M
26 35 10 23 M 42 0 M M M 3.7 8 180 M M 0 12 M M
27 41 9 25 M 40 0 M M M 3.9 9 200 M M 0 M M
28 45 14 30 M 35 0 M M M 3.0 8 120 M M 0 1 M M
29 49 19 34 M 31 0 M M M 3.3 7 210 M M 0 M M
30 37 20 29 M 36 0 M M M 3.1 6 160 M M 1 M M
================================================================================
SM 1692 783 704 0 M M 170.7 M 50
================================================================================
AV 56.4 26.1 5.7 FASTST M M 2 MAX(MPH)
MISC ----> 25 340 33 340
================================================================================
NOTES:
# LAST OF SEVERAL OCCURRENCES
COLUMN 17 PEAK WIND IN M.P.H.
PRELIMINARY LOCAL CLIMATOLOGICAL DATA (WS FORM: F-6) , PAGE 2
STATION: FT COLLINS/LOVELAND CO
MONTH: NOVEMBER
YEAR: 2023
LATITUDE: 40 27 N
LONGITUDE: 105 1 W
[TEMPERATURE DATA] [PRECIPITATION DATA] SYMBOLS USED IN COLUMN 16
AVERAGE MONTHLY: 41.3 TOTAL FOR MONTH: M 1 = FOG OR MIST
DPTR FM NORMAL: 0.0 DPTR FM NORMAL: M 2 = FOG REDUCING VISIBILITY
HIGHEST: 77 ON 5 GRTST 24HR 0.21 ON 28-28 TO 1/4 MILE OR LESS
LOWEST: 8 ON 25 3 = THUNDER
SNOW, ICE PELLETS, HAIL 4 = ICE PELLETS
TOTAL MONTH: M 5 = HAIL
GRTST 24HR M ON M 6 = FREEZING RAIN OR DRIZZLE
GRTST DEPTH: M ON M 7 = DUSTSTORM OR SANDSTORM:
VSBY 1/2 MILE OR LESS
8 = SMOKE OR HAZE
[NO. OF DAYS WITH] [WEATHER - DAYS WITH] 9 = BLOWING SNOW
X = TORNADO
MAX 32 OR BELOW: 2 0.01 INCH OR MORE: 0
MAX 90 OR ABOVE: 0 0.10 INCH OR MORE: 0
MIN 32 OR BELOW: 21 0.50 INCH OR MORE: 0
MIN 0 OR BELOW: 0 1.00 INCH OR MORE: 0
[HDD (BASE 65) ]
TOTAL THIS MO. 704 CLEAR (SCALE 0-3) 24
DPTR FM NORMAL M PTCLDY (SCALE 4-7) 4
TOTAL FM JUL 1 1146 CLOUDY (SCALE 8-10) 2
DPTR FM NORMAL M
[CDD (BASE 65) ]
TOTAL THIS MO. 0
DPTR FM NORMAL M [PRESSURE DATA]
TOTAL FM JAN 1 663 HIGHEST SLP 30.54 ON 21
DPTR FM NORMAL M LOWEST SLP 29.58 ON 7
[REMARKS]
#FINAL-11-23#