000
CXUS53 KDTX 010635
CF6FNT
PRELIMINARY LOCAL CLIMATOLOGICAL DATA (WS FORM: F-6)
STATION: FLINT MI
MONTH: MAY
YEAR: 2021
LATITUDE: 42 58 N
LONGITUDE: 83 44 W
TEMPERATURE IN F: :PCPN: SNOW: WIND :SUNSHINE: SKY :PK WND
================================================================================
1 2 3 4 5 6A 6B 7 8 9 10 11 12 13 14 15 16 17 18
12Z AVG MX 2MIN
DY MAX MIN AVG DEP HDD CDD WTR SNW DPTH SPD SPD DIR MIN PSBL S-S WX SPD DR
================================================================================
1 69 25 47 -5 18 0 T 0.0 0 10.7 23 200 M M 1 37 190
2 82 66 74 22 0 9 T 0.0 0 13.4 23 230 M M 2 33 230
3 69 54 62 9 3 0 0.15 0.0 0 6.1 16 210 M M 9 1 26 240
4 62 46 54 1 11 0 0.08 0.0 0 11.4 21 270 M M 9 1 26 270
5 57 40 49 -5 16 0 0.00 0.0 0 9.6 20 310 M M 6 24 330
6 51 31 41 -13 24 0 0.07 0.0 0 3.3 10 160 M M 8 1 15 170
7 54 35 45 -9 20 0 0.19 T 0 8.1 24 280 M M 8 1235 30 280
8 55 36 46 -9 19 0 T 0.0 0 6.1 16 300 M M 6 1 22 340
9 53 36 45 -10 20 0 T 0.0 0 3.5 17 40 M M 4 21 40
10 56 31 44 -11 21 0 0.00 0.0 0 8.9 18 300 M M 5 24 300
11 55 31 43 -13 22 0 0.00 0.0 0 9.6 21 330 M M 3 29 350
12 64 35 50 -6 15 0 0.00 0.0 0 4.6 15 20 M M 0 20 10
13 68 32 50 -6 15 0 0.00 0.0 0 2.6 15 270 M M 0 19 300
14 73 35 54 -3 11 0 0.00 0.0 0 3.0 12 270 M M 1 8 17 270
15 72 38 55 -2 10 0 0.00 0.0 0 4.3 16 280 M M 5 23 280
16 69 49 59 1 6 0 0.10 0.0 0 3.9 12 180 M M 8 1 16 230
17 76 48 62 4 3 0 0.00 0.0 0 5.8 13 170 M M 2 20 190
18 79 45 62 4 3 0 0.00 0.0 0 6.5 17 170 M M 0 24 150
19 83 56 70 11 0 5 0.00 0.0 0 7.7 17 170 M M 3 26 180
20 86 63 75 16 0 10 0.00 0.0 0 5.7 13 170 M M 4 18 180
21 86 64 75 16 0 10 0.00 0.0 0 8.2 18 220 M M 1 24 210
22 85 64 75 15 0 10 0.04 0.0 0 6.8 17 280 M M 5 24 280
23 81 52 67 7 0 2 0.46 0.0 0 8.7 17 360 M M 9 1 21 360
24 82 54 68 8 0 3 0.01 0.0 0 2.8 10 180 M M 7 8 14 170
25 87 68 78 17 0 13 T 0.0 0 10.4 23 230 M M 3 34 230
26 77 55 66 5 0 1 0.31 0.0 0 11.6 25 290 M M 5 1 39 270
27 62 41 52 -9 13 0 0.02 0.0 0 9.5 23 70 M M 2 29 70
28 48 41 45 -17 20 0 0.34 0.0 0 16.2 25 50 M M 8 1 36 50
29 63 38 51 -11 14 0 0.00 0.0 0 11.6 24 70 M M 0 32 40
30 70 34 52 -10 13 0 0.00 0.0 0 2.6 12 300 M M 0 15 280
31 73 43 58 -5 7 0 0.00 0.0 0 6.2 15 220 M M 1 20 240
================================================================================
SM 2147 1386 304 63 1.77 T 229.4 M 125
================================================================================
AV 69.3 44.7 7.4 FASTST M M 4 MAX(MPH)
MISC ----> # 25 290 39 270
================================================================================
NOTES:
# LAST OF SEVERAL OCCURRENCES
COLUMN 17 PEAK WIND IN M.P.H.
PRELIMINARY LOCAL CLIMATOLOGICAL DATA (WS FORM: F-6) , PAGE 2
STATION: FLINT MI
MONTH: MAY
YEAR: 2021
LATITUDE: 42 58 N
LONGITUDE: 83 44 W
[TEMPERATURE DATA] [PRECIPITATION DATA] SYMBOLS USED IN COLUMN 16
AVERAGE MONTHLY: 57.0 TOTAL FOR MONTH: 1.77 1 = FOG OR MIST
DPTR FM NORMAL: -0.4 DPTR FM NORMAL: -1.91 2 = FOG REDUCING VISIBILITY
HIGHEST: 87 ON 25 GRTST 24HR 0.47 ON 23-24 TO 1/4 MILE OR LESS
LOWEST: 25 ON 1 3 = THUNDER
SNOW, ICE PELLETS, HAIL 4 = ICE PELLETS
TOTAL MONTH: T 5 = HAIL
GRTST 24HR T ON 7- 7 6 = FREEZING RAIN OR DRIZZLE
GRTST DEPTH: 0 7 = DUSTSTORM OR SANDSTORM:
VSBY 1/2 MILE OR LESS
8 = SMOKE OR HAZE
[NO. OF DAYS WITH] [WEATHER - DAYS WITH] 9 = BLOWING SNOW
X = TORNADO
MAX 32 OR BELOW: 0 0.01 INCH OR MORE: 11
MAX 90 OR ABOVE: 0 0.10 INCH OR MORE: 6
MIN 32 OR BELOW: 5 0.50 INCH OR MORE: 0
MIN 0 OR BELOW: 0 1.00 INCH OR MORE: 0
[HDD (BASE 65) ]
TOTAL THIS MO. 304 CLEAR (SCALE 0-3) 14
DPTR FM NORMAL 36 PTCLDY (SCALE 4-7) 14
TOTAL FM JUL 1 6047 CLOUDY (SCALE 8-10) 3
DPTR FM NORMAL -745
[CDD (BASE 65) ]
TOTAL THIS MO. 63
DPTR FM NORMAL 29 [PRESSURE DATA]
TOTAL FM JAN 1 67 HIGHEST SLP M ON M
DPTR FM NORMAL 30 LOWEST SLP 29.56 ON 4
[REMARKS]
#FINAL-05-21#