000
CXUS53 KDTX 010635
CF6FNT
PRELIMINARY LOCAL CLIMATOLOGICAL DATA (WS FORM: F-6)
STATION: FLINT MI
MONTH: AUGUST
YEAR: 2020
LATITUDE: 42 58 N
LONGITUDE: 83 44 W
TEMPERATURE IN F: :PCPN: SNOW: WIND :SUNSHINE: SKY :PK WND
================================================================================
1 2 3 4 5 6A 6B 7 8 9 10 11 12 13 14 15 16 17 18
12Z AVG MX 2MIN
DY MAX MIN AVG DEP HDD CDD WTR SNW DPTH SPD SPD DIR MIN PSBL S-S WX SPD DR
================================================================================
1 78 58 68 -2 0 3 T 0.0 0 4.6 10 180 M M 3 14 100
2 74 63 69 -1 0 4 0.96 0.0 0 8.5 20 290 M M 7 1 24 300
3 78 62 70 0 0 5 0.11 0.0 0 7.3 17 360 M M 7 13 24 360
4 68 56 62 -8 3 0 0.24 0.0 0 7.2 18 350 M M 10 1 22 340
5 75 49 62 -8 3 0 0.00 0.0 0 6.1 17 280 M M 2 1 22 240
6 77 48 63 -7 2 0 0.00 0.0 0 2.1 12 50 M M 1 1 16 100
7 81 49 65 -5 0 0 0.00 0.0 0 1.5 8 280 M M 2 13 160
8 81 54 68 -2 0 3 0.00 0.0 0 4.9 14 220 M M 0 1 20 250
9 87 67 77 7 0 12 0.00 0.0 0 8.0 16 210 M M 1 24 230
10 87 71 79 9 0 14 0.00 0.0 0 7.9 14 230 M M 1 21 200
11 81 58 70 0 0 5 0.00 0.0 0 6.5 15 250 M M 4 21 240
12 88 52 70 1 0 5 0.00 0.0 0 2.3 10 360 M M 0 12 260
13 85 53 69 0 0 4 0.00 0.0 0 3.9 14 100 M M 0 1 19 100
14 86 61 74 5 0 9 0.00 0.0 0 6.9 18 100 M M 3 3 25 110
15 88 62 75 6 0 10 0.15 0.0 0 4.6 13 190 M M 2 8 17 190
16 79 58 69 0 0 4 0.15 0.0 0 6.8 18 340 M M 4 13 25 340
17 80 55 68 -1 0 3 0.00 0.0 0 5.4 16 300 M M 2 23 330
18 76 52 64 -5 1 0 0.00 0.0 0 8.0 17 340 M M 3 8 24 360
19 75 47 61 -8 4 0 0.00 0.0 0 3.5 13 330 M M 2 17 330
20 82 53 68 -1 0 3 0.00 0.0 0 7.5 16 230 M M 0 23 220
21 86 58 72 4 0 7 0.00 0.0 0 5.8 15 270 M M 0 20 290
22 87 56 72 4 0 7 0.00 0.0 0 3.2 12 210 M M 0 16 210
23 87 60 74 6 0 9 0.00 0.0 0 5.0 16 260 M M 0 1 21 260
24 90 59 75 7 0 10 0.00 0.0 0 6.8 17 270 M M 1 24 270
25 84 60 72 4 0 7 0.00 0.0 0 6.2 15 280 M M 1 1 21 330
26 83 63 73 5 0 8 0.58 0.0 0 6.0 15 200 M M 6 13 19 190
27 89 69 79 12 0 14 0.00 0.0 0 9.9 24 270 M M 1 3 33 280
28 81 68 75 8 0 10 1.92 0.0 0 6.7 21 160 M M 7 138 27 160
29 76 58 67 0 0 2 0.06 0.0 0 13.8 23 290 M M 6 13 32 300
30 72 53 63 -4 2 0 0.00 0.0 0 5.2 13 330 M M 4 17 350
31 78 53 66 0 0 1 0.00 0.0 0 7.1 15 170 M M 2 23 140
================================================================================
SM 2519 1785 15 159 4.17 0.0 189.2 M 82
================================================================================
AV 81.3 57.6 6.1 FASTST M M 3 MAX(MPH)
MISC ----> 24 270 33 280
================================================================================
NOTES:
# LAST OF SEVERAL OCCURRENCES
COLUMN 17 PEAK WIND IN M.P.H.
PRELIMINARY LOCAL CLIMATOLOGICAL DATA (WS FORM: F-6) , PAGE 2
STATION: FLINT MI
MONTH: AUGUST
YEAR: 2020
LATITUDE: 42 58 N
LONGITUDE: 83 44 W
[TEMPERATURE DATA] [PRECIPITATION DATA] SYMBOLS USED IN COLUMN 16
AVERAGE MONTHLY: 69.4 TOTAL FOR MONTH: 4.17 1 = FOG OR MIST
DPTR FM NORMAL: 0.6 DPTR FM NORMAL: 0.99 2 = FOG REDUCING VISIBILITY
HIGHEST: 90 ON 24 GRTST 24HR 1.98 ON 28-29 TO 1/4 MILE OR LESS
LOWEST: 47 ON 19 3 = THUNDER
SNOW, ICE PELLETS, HAIL 4 = ICE PELLETS
TOTAL MONTH: 0.0 INCH 5 = HAIL
GRTST 24HR 0.0 6 = FREEZING RAIN OR DRIZZLE
GRTST DEPTH: 0 7 = DUSTSTORM OR SANDSTORM:
VSBY 1/2 MILE OR LESS
8 = SMOKE OR HAZE
[NO. OF DAYS WITH] [WEATHER - DAYS WITH] 9 = BLOWING SNOW
X = TORNADO
MAX 32 OR BELOW: 0 0.01 INCH OR MORE: 8
MAX 90 OR ABOVE: 1 0.10 INCH OR MORE: 7
MIN 32 OR BELOW: 0 0.50 INCH OR MORE: 3
MIN 0 OR BELOW: 0 1.00 INCH OR MORE: 1
[HDD (BASE 65) ]
TOTAL THIS MO. 15 CLEAR (SCALE 0-3) 21
DPTR FM NORMAL -14 PTCLDY (SCALE 4-7) 9
TOTAL FM JUL 1 15 CLOUDY (SCALE 8-10) 1
DPTR FM NORMAL -33
[CDD (BASE 65) ]
TOTAL THIS MO. 159
DPTR FM NORMAL 13 [PRESSURE DATA]
TOTAL FM JAN 1 751 HIGHEST SLP M ON M
DPTR FM NORMAL 274 LOWEST SLP 29.53 ON 29
[REMARKS]
#FINAL-08-20#