000
CXUS53 KDTX 080843
CF6FNT
PRELIMINARY LOCAL CLIMATOLOGICAL DATA (WS FORM: F-6)
STATION: FLINT MI
MONTH: AUGUST
YEAR: 2023
LATITUDE: 42 58 N
LONGITUDE: 83 44 W
TEMPERATURE IN F: :PCPN: SNOW: WIND :SUNSHINE: SKY :PK WND
================================================================================
1 2 3 4 5 6A 6B 7 8 9 10 11 12 13 14 15 16 17 18
12Z AVG MX 2MIN
DY MAX MIN AVG DEP HDD CDD WTR SNW DPTH SPD SPD DIR MIN PSBL S-S WX SPD DR
================================================================================
1 79 55 67 -4 0 2 0.00 0.0 0 2.6 9 260 M M 2 1 12 260
2 83 60 72 2 0 7 0.00 0.0 0 6.3 14 220 M M 3 1 20 210
3 87 64 76 6 0 11 0.00 0.0 0 7.9 16 260 M M 1 22 240
4 83 63 73 3 0 8 0.00 0.0 0 7.4 14 60 M M 1 18 70
5 78 60 69 -1 0 4 0.00 0.0 0 7.4 13 80 M M 1 19 80
6 66 59 63 -7 2 0 0.44 0.0 0 9.3 17 50 M M 8 1 23 50
7 76 59 68 -2 0 3 0.03 0.0 0 8.1 18 340 M M 7 1 29 330
8 83 58 71 1 0 6 T 0.0 0 8.3 20 270 M M 1 3 24 270
9 83 58 71 1 0 6 0.00 0.0 0 5.0 14 270 M M 1 1 19 260
10 83 57 70 0 0 5 0.00 0.0 0 8.7 22 270 M M 2 1 29 280
11 77 50 64 -6 1 0 0.95 0.0 0 6.2 23 310 M M 3 13 36 300
12 82 62 72 2 0 7 0.06 0.0 0 9.2 20 300 M M 3 13 27 320
13 78 59 69 -1 0 4 0.00 0.0 0 5.5 15 290 M M 2 22 260
14 77 62 70 0 0 5 0.34 0.0 0 9.9 20 50 M M 7 1 27 50
15 70 59 65 -5 0 0 1.18 0.0 0 10.2 21 60 M M 8 13 27 50
16 80 52 66 -3 0 1 0.00 0.0 0 5.5 12 220 M M 2 12 17 250
17 73 57 65 -4 0 0 0.73 0.0 0 10.6 23 320 M M 5 13 34 250
18 73 52 63 -6 2 0 0.00 0.0 0 10.8 24 300 M M 1 35 300
19 77 48 63 -6 2 0 0.00 0.0 0 4.7 13 210 M M 0 1 19 200
20 87 62 75 6 0 10 0.00 0.0 0 6.5 15 350 M M 1 22 320
21 80 61 71 2 0 6 0.00 0.0 0 8.4 15 30 M M 2 19 20
22 74 55 65 -3 0 0 T 0.0 0 5.1 13 100 M M 7 17 100
23 80 65 73 5 0 8 0.27 0.0 0 8.4 20 170 M M 9 13 26 150
24 83 70 77 9 0 12 1.69 0.0 0 6.1 15 20 M M 9 13 20 210
25 76 64 70 2 0 5 0.00 0.0 0 9.2 9 20 M M 8 1 9 20
26 76 56 66 -2 0 1 0.00 0.0 0 12.0 17 20 M M 6 1 17 20
27 73 51 62 -6 3 0 0.00 0.0 0 8.1 13 50 M M 0 13 50
28 75 46 61 -6 4 0 0.00 0.0 0 2.5 7 310 M M 0 1 7 310
29 77 50 64 -3 1 0 0.01 0.0 0 9.4 18 340 M M 4 13 26 330
30 69 50 60 -7 5 0 0.00 0.0 0 6.0 18 20 M M 5 24 10
31 74 42 58 -9 7 0 0.00 0.0 0 1.8 8 120 M M 0 1 11 140
================================================================================
SM 2412 1766 27 111 5.70 0.0 227.1 M 109
================================================================================
AV 77.8 57.0 7.3 FASTST M M 4 MAX(MPH)
MISC ----> 24 300 36 300
================================================================================
NOTES:
# LAST OF SEVERAL OCCURRENCES
COLUMN 17 PEAK WIND IN M.P.H.
PRELIMINARY LOCAL CLIMATOLOGICAL DATA (WS FORM: F-6) , PAGE 2
STATION: FLINT MI
MONTH: AUGUST
YEAR: 2023
LATITUDE: 42 58 N
LONGITUDE: 83 44 W
[TEMPERATURE DATA] [PRECIPITATION DATA] SYMBOLS USED IN COLUMN 16
AVERAGE MONTHLY: 67.4 TOTAL FOR MONTH: 5.70 1 = FOG OR MIST
DPTR FM NORMAL: -1.7 DPTR FM NORMAL: 2.54 2 = FOG REDUCING VISIBILITY
HIGHEST: 87 ON 20, 3 GRTST 24HR 1.85 ON 23-24 TO 1/4 MILE OR LESS
LOWEST: 42 ON 31 3 = THUNDER
SNOW, ICE PELLETS, HAIL 4 = ICE PELLETS
TOTAL MONTH: 0.0 INCH 5 = HAIL
GRTST 24HR 0.0 6 = FREEZING RAIN OR DRIZZLE
GRTST DEPTH: 0 7 = DUSTSTORM OR SANDSTORM:
VSBY 1/2 MILE OR LESS
8 = SMOKE OR HAZE
[NO. OF DAYS WITH] [WEATHER - DAYS WITH] 9 = BLOWING SNOW
X = TORNADO
MAX 32 OR BELOW: 0 0.01 INCH OR MORE: 10
MAX 90 OR ABOVE: 0 0.10 INCH OR MORE: 7
MIN 32 OR BELOW: 0 0.50 INCH OR MORE: 4
MIN 0 OR BELOW: 0 1.00 INCH OR MORE: 2
[HDD (BASE 65) ]
TOTAL THIS MO. 27 CLEAR (SCALE 0-3) 19
DPTR FM NORMAL 2 PTCLDY (SCALE 4-7) 9
TOTAL FM JUL 1 27 CLOUDY (SCALE 8-10) 3
DPTR FM NORMAL -11
[CDD (BASE 65) ]
TOTAL THIS MO. 111
DPTR FM NORMAL -41 [PRESSURE DATA]
TOTAL FM JAN 1 455 HIGHEST SLP 30.32 ON 22
DPTR FM NORMAL -49 LOWEST SLP 29.63 ON 17
[REMARKS]
#FINAL-08-23#