000
CXUS54 KTSA 021103
CF6FSM
PRELIMINARY LOCAL CLIMATOLOGICAL DATA (WS FORM: F-6)
STATION: FORT SMITH ARKANSAS
MONTH: APRIL
YEAR: 2021
LATITUDE: 35 19 N
LONGITUDE: 94 22 W
TEMPERATURE IN F: :PCPN: SNOW: WIND :SUNSHINE: SKY :PK WND
================================================================================
1 2 3 4 5 6A 6B 7 8 9 10 11 12 13 14 15 16 17 18
12Z AVG MX 2MIN
DY MAX MIN AVG DEP HDD CDD WTR SNW DPTH SPD SPD DIR MIN PSBL S-S WX SPD DR
================================================================================
1 63 32 48 -10 17 0 0.00 0.0 0 4.9 17 300 M M 0 26 300
2 66 36 51 -7 14 0 0.00 0.0 0 7.5 15 140 M M 2 8 21 160
3 71 44 58 0 7 0 0.00 0.0 0 5.4 10 220 M M 4 8 15 200
4 74 42 58 0 7 0 0.00 0.0 0 4.6 16 240 M M 4 8 20 240
5 81 53 67 8 0 2 0.00 0.0 0 5.8 17 200 M M 6 22 190
6 76 54 65 6 0 0 0.00 0.0 0 7.7 17 150 M M 6 27 170
7 75 50 63 4 2 0 T 0.0 0 11.9 28 280 M M 5 3 38 260
8 79 47 63 4 2 0 0.00 0.0 0 13.7 29 270 M M 0 37 270
9 79 49 64 4 1 0 0.27 0.0 0 6.7 35 340 M M 2 13 48 350
10 64 50 57 -3 8 0 0.00 0.0 0 13.7 23 280 M M 6 31 280
11 82 41 62 2 3 0 0.00 0.0 0 5.6 17 250 M M 0 29 270
12 83 50 67 6 0 2 0.01 0.0 0 5.3 21 360 M M 2 3 27 350
13 75 54 65 4 0 0 0.05 0.0 0 9.2 23 60 M M 5 3 27 60
14 63 54 59 -2 6 0 1.24 0.0 0 5.8 21 50 M M 10 13 26 70
15 68 52 60 -2 5 0 0.02 0.0 0 4.8 13 50 M M 5 16 120
16 58 50 54 -8 11 0 0.43 0.0 0 6.5 16 80 M M 10 1 22 110
17 56 45 51 -11 14 0 T 0.0 0 7.2 18 340 M M 10 24 340
18 66 39 53 -9 12 0 T 0.0 0 6.1 22 280 M M 3 27 270
19 74 38 56 -7 9 0 0.00 0.0 0 3.0 14 260 M M 0 1 23 310
20 53 36 45 -18 20 0 0.00 0.0 0 9.7 22 350 M M 4 30 350
21 62 31 47 -16 18 0 0.00 0.0 0 6.9 18 290 M M 2 12 25 270
22 64 38 51 -13 14 0 0.02 0.0 0 4.4 13 80 M M 7 16 70
23 67 50 59 -5 6 0 1.12 0.0 0 11.1 22 50 M M 10 13 28 40
24 70 50 60 -4 5 0 0.83 0.0 0 7.7 25 50 M M 7 1 32 60
25 80 46 63 -1 2 0 0.00 0.0 0 6.4 15 170 M M 2 12 23 130
26 85 54 70 5 0 5 0.00 0.0 0 6.8 17 150 M M 0 24 150
27 77 59 68 3 0 3 T 0.0 0 4.9 14 190 M M 3 19 190
28 72 67 70 5 0 5 2.51 0.0 0 5.8 16 110 M M 9 13 23 90
29 75 59 67 2 0 2 0.79 0.0 0 6.6 16 330 M M 6 13 23 340
30 81 51 66 0 0 1 0.00 0.0 0 3.9 13 150 M M 0 19 130
================================================================================
SM 2139 1421 183 20 7.29 0.0 209.6 M 130
================================================================================
AV 71.3 47.4 7.0 FASTST M M 4 MAX(MPH)
MISC ----> 35 340 48 350
================================================================================
NOTES:
# LAST OF SEVERAL OCCURRENCES
COLUMN 17 PEAK WIND IN M.P.H.
PRELIMINARY LOCAL CLIMATOLOGICAL DATA (WS FORM: F-6) , PAGE 2
STATION: FORT SMITH ARKANSAS
MONTH: APRIL
YEAR: 2021
LATITUDE: 35 19 N
LONGITUDE: 94 22 W
[TEMPERATURE DATA] [PRECIPITATION DATA] SYMBOLS USED IN COLUMN 16
AVERAGE MONTHLY: 59.3 TOTAL FOR MONTH: 7.29 1 = FOG OR MIST
DPTR FM NORMAL: -2.3 DPTR FM NORMAL: 2.99 2 = FOG REDUCING VISIBILITY
HIGHEST: 85 ON 26 GRTST 24HR 3.06 ON 28-29 TO 1/4 MILE OR LESS
LOWEST: 31 ON 21 3 = THUNDER
SNOW, ICE PELLETS, HAIL 4 = ICE PELLETS
TOTAL MONTH: 0.0 INCH 5 = HAIL
GRTST 24HR 0.0 6 = FREEZING RAIN OR DRIZZLE
GRTST DEPTH: 0 7 = DUSTSTORM OR SANDSTORM:
VSBY 1/2 MILE OR LESS
8 = SMOKE OR HAZE
[NO. OF DAYS WITH] [WEATHER - DAYS WITH] 9 = BLOWING SNOW
X = TORNADO
MAX 32 OR BELOW: 0 0.01 INCH OR MORE: 11
MAX 90 OR ABOVE: 0 0.10 INCH OR MORE: 7
MIN 32 OR BELOW: 2 0.50 INCH OR MORE: 5
MIN 0 OR BELOW: 0 1.00 INCH OR MORE: 3
[HDD (BASE 65) ]
TOTAL THIS MO. 183 CLEAR (SCALE 0-3) 13
DPTR FM NORMAL 27 PTCLDY (SCALE 4-7) 12
TOTAL FM JUL 1 3127 CLOUDY (SCALE 8-10) 5
DPTR FM NORMAL -87
[CDD (BASE 65) ]
TOTAL THIS MO. 20
DPTR FM NORMAL -34 [PRESSURE DATA]
TOTAL FM JAN 1 34 HIGHEST SLP 30.60 ON 1
DPTR FM NORMAL -32 LOWEST SLP 29.55 ON 9
[REMARKS]
#FINAL-04-21#