000
CDUS44 KTSA 090810
CLIFSM

CLIMATE REPORT
NATIONAL WEATHER SERVICE TULSA OK
302 AM CDT TUE SEP 9 2014


...................................

...THE FORT SMITH ARKANSAS CLIMATE SUMMARY FOR SEPTEMBER 8 2014...

CLIMATE NORMAL PERIOD 1981 TO 2010
CLIMATE RECORD PERIOD 1882 TO 2014


WEATHER ITEM   OBSERVED TIME   RECORD YEAR NORMAL DEPARTURE LAST
                VALUE   (LST)  VALUE       VALUE  FROM      YEAR
                                                  NORMAL
..................................................................
TEMPERATURE (F)
 YESTERDAY
  MAXIMUM         88    326 PM 102    1925  88      0       99
  MINIMUM         72    656 AM  49    1956  66      6       70
  AVERAGE         80                        77      3       85

PRECIPITATION (IN)
  YESTERDAY        0.00          1.61 1942   0.12  -0.12     0.00
  MONTH TO DATE    2.12                      0.98   1.14      T
  SINCE SEP 1      2.12                      0.98   1.14      T
  SINCE JAN 1     25.57                     30.34  -4.77    34.87

DEGREE DAYS
 HEATING
  YESTERDAY        0                         0      0        0
  MONTH TO DATE    0                         0      0        0
  SINCE SEP 1      0                         0      0        0
  SINCE JUL 1      0                         0      0        0

 COOLING
  YESTERDAY       15                        12      3       20
  MONTH TO DATE  123                       105     18      144
  SINCE SEP 1    123                       105     18      144
  SINCE JAN 1   1786                      1800    -14     1947
..................................................................


WIND (MPH)
  HIGHEST WIND SPEED    10   HIGHEST WIND DIRECTION     S (200)
  HIGHEST GUST SPEED    13   HIGHEST GUST DIRECTION     S (200)
  AVERAGE WIND SPEED     4.0


SKY COVER
  POSSIBLE SUNSHINE  MM
  AVERAGE SKY COVER 0.6


WEATHER CONDITIONS
 THE FOLLOWING WEATHER WAS RECORDED YESTERDAY.
  NO SIGNIFICANT WEATHER WAS OBSERVED.


RELATIVE HUMIDITY (PERCENT)
 HIGHEST    93           400 AM
 LOWEST     53           500 PM
 AVERAGE    73

..........................................................


THE FORT SMITH ARKANSAS CLIMATE NORMALS FOR TODAY
                         NORMAL    RECORD    YEAR
 MAXIMUM TEMPERATURE (F)   88       100      1939
                                             1884
 MINIMUM TEMPERATURE (F)   65        48      1956


SUNRISE AND SUNSET
SEPTEMBER  9 2014.....SUNRISE   656 AM CDT   SUNSET   733 PM CDT
SEPTEMBER 10 2014.....SUNRISE   657 AM CDT   SUNSET   732 PM CDT


-  INDICATES NEGATIVE NUMBERS.
R  INDICATES RECORD WAS SET OR TIED.
MM INDICATES DATA IS MISSING.
T  INDICATES TRACE AMOUNT.




$$

&&
...........................................................

THE ARKANSAS RIVER AT VAN BUREN

                   OBSERVED      24 HOUR     24 HOUR
                    VALUE        CHANGE      FORECAST

 STAGE (FEET)
  THIS MORNING       19.3         -0.4

MEAN FLOW (CFS)
  TODAY                                        6000
...........................................................
ALL DATA MEASURED AT THE FORT SMITH REGIONAL AIRPORT
