000
CDUS44 KTSA 060922
CLIFSM

CLIMATE REPORT
NATIONAL WEATHER SERVICE TULSA OK
320 AM CST FRI JAN 6 2017

...................................

...THE FORT SMITH ARKANSAS CLIMATE SUMMARY FOR JANUARY 5 2017...

CLIMATE NORMAL PERIOD 1981 TO 2010
CLIMATE RECORD PERIOD 1882 TO 2017


WEATHER ITEM   OBSERVED TIME   RECORD YEAR NORMAL DEPARTURE LAST
                VALUE   (LST)  VALUE       VALUE  FROM      YEAR
                                                  NORMAL
..................................................................
TEMPERATURE (F)
 YESTERDAY
  MAXIMUM         35   1252 PM  73    1916  49    -14       45
  MINIMUM         22   1159 PM  -5    1884  29     -7       27
  AVERAGE         29                        39    -10       36

PRECIPITATION (IN)
  YESTERDAY        0.00          1.00 1998   0.09  -0.09     0.00
  MONTH TO DATE    0.01                      0.45  -0.44     0.00
  SINCE DEC 1      0.78                      3.74  -2.96    10.81
  SINCE JAN 1      0.01                      0.45  -0.44     0.00

SNOWFALL (IN)
  YESTERDAY        0.0                                       0.0
  MONTH TO DATE    0.0                                       0.0
  SINCE DEC 1      T                                         0.0
  SINCE JUL 1      T                                         0.0

DEGREE DAYS
 HEATING
  YESTERDAY       36                        26     10       29
  MONTH TO DATE  124                       130     -6      134
  SINCE DEC 1    817                       864    -47      611
  SINCE JUL 1   1103                      1429   -326      968
..................................................................


WIND (MPH)
  HIGHEST WIND SPEED    20   HIGHEST WIND DIRECTION     N (360)
  HIGHEST GUST SPEED    23   HIGHEST GUST DIRECTION     N (360)
  AVERAGE WIND SPEED    10.7


SKY COVER
  POSSIBLE SUNSHINE  MM
  AVERAGE SKY COVER 0.7


WEATHER CONDITIONS
 THE FOLLOWING WEATHER WAS RECORDED YESTERDAY.
  NO SIGNIFICANT WEATHER WAS OBSERVED.


RELATIVE HUMIDITY (PERCENT)
 HIGHEST    61           800 AM
 LOWEST     51           400 AM
 AVERAGE    56

..........................................................


THE FORT SMITH ARKANSAS CLIMATE NORMALS FOR TODAY
                         NORMAL    RECORD    YEAR
 MAXIMUM TEMPERATURE (F)   49        76      2008
 MINIMUM TEMPERATURE (F)   29         3      1912


SUNRISE AND SUNSET
JANUARY  6 2017.......SUNRISE   727 AM CST   SUNSET   520 PM CST
JANUARY  7 2017.......SUNRISE   727 AM CST   SUNSET   521 PM CST


-  INDICATES NEGATIVE NUMBERS.
R  INDICATES RECORD WAS SET OR TIED.
MM INDICATES DATA IS MISSING.
T  INDICATES TRACE AMOUNT.




$$

&&
...........................................................

THE ARKANSAS RIVER AT VAN BUREN

                   OBSERVED      24 HOUR     24 HOUR
                    VALUE        CHANGE      FORECAST

 STAGE (FEET)
  THIS MORNING       19.5         +0.1

MEAN FLOW (CFS)
  TODAY                                        -99
...........................................................
ALL DATA MEASURED AT THE FORT SMITH REGIONAL AIRPORT
