442
CDUS44 KTSA 302231 RRA
CLIFSM

CLIMATE REPORT
NATIONAL WEATHER SERVICE TULSA OK
418 PM CST WED NOV 30 2016


...................................

...THE FORT SMITH ARKANSAS CLIMATE SUMMARY FOR NOVEMBER 30 2016...
VALID TODAY AS OF 0400 PM LOCAL TIME.

CLIMATE NORMAL PERIOD 1981 TO 2010
CLIMATE RECORD PERIOD 1882 TO 2016


WEATHER ITEM   OBSERVED TIME   RECORD YEAR NORMAL DEPARTURE LAST
                VALUE   (LST)  VALUE       VALUE  FROM      YEAR
                                                  NORMAL
..................................................................
TEMPERATURE (F)
 TODAY
  MAXIMUM         54    256 PM  79    2014  56     -2       52
  MINIMUM         36    711 AM  16    1911  35      1       43
  AVERAGE         45                        45      0       48

PRECIPITATION (IN)
  TODAY            0.00          2.53 2006   0.14  -0.14     0.08
  MONTH TO DATE    1.59                      4.44  -2.85     9.43
  SINCE SEP 1      3.76                     12.81  -9.05    13.52
  SINCE JAN 1     30.41                     42.17 -11.76    63.12

SNOWFALL (IN)
  TODAY            0.0                                       0.0
  MONTH TO DATE    0.0                                       0.0
  SINCE SEP 1      0.0                                       0.0
  SINCE JUL 1      0.0                                       0.0

DEGREE DAYS
 HEATING
  TODAY           20                        20      0       17
  MONTH TO DATE  261                       412   -151      301
  SINCE SEP 1    285                       565   -280      357
  SINCE JUL 1    285                       565   -280      357
..................................................................


WIND (MPH)
  HIGHEST WIND SPEED    26   HIGHEST WIND DIRECTION     W (280)
  HIGHEST GUST SPEED    34   HIGHEST GUST DIRECTION     W (280)
  AVERAGE WIND SPEED    12.8


SKY COVER
  POSSIBLE SUNSHINE  MM
  AVERAGE SKY COVER 0.0


WEATHER CONDITIONS
 THE FOLLOWING WEATHER WAS RECORDED TODAY.
  NO SIGNIFICANT WEATHER WAS OBSERVED.


RELATIVE HUMIDITY (PERCENT)
 HIGHEST    76           400 AM
 LOWEST     28           300 PM
 AVERAGE    52

..........................................................


THE FORT SMITH ARKANSAS CLIMATE NORMALS FOR TOMORROW
                         NORMAL    RECORD    YEAR
 MAXIMUM TEMPERATURE (F)   56        78      1883
 MINIMUM TEMPERATURE (F)   35        18      1979
                                             1975


SUNRISE AND SUNSET
NOVEMBER 30 2016......SUNRISE   707 AM CST   SUNSET   505 PM CST
DECEMBER  1 2016......SUNRISE   708 AM CST   SUNSET   505 PM CST


-  INDICATES NEGATIVE NUMBERS.
R  INDICATES RECORD WAS SET OR TIED.
MM INDICATES DATA IS MISSING.
T  INDICATES TRACE AMOUNT.




$$

&&
...........................................................

THE ARKANSAS RIVER AT VAN BUREN

                   OBSERVED      24 HOUR     24 HOUR
                    VALUE        CHANGE      FORECAST

 STAGE (FEET)
  THIS AFTERNOON     20.0         +0.2

MEAN FLOW (CFS)
  TODAY                                        -99
...........................................................
ALL DATA MEASURED AT THE FORT SMITH REGIONAL AIRPORT
