000
CDUS44 KTSA 242149
CLIFSM

ZCZC OKCCLIFSM



CLIMATE REPORT
NATIONAL WEATHER SERVICE TULSA OK
446 PM CDT WED JUN 24 2015


...................................

...THE FORT SMITH ARKANSAS CLIMATE SUMMARY FOR JUNE 24 2015...
VALID TODAY AS OF 0400 PM LOCAL TIME.

CLIMATE NORMAL PERIOD 1981 TO 2010
CLIMATE RECORD PERIOD 1882 TO 2015


WEATHER ITEM   OBSERVED TIME   RECORD YEAR NORMAL DEPARTURE LAST
                VALUE   (LST)  VALUE       VALUE  FROM      YEAR
                                                  NORMAL
..................................................................
TEMPERATURE (F)
 TODAY
  MAXIMUM         93    200 PM 103    1953  90      3       90
  MINIMUM         74        MM  53    1974  70      4       69
  AVERAGE         84                        80      4       80

PRECIPITATION (IN)
  TODAY            0.00          1.41 1976   0.13  -0.13     0.00
  MONTH TO DATE    2.94                      3.50  -0.56     3.79
  SINCE JUN 1      2.94                      3.50  -0.56     3.79
  SINCE JAN 1     36.19                     22.69  13.50    18.53

DEGREE DAYS
 COOLING
  TODAY           19                        15      4       15
  MONTH TO DATE  383                       293     90      340
  SINCE JUN 1    383                       293     90      340
  SINCE JAN 1    623                       537     86      618
..................................................................


WIND (MPH)
  HIGHEST WIND SPEED     7   HIGHEST WIND DIRECTION     S (200)
  HIGHEST GUST SPEED    17   HIGHEST GUST DIRECTION     S (200)
  AVERAGE WIND SPEED     2.6


SKY COVER
  POSSIBLE SUNSHINE  MM
  AVERAGE SKY COVER 0.1


WEATHER CONDITIONS
 THE FOLLOWING WEATHER WAS RECORDED TODAY.
  NO SIGNIFICANT WEATHER WAS OBSERVED.


RELATIVE HUMIDITY (PERCENT)
 HIGHEST    87           400 AM
 LOWEST     46           200 PM
 AVERAGE    67

..........................................................


THE FORT SMITH ARKANSAS CLIMATE NORMALS FOR TOMORROW
                         NORMAL    RECORD    YEAR
 MAXIMUM TEMPERATURE (F)   91       105      2012
 MINIMUM TEMPERATURE (F)   70        49      1974


SUNRISE AND SUNSET
JUNE 24 2015..........SUNRISE   604 AM CDT   SUNSET   836 PM CDT
JUNE 25 2015..........SUNRISE   604 AM CDT   SUNSET   836 PM CDT


-  INDICATES NEGATIVE NUMBERS.
R  INDICATES RECORD WAS SET OR TIED.
MM INDICATES DATA IS MISSING.
T  INDICATES TRACE AMOUNT.




$$

&&
...........................................................

THE ARKANSAS RIVER AT VAN BUREN

                   OBSERVED      24 HOUR     24 HOUR
                    VALUE        CHANGE      FORECAST

 STAGE (FEET)
  THIS AFTERNOON     21.2         +0.1

MEAN FLOW (CFS)
  TODAY                                        -99
...........................................................
ALL DATA MEASURED AT THE FORT SMITH REGIONAL AIRPORT
