000
CDUS44 KTSA 172222
CLIFSM

CLIMATE REPORT
NATIONAL WEATHER SERVICE TULSA OK
418 PM CST TUE FEB 17 2015


...................................

...THE FORT SMITH ARKANSAS CLIMATE SUMMARY FOR FEBRUARY 17 2015...
VALID TODAY AS OF 0400 PM LOCAL TIME.

CLIMATE NORMAL PERIOD 1981 TO 2010
CLIMATE RECORD PERIOD 1882 TO 2015


WEATHER ITEM   OBSERVED TIME   RECORD YEAR NORMAL DEPARTURE LAST
                VALUE   (LST)  VALUE       VALUE  FROM      YEAR
                                                  NORMAL
..................................................................
TEMPERATURE (F)
 TODAY
  MAXIMUM         36    259 PM  78    1911  56    -20       70
                                      1897
  MINIMUM         17    340 AM   4    1903  34    -17       37
  AVERAGE         27                        45    -18       54

PRECIPITATION (IN)
  TODAY            0.00          2.30 1938   0.10  -0.10     0.00
  MONTH TO DATE    1.19                      1.62  -0.43     0.94
  SINCE DEC 1      5.72                      7.72  -2.00     5.83
  SINCE JAN 1      3.41                      4.43  -1.02     1.73

SNOWFALL (IN)
  TODAY            0.0                                       0.0
  MONTH TO DATE    0.0                                       5.2
  SINCE DEC 1      T                                        10.2
  SINCE JUL 1      T                                        10.2

DEGREE DAYS
 HEATING
  TODAY           38                        20     18       11
  MONTH TO DATE  397                       380     17      497
  SINCE DEC 1   1831                      1906    -75     2151
  SINCE JUL 1   2450                      2471    -21     2741
..................................................................


WIND (MPH)
  HIGHEST WIND SPEED    10   HIGHEST WIND DIRECTION    SW (220)
  HIGHEST GUST SPEED    12   HIGHEST GUST DIRECTION     S (200)
  AVERAGE WIND SPEED     5.7


SKY COVER
  POSSIBLE SUNSHINE  MM
  AVERAGE SKY COVER 0.2


WEATHER CONDITIONS
 THE FOLLOWING WEATHER WAS RECORDED TODAY.
  NO SIGNIFICANT WEATHER WAS OBSERVED.


RELATIVE HUMIDITY (PERCENT)
 HIGHEST    92           400 AM
 LOWEST     64          1200 PM
 AVERAGE    78

..........................................................


THE FORT SMITH ARKANSAS CLIMATE NORMALS FOR TOMORROW
                         NORMAL    RECORD    YEAR
 MAXIMUM TEMPERATURE (F)   56        79      1986
 MINIMUM TEMPERATURE (F)   34         1      1910


SUNRISE AND SUNSET
FEBRUARY 17 2015......SUNRISE   702 AM CST   SUNSET   602 PM CST
FEBRUARY 18 2015......SUNRISE   701 AM CST   SUNSET   602 PM CST


-  INDICATES NEGATIVE NUMBERS.
R  INDICATES RECORD WAS SET OR TIED.
MM INDICATES DATA IS MISSING.
T  INDICATES TRACE AMOUNT.




$$

&&
...........................................................

THE ARKANSAS RIVER AT VAN BUREN

                   OBSERVED      24 HOUR     24 HOUR
                    VALUE        CHANGE      FORECAST

 STAGE (FEET)
  THIS AFTERNOON     19.6         +0.6

MEAN FLOW (CFS)
  TODAY                                        2200
...........................................................
ALL DATA MEASURED AT THE FORT SMITH REGIONAL AIRPORT
