000
CDUS44 KTSA 162220
CLIFSM

CLIMATE REPORT
NATIONAL WEATHER SERVICE TULSA OK
418 PM CST FRI JAN 16 2015


...................................

...THE FORT SMITH ARKANSAS CLIMATE SUMMARY FOR JANUARY 16 2015...
VALID TODAY AS OF 0400 PM LOCAL TIME.

CLIMATE NORMAL PERIOD 1981 TO 2010
CLIMATE RECORD PERIOD 1882 TO 2015


WEATHER ITEM   OBSERVED TIME   RECORD YEAR NORMAL DEPARTURE LAST
                VALUE   (LST)  VALUE       VALUE  FROM      YEAR
                                                  NORMAL
..................................................................
TEMPERATURE (F)
 TODAY
  MAXIMUM         59    257 PM  77    1894  50      9       60
  MINIMUM         22    658 AM   6    1982  29     -7       30
  AVERAGE         41                        39      2       45

PRECIPITATION (IN)
  TODAY            0.00          1.71 1990   0.09  -0.09     0.00
  MONTH TO DATE    1.75                      1.40   0.35     0.79
  SINCE DEC 1      4.06                      4.69  -0.63     4.89
  SINCE JAN 1      1.75                      1.40   0.35     0.79

SNOWFALL (IN)
  TODAY            0.0                                       0.0
  MONTH TO DATE    T                                          T
  SINCE DEC 1      T                                         5.0
  SINCE JUL 1      T                                         5.0

DEGREE DAYS
 HEATING
  TODAY           24                        26     -2       20
  MONTH TO DATE  504                       416     88      443
  SINCE DEC 1   1163                      1150     13     1240
  SINCE JUL 1   1782                      1715     67     1830
..................................................................


WIND (MPH)
  HIGHEST WIND SPEED     8   HIGHEST WIND DIRECTION    NE (50)
  HIGHEST GUST SPEED    10   HIGHEST GUST DIRECTION     N (10)
  AVERAGE WIND SPEED     1.2


SKY COVER
  POSSIBLE SUNSHINE  MM
  AVERAGE SKY COVER 0.0


WEATHER CONDITIONS
 THE FOLLOWING WEATHER WAS RECORDED TODAY.
  FOG


RELATIVE HUMIDITY (PERCENT)
 HIGHEST    92           400 AM
 LOWEST     31           400 PM
 AVERAGE    62

..........................................................


THE FORT SMITH ARKANSAS CLIMATE NORMALS FOR TOMORROW
                         NORMAL    RECORD    YEAR
 MAXIMUM TEMPERATURE (F)   50        73      1952
 MINIMUM TEMPERATURE (F)   29        -6      1930


SUNRISE AND SUNSET
JANUARY 16 2015.......SUNRISE   726 AM CST   SUNSET   529 PM CST
JANUARY 17 2015.......SUNRISE   725 AM CST   SUNSET   530 PM CST


-  INDICATES NEGATIVE NUMBERS.
R  INDICATES RECORD WAS SET OR TIED.
MM INDICATES DATA IS MISSING.
T  INDICATES TRACE AMOUNT.




$$

&&
...........................................................

THE ARKANSAS RIVER AT VAN BUREN

                   OBSERVED      24 HOUR     24 HOUR
                    VALUE        CHANGE      FORECAST

 STAGE (FEET)
  THIS AFTERNOON     19.2         -0.1

MEAN FLOW (CFS)
  TODAY                                        5500
...........................................................
ALL DATA MEASURED AT THE FORT SMITH REGIONAL AIRPORT
