000
CDUS44 KTSA 100902
CLIFSM

CLIMATE REPORT
NATIONAL WEATHER SERVICE TULSA OK
300 AM CST FRI NOV 10 2017


...................................

...THE FORT SMITH ARKANSAS CLIMATE SUMMARY FOR NOVEMBER 9 2017...

CLIMATE NORMAL PERIOD 1981 TO 2010
CLIMATE RECORD PERIOD 1882 TO 2017


WEATHER ITEM   OBSERVED TIME   RECORD YEAR NORMAL DEPARTURE LAST
                VALUE   (LST)  VALUE       VALUE  FROM      YEAR
                                                  NORMAL
..................................................................
TEMPERATURE (F)
 YESTERDAY
  MAXIMUM         62    242 PM  86    2006  66     -4       73
  MINIMUM         36    747 AM  21    1991  43     -7       46
  AVERAGE         49                        54     -5       60

PRECIPITATION (IN)
  YESTERDAY        T             4.19 1946   0.15  -0.15     0.00
  MONTH TO DATE    0.08                      1.34  -1.26     0.03
  SINCE SEP 1      3.37                      9.71  -6.34     2.20
  SINCE JAN 1     45.48                     39.07   6.41    28.85

SNOWFALL (IN)
  YESTERDAY       MM                                         0.0
  MONTH TO DATE    0.0                                       0.0
  SINCE SEP 1      0.0                                       0.0
  SINCE JUL 1      0.0                                       0.0

DEGREE DAYS
 HEATING
  YESTERDAY       16                        11      5        5
  MONTH TO DATE   62                        87    -25       16
  SINCE SEP 1    197                       241    -44       40
  SINCE JUL 1    197                       241    -44       40
..................................................................


WIND (MPH)
  HIGHEST WIND SPEED     9   HIGHEST WIND DIRECTION     W (260)
  HIGHEST GUST SPEED    11   HIGHEST GUST DIRECTION    SW (230)
  AVERAGE WIND SPEED     1.5


SKY COVER
  POSSIBLE SUNSHINE  MM
  AVERAGE SKY COVER 0.3


WEATHER CONDITIONS
 THE FOLLOWING WEATHER WAS RECORDED YESTERDAY.
  LIGHT RAIN
  FOG
  FOG W/VISIBILITY <= 1/4 MILE


RELATIVE HUMIDITY (PERCENT)
 HIGHEST   100           500 AM
 LOWEST     39           400 PM
 AVERAGE    70

..........................................................


THE FORT SMITH ARKANSAS CLIMATE NORMALS FOR TODAY
                         NORMAL    RECORD    YEAR
 MAXIMUM TEMPERATURE (F)   66        84      1989
 MINIMUM TEMPERATURE (F)   43        22      1950


SUNRISE AND SUNSET
NOVEMBER 10 2017......SUNRISE   648 AM CST   SUNSET   514 PM CST
NOVEMBER 11 2017......SUNRISE   649 AM CST   SUNSET   514 PM CST


-  INDICATES NEGATIVE NUMBERS.
R  INDICATES RECORD WAS SET OR TIED.
MM INDICATES DATA IS MISSING.
T  INDICATES TRACE AMOUNT.




$$

&&
...........................................................

THE ARKANSAS RIVER AT VAN BUREN

                   OBSERVED      24 HOUR     24 HOUR
                    VALUE        CHANGE      FORECAST

 STAGE (FEET)
  THIS MORNING       19.3         -0.4

 MEAN FLOW (CFS)
  TODAY                                        1130
...........................................................
ALL DATA MEASURED AT THE FORT SMITH REGIONAL AIRPORT
