000
CDUS44 KTSA 202119
CLIFSM

CLIMATE REPORT
NATIONAL WEATHER SERVICE TULSA OK
418 PM CDT THU AUG 20 2015


...................................

...THE FORT SMITH ARKANSAS CLIMATE SUMMARY FOR AUGUST 20 2015...
VALID TODAY AS OF 0400 PM LOCAL TIME.

CLIMATE NORMAL PERIOD 1981 TO 2010
CLIMATE RECORD PERIOD 1882 TO 2015


WEATHER ITEM   OBSERVED TIME   RECORD YEAR NORMAL DEPARTURE LAST
                VALUE   (LST)  VALUE       VALUE  FROM      YEAR
                                                  NORMAL
..................................................................
TEMPERATURE (F)
 TODAY
  MAXIMUM         81    259 PM 106    1993  93    -12       94
  MINIMUM         58R   615 AM  58    1991  71    -13       73
                                      1953
  AVERAGE         70                        82    -12       84

PRECIPITATION (IN)
  TODAY            0.00          5.07 1890   0.08  -0.08     0.00
  MONTH TO DATE    3.35                      1.70   1.65     1.39
  SINCE JUN 1     15.27                      9.28   5.99     8.52
  SINCE JAN 1     48.52                     28.47  20.05    23.26

DEGREE DAYS
 COOLING
  TODAY            5                        17    -12       19
  MONTH TO DATE  347                       356     -9      312
  SINCE JUN 1   1444                      1277    167     1169
  SINCE JAN 1   1684                      1521    163     1447
..................................................................


WIND (MPH)
  HIGHEST WIND SPEED    13   HIGHEST WIND DIRECTION     E (80)
  HIGHEST GUST SPEED    18   HIGHEST GUST DIRECTION     E (80)
  AVERAGE WIND SPEED     5.2


SKY COVER
  POSSIBLE SUNSHINE  MM
  AVERAGE SKY COVER 0.1


WEATHER CONDITIONS
 THE FOLLOWING WEATHER WAS RECORDED TODAY.
  FOG
  FOG W/VISIBILITY <= 1/4 MILE


RELATIVE HUMIDITY (PERCENT)
 HIGHEST    93           600 AM
 LOWEST     39           200 PM
 AVERAGE    66

..........................................................


THE FORT SMITH ARKANSAS CLIMATE NORMALS FOR TOMORROW
                         NORMAL    RECORD    YEAR
 MAXIMUM TEMPERATURE (F)   93       106      1993
 MINIMUM TEMPERATURE (F)   71        56      1956


SUNRISE AND SUNSET
AUGUST 20 2015........SUNRISE   641 AM CDT   SUNSET   801 PM CDT
AUGUST 21 2015........SUNRISE   641 AM CDT   SUNSET   759 PM CDT


-  INDICATES NEGATIVE NUMBERS.
R  INDICATES RECORD WAS SET OR TIED.
MM INDICATES DATA IS MISSING.
T  INDICATES TRACE AMOUNT.




$$

&&
...........................................................

THE ARKANSAS RIVER AT VAN BUREN

                   OBSERVED      24 HOUR     24 HOUR
                    VALUE        CHANGE      FORECAST

 STAGE (FEET)
  THIS AFTERNOON     20.4         +0.4

MEAN FLOW (CFS)
  TODAY                                        23100
...........................................................
ALL DATA MEASURED AT THE FORT SMITH REGIONAL AIRPORT
