000
CDUS44 KTSA 190800
CLIFSM

CLIMATE REPORT
NATIONAL WEATHER SERVICE TULSA OK
147 AM CDT FRI MAY 19 2017


...................................

...THE FORT SMITH ARKANSAS CLIMATE SUMMARY FOR MAY 18 2017...

CLIMATE NORMAL PERIOD 1981 TO 2010
CLIMATE RECORD PERIOD 1882 TO 2017


WEATHER ITEM   OBSERVED TIME   RECORD YEAR NORMAL DEPARTURE LAST
                VALUE   (LST)  VALUE       VALUE  FROM      YEAR
                                                  NORMAL
..................................................................
TEMPERATURE (F)
 YESTERDAY
  MAXIMUM         90    314 PM  95    1956  81      9       69
  MINIMUM         63   1159 PM  41    1976  60      3       56
  AVERAGE         77                        70      7       63

PRECIPITATION (IN)
  YESTERDAY        0.96          2.74 1960   0.18   0.78     0.00
  MONTH TO DATE    3.02                      3.23  -0.21     3.26
  SINCE MAR 1     13.83                     11.38   2.45    14.62
  SINCE JAN 1     18.65                     16.95   1.70    16.77

DEGREE DAYS
 COOLING
  YESTERDAY       12                         6      6        0
  MONTH TO DATE   88                        79      9       42
  SINCE MAR 1    208                       144     64       90
  SINCE JAN 1    224                       145     79       91
..................................................................


WIND (MPH)
  HIGHEST WIND SPEED    31   HIGHEST WIND DIRECTION     W (280)
  HIGHEST GUST SPEED    40   HIGHEST GUST DIRECTION     W (280)
  AVERAGE WIND SPEED     6.0


SKY COVER
  POSSIBLE SUNSHINE  MM
  AVERAGE SKY COVER 0.3


WEATHER CONDITIONS
 THE FOLLOWING WEATHER WAS RECORDED YESTERDAY.
  THUNDERSTORM
  HEAVY RAIN
  LIGHT RAIN
  FOG


RELATIVE HUMIDITY (PERCENT)
 HIGHEST    87           300 AM
 LOWEST     44           300 PM
 AVERAGE    66

..........................................................


THE FORT SMITH ARKANSAS CLIMATE NORMALS FOR TODAY
                         NORMAL    RECORD    YEAR
 MAXIMUM TEMPERATURE (F)   81        96      1956
 MINIMUM TEMPERATURE (F)   60        45      1894


SUNRISE AND SUNSET
MAY 19 2017...........SUNRISE   610 AM CDT   SUNSET   818 PM CDT
MAY 20 2017...........SUNRISE   609 AM CDT   SUNSET   819 PM CDT


-  INDICATES NEGATIVE NUMBERS.
R  INDICATES RECORD WAS SET OR TIED.
MM INDICATES DATA IS MISSING.
T  INDICATES TRACE AMOUNT.




$$

&&
...........................................................

THE ARKANSAS RIVER AT VAN BUREN

                   OBSERVED      24 HOUR     24 HOUR
                    VALUE        CHANGE      FORECAST

 STAGE (FEET)
  THIS MORNING       21.1         +0.8

MEAN FLOW (CFS)
  TODAY                                        -99
...........................................................
ALL DATA MEASURED AT THE FORT SMITH REGIONAL AIRPORT
