083
CDUS44 KTSA 150801
CLIFSM

CLIMATE REPORT
NATIONAL WEATHER SERVICE TULSA OK
147 AM CDT SUN MAY 15 2016


...................................

...THE FORT SMITH ARKANSAS CLIMATE SUMMARY FOR MAY 14 2016...

CLIMATE NORMAL PERIOD 1981 TO 2010
CLIMATE RECORD PERIOD 1882 TO 2016


WEATHER ITEM   OBSERVED TIME   RECORD YEAR NORMAL DEPARTURE LAST
                VALUE   (LST)  VALUE       VALUE  FROM      YEAR
                                                  NORMAL
..................................................................
TEMPERATURE (F)
 YESTERDAY
  MAXIMUM         70    438 PM  92    1915  80    -10       83
  MINIMUM         55    701 AM  41    1973  59     -4       59
  AVERAGE         63                        69     -6       71

PRECIPITATION (IN)
  YESTERDAY        0.00          1.95 1923   0.18  -0.18     0.00
  MONTH TO DATE    3.15                      2.49   0.66     9.33
  SINCE MAR 1     14.51                     10.64   3.87    18.12
  SINCE JAN 1     16.66                     16.21   0.45    22.73

DEGREE DAYS
 COOLING
  YESTERDAY        0                         5     -5        6
  MONTH TO DATE   38                        56    -18       58
  SINCE MAR 1     86                       121    -35      126
  SINCE JAN 1     87                       122    -35      126
..................................................................


WIND (MPH)
  HIGHEST WIND SPEED    22   HIGHEST WIND DIRECTION     N (350)
  HIGHEST GUST SPEED    28   HIGHEST GUST DIRECTION     N (340)
  AVERAGE WIND SPEED    10.2


SKY COVER
  POSSIBLE SUNSHINE  MM
  AVERAGE SKY COVER 0.2


WEATHER CONDITIONS
 THE FOLLOWING WEATHER WAS RECORDED YESTERDAY.
  NO SIGNIFICANT WEATHER WAS OBSERVED.


RELATIVE HUMIDITY (PERCENT)
 HIGHEST    78           100 AM
 LOWEST     36           300 PM
 AVERAGE    57

..........................................................


THE FORT SMITH ARKANSAS CLIMATE NORMALS FOR TODAY
                         NORMAL    RECORD    YEAR
 MAXIMUM TEMPERATURE (F)   80        91      1990
                                             1988
                                             1987
 MINIMUM TEMPERATURE (F)   59        38      1973


SUNRISE AND SUNSET
MAY 15 2016...........SUNRISE   613 AM CDT   SUNSET   815 PM CDT
MAY 16 2016...........SUNRISE   612 AM CDT   SUNSET   816 PM CDT


-  INDICATES NEGATIVE NUMBERS.
R  INDICATES RECORD WAS SET OR TIED.
MM INDICATES DATA IS MISSING.
T  INDICATES TRACE AMOUNT.




$$

&&
...........................................................

THE ARKANSAS RIVER AT VAN BUREN

                   OBSERVED      24 HOUR     24 HOUR
                    VALUE        CHANGE      FORECAST

 STAGE (FEET)
  THIS MORNING       19.5         -0.3

MEAN FLOW (CFS)
  TODAY                                        42400
...........................................................
ALL DATA MEASURED AT THE FORT SMITH REGIONAL AIRPORT
