000
CDUS44 KTSA 240845
CLIFSM

CLIMATE REPORT
NATIONAL WEATHER SERVICE TULSA OK
345 AM CDT FRI JUL 24 2015


...................................

...THE FORT SMITH ARKANSAS CLIMATE SUMMARY FOR JULY 23 2015...

CLIMATE NORMAL PERIOD 1981 TO 2010
CLIMATE RECORD PERIOD 1882 TO 2015


WEATHER ITEM   OBSERVED TIME   RECORD YEAR NORMAL DEPARTURE LAST
                VALUE   (LST)  VALUE       VALUE  FROM      YEAR
                                                  NORMAL
..................................................................
TEMPERATURE (F)
 YESTERDAY
  MAXIMUM         96    435 PM 107    2011  94      2       96
  MINIMUM         78    623 AM  54    1947  72      6       70
  AVERAGE         87                        83      4       83

PRECIPITATION (IN)
  YESTERDAY        0.00          5.73 1960   0.10  -0.10     0.30
  MONTH TO DATE    8.79                      2.48   6.31     1.72
  SINCE JUN 1     11.92                      6.76   5.16     6.17
  SINCE JAN 1     45.17                     25.95  19.22    20.91

DEGREE DAYS
 COOLING
  YESTERDAY       22                        18      4       18
  MONTH TO DATE  434                       394     40      307
  SINCE JUN 1    917                       779    138      745
  SINCE JAN 1   1157                      1023    134     1023
..................................................................


WIND (MPH)
  HIGHEST WIND SPEED    14   HIGHEST WIND DIRECTION     W (260)
  HIGHEST GUST SPEED    16   HIGHEST GUST DIRECTION     W (250)
  AVERAGE WIND SPEED     4.3


SKY COVER
  POSSIBLE SUNSHINE  MM
  AVERAGE SKY COVER 0.1


WEATHER CONDITIONS
 THE FOLLOWING WEATHER WAS RECORDED YESTERDAY.
  NO SIGNIFICANT WEATHER WAS OBSERVED.


RELATIVE HUMIDITY (PERCENT)
 HIGHEST    91           200 AM
 LOWEST     48           400 PM
 AVERAGE    70

..........................................................


THE FORT SMITH ARKANSAS CLIMATE NORMALS FOR TODAY
                         NORMAL    RECORD    YEAR
 MAXIMUM TEMPERATURE (F)   94       107      2011
                                             1934
 MINIMUM TEMPERATURE (F)   72        62      2000
                                             1894


SUNRISE AND SUNSET
JULY 24 2015..........SUNRISE   620 AM CDT   SUNSET   827 PM CDT
JULY 25 2015..........SUNRISE   621 AM CDT   SUNSET   827 PM CDT


-  INDICATES NEGATIVE NUMBERS.
R  INDICATES RECORD WAS SET OR TIED.
MM INDICATES DATA IS MISSING.
T  INDICATES TRACE AMOUNT.




$$

&&
...........................................................

THE ARKANSAS RIVER AT VAN BUREN

                   OBSERVED      24 HOUR     24 HOUR
                    VALUE        CHANGE      FORECAST

 STAGE (FEET)
  THIS MORNING       19.6         -1.8

MEAN FLOW (CFS)
  TODAY                                        91800
...........................................................
ALL DATA MEASURED AT THE FORT SMITH REGIONAL AIRPORT
