000
CDUS44 KTSA 142135
CLIFSM

CLIMATE REPORT
NATIONAL WEATHER SERVICE TULSA OK
418 PM CDT THU MAY 14 2015


...................................

...THE FORT SMITH ARKANSAS CLIMATE SUMMARY FOR MAY 14 2015...
VALID TODAY AS OF 0400 PM LOCAL TIME.

CLIMATE NORMAL PERIOD 1981 TO 2010
CLIMATE RECORD PERIOD 1882 TO 2015


WEATHER ITEM   OBSERVED TIME   RECORD YEAR NORMAL DEPARTURE LAST
                VALUE   (LST)  VALUE       VALUE  FROM      YEAR
                                                  NORMAL
..................................................................
TEMPERATURE (F)
 TODAY
  MAXIMUM         82    252 PM  92    1915  80      2       58
  MINIMUM         59    522 AM  41    1973  59      0       46
  AVERAGE         71                        69      2       52

PRECIPITATION (IN)
  TODAY            0.00          1.95 1923   0.18  -0.18     0.52
  MONTH TO DATE    9.33                      2.49   6.84     3.75
  SINCE MAR 1     18.12                     10.64   7.48    10.54
  SINCE JAN 1     22.73                     16.21   6.52    12.31

DEGREE DAYS
 COOLING
  TODAY            6                         5      1        0
  MONTH TO DATE   58                        56      2       90
  SINCE MAR 1    126                       121      5      141
  SINCE JAN 1    126                       122      4      141
..................................................................


WIND (MPH)
  HIGHEST WIND SPEED    21   HIGHEST WIND DIRECTION    SW (220)
  HIGHEST GUST SPEED    23   HIGHEST GUST DIRECTION    SW (210)
  AVERAGE WIND SPEED     8.5


SKY COVER
  POSSIBLE SUNSHINE  MM
  AVERAGE SKY COVER 0.5


WEATHER CONDITIONS
 THE FOLLOWING WEATHER WAS RECORDED TODAY.
  NO SIGNIFICANT WEATHER WAS OBSERVED.


RELATIVE HUMIDITY (PERCENT)
 HIGHEST    87          1200 AM
 LOWEST     58           100 PM
 AVERAGE    73

..........................................................


THE FORT SMITH ARKANSAS CLIMATE NORMALS FOR TOMORROW
                         NORMAL    RECORD    YEAR
 MAXIMUM TEMPERATURE (F)   80        91      1990
                                             1988
                                             1987
 MINIMUM TEMPERATURE (F)   59        38      1973


SUNRISE AND SUNSET
MAY 14 2015...........SUNRISE   614 AM CDT   SUNSET   814 PM CDT
MAY 15 2015...........SUNRISE   613 AM CDT   SUNSET   815 PM CDT


-  INDICATES NEGATIVE NUMBERS.
R  INDICATES RECORD WAS SET OR TIED.
MM INDICATES DATA IS MISSING.
T  INDICATES TRACE AMOUNT.




$$

&&
...........................................................

THE ARKANSAS RIVER AT VAN BUREN

                   OBSERVED      24 HOUR     24 HOUR
                    VALUE        CHANGE      FORECAST

 STAGE (FEET)
  THIS AFTERNOON     19.8         +0.1

MEAN FLOW (CFS)
  TODAY                                        128000
...........................................................
ALL DATA MEASURED AT THE FORT SMITH REGIONAL AIRPORT
