000
CDUS44 KTSA 270927
CLIFSM

CLIMATE REPORT
NATIONAL WEATHER SERVICE TULSA OK
325 AM CST WED JAN 27 2016

...................................

...THE FORT SMITH ARKANSAS CLIMATE SUMMARY FOR JANUARY 26 2016...

CLIMATE NORMAL PERIOD 1981 TO 2010
CLIMATE RECORD PERIOD 1882 TO 2016


WEATHER ITEM   OBSERVED TIME   RECORD YEAR NORMAL DEPARTURE LAST
                VALUE   (LST)  VALUE       VALUE  FROM      YEAR
                                                  NORMAL
..................................................................
TEMPERATURE (F)
 YESTERDAY
  MAXIMUM         51    413 PM  80    1952  51      0       62
                                      1890
  MINIMUM         30   1151 PM   3    1904  29      1       31
  AVERAGE         41                        40      1       47

PRECIPITATION (IN)
  YESTERDAY        0.00          2.50 1916   0.09  -0.09     0.00
  MONTH TO DATE    0.39                      2.33  -1.94     2.16
  SINCE DEC 1     11.20                      5.62   5.58     4.47
  SINCE JAN 1      0.39                      2.33  -1.94     2.16

SNOWFALL (IN)
  YESTERDAY        0.0                                       0.0
  MONTH TO DATE    T                                          T
  SINCE DEC 1      T                                          T
  SINCE JUL 1      T                                          T

DEGREE DAYS
 HEATING
  YESTERDAY       24                        25     -1       18
  MONTH TO DATE  685                       670     15      695
  SINCE DEC 1   1162                      1404   -242     1354
  SINCE JUL 1   1519                      1969   -450     1973
..................................................................


WIND (MPH)
  HIGHEST WIND SPEED    17   HIGHEST WIND DIRECTION     N (340)
  HIGHEST GUST SPEED    23   HIGHEST GUST DIRECTION     N (350)
  AVERAGE WIND SPEED     6.6


SKY COVER
  POSSIBLE SUNSHINE  MM
  AVERAGE SKY COVER 0.0


WEATHER CONDITIONS
 THE FOLLOWING WEATHER WAS RECORDED YESTERDAY.
  NO SIGNIFICANT WEATHER WAS OBSERVED.


RELATIVE HUMIDITY (PERCENT)
 HIGHEST    78           700 AM
 LOWEST     30           300 PM
 AVERAGE    54

..........................................................


THE FORT SMITH ARKANSAS CLIMATE NORMALS FOR TODAY
                         NORMAL    RECORD    YEAR
 MAXIMUM TEMPERATURE (F)   51        78      1914
                                             1911
 MINIMUM TEMPERATURE (F)   29         6      1963


SUNRISE AND SUNSET
JANUARY 27 2016.......SUNRISE   721 AM CST   SUNSET   540 PM CST
JANUARY 28 2016.......SUNRISE   720 AM CST   SUNSET   541 PM CST


-  INDICATES NEGATIVE NUMBERS.
R  INDICATES RECORD WAS SET OR TIED.
MM INDICATES DATA IS MISSING.
T  INDICATES TRACE AMOUNT.




$$

&&
...........................................................

THE ARKANSAS RIVER AT VAN BUREN

                   OBSERVED      24 HOUR     24 HOUR
                    VALUE        CHANGE      FORECAST

 STAGE (FEET)
  THIS MORNING       20.2         +0.1

MEAN FLOW (CFS)
  TODAY                                        60800
...........................................................
ALL DATA MEASURED AT THE FORT SMITH REGIONAL AIRPORT
