000
CDUS44 KTSA 042148 RRA
CLIFSM

CLIMATE REPORT
NATIONAL WEATHER SERVICE TULSA OK
418 PM CDT TUE APR 4 2017


...................................

...THE FORT SMITH ARKANSAS CLIMATE SUMMARY FOR APRIL 4 2017...
VALID TODAY AS OF 0400 PM LOCAL TIME.

CLIMATE NORMAL PERIOD 1981 TO 2010
CLIMATE RECORD PERIOD 1882 TO 2017


WEATHER ITEM   OBSERVED TIME   RECORD YEAR NORMAL DEPARTURE LAST
                VALUE   (LST)  VALUE       VALUE  FROM      YEAR
                                                  NORMAL
..................................................................
TEMPERATURE (F)
 TODAY
  MAXIMUM         87    206 PM  90    1988  71     16       84
  MINIMUM         51    616 AM  24    1987  46      5       46
  AVERAGE         69                        58     11       65

PRECIPITATION (IN)
  TODAY            0.00          1.87 1934   0.12  -0.12     0.00
  MONTH TO DATE    0.29                      0.50  -0.21     0.00
  SINCE MAR 1      4.04                      4.35  -0.31     5.31
  SINCE JAN 1      8.86                      9.92  -1.06     7.46

SNOWFALL (IN)
  TODAY            0.0                                       0.0
  MONTH TO DATE    0.0                                       0.0
  SINCE MAR 1      0.0                                       0.0
  SINCE JUL 1      2.0                                        T

DEGREE DAYS
 HEATING
  TODAY            0                         8     -8        0
  MONTH TO DATE    4                        32    -28       30
  SINCE MAR 1    265                       418   -153      298
  SINCE JUL 1   2174                      3091   -917     2367

 COOLING
  TODAY            4                         1      3        0
  MONTH TO DATE    4                         4      0        0
  SINCE MAR 1     38                        15     23        6
  SINCE JAN 1     54                        16     38        7
..................................................................


WIND (MPH)
  HIGHEST WIND SPEED    20   HIGHEST WIND DIRECTION     S (180)
  HIGHEST GUST SPEED    27   HIGHEST GUST DIRECTION    SE (150)
  AVERAGE WIND SPEED     6.1


SKY COVER
  POSSIBLE SUNSHINE  MM
  AVERAGE SKY COVER 0.1


WEATHER CONDITIONS
 THE FOLLOWING WEATHER WAS RECORDED TODAY.
  THUNDERSTORM


RELATIVE HUMIDITY (PERCENT)
 HIGHEST    96           400 AM
 LOWEST     25           200 PM
 AVERAGE    61

..........................................................


THE FORT SMITH ARKANSAS CLIMATE NORMALS FOR TOMORROW
                         NORMAL    RECORD    YEAR
 MAXIMUM TEMPERATURE (F)   71        94      1893
 MINIMUM TEMPERATURE (F)   46        27      1987
                                             1920


SUNRISE AND SUNSET
APRIL  4 2017.........SUNRISE   700 AM CDT   SUNSET   742 PM CDT
APRIL  5 2017.........SUNRISE   658 AM CDT   SUNSET   742 PM CDT


-  INDICATES NEGATIVE NUMBERS.
R  INDICATES RECORD WAS SET OR TIED.
MM INDICATES DATA IS MISSING.
T  INDICATES TRACE AMOUNT.




$$

&&
...........................................................

THE ARKANSAS RIVER AT VAN BUREN

                   OBSERVED      24 HOUR     24 HOUR
                    VALUE        CHANGE      FORECAST

 STAGE (FEET)
  THIS AFTERNOON     19.7         +0.3

MEAN FLOW (CFS)
  TODAY                                        -99
...........................................................
ALL DATA MEASURED AT THE FORT SMITH REGIONAL AIRPORT
