000
CDUS44 KTSA 112225
CLIFSM

CLIMATE REPORT
NATIONAL WEATHER SERVICE TULSA OK
418 PM CST THU JAN 11 2018


...................................

...THE FORT SMITH ARKANSAS CLIMATE SUMMARY FOR JANUARY 11 2018...
VALID TODAY AS OF 0400 PM LOCAL TIME.

CLIMATE NORMAL PERIOD 1981 TO 2010
CLIMATE RECORD PERIOD 1882 TO 2018


WEATHER ITEM   OBSERVED TIME   RECORD YEAR NORMAL DEPARTURE LAST
                VALUE   (LST)  VALUE       VALUE  FROM      YEAR
                                                  NORMAL
..................................................................
TEMPERATURE (F)
 TODAY
  MAXIMUM         68    106 PM  79    1995  49     19       77
                                      1911
  MINIMUM         44    259 PM -10    1977  29     15       42
  AVERAGE         56                        39     17       60

PRECIPITATION (IN)
  TODAY            0.00          1.62 1905   0.08  -0.08     0.00
  MONTH TO DATE    0.54                      0.96  -0.42     0.11
  SINCE DEC 1      2.82                      4.25  -1.43     0.88
  SINCE JAN 1      0.54                      0.96  -0.42     0.11

SNOWFALL (IN)
  TODAY            0.0                                       0.0
  MONTH TO DATE    0.0                                       2.0
  SINCE DEC 1      T                                         2.0
  SINCE JUL 1      T                                         2.0

DEGREE DAYS
 HEATING
  TODAY            9                        26    -17        5
  MONTH TO DATE  316                       286     30      296
  SINCE DEC 1    993                      1020    -27      989
  SINCE JUL 1   1429                      1585   -156     1275
..................................................................


WIND (MPH)
  HIGHEST WIND SPEED    28   HIGHEST WIND DIRECTION     W (260)
  HIGHEST GUST SPEED    32   HIGHEST GUST DIRECTION     W (280)
  AVERAGE WIND SPEED    11.6


SKY COVER
  POSSIBLE SUNSHINE  MM
  AVERAGE SKY COVER 0.7


WEATHER CONDITIONS
 THE FOLLOWING WEATHER WAS RECORDED TODAY.
  NO SIGNIFICANT WEATHER WAS OBSERVED.


RELATIVE HUMIDITY (PERCENT)
 HIGHEST    86           800 AM
 LOWEST     49           100 PM
 AVERAGE    68

..........................................................


THE FORT SMITH ARKANSAS CLIMATE NORMALS FOR TOMORROW
                         NORMAL    RECORD    YEAR
 MAXIMUM TEMPERATURE (F)   49        76      2000
                                             1995
 MINIMUM TEMPERATURE (F)   29       -11      1918


SUNRISE AND SUNSET
JANUARY 11 2018.......SUNRISE   727 AM CST   SUNSET   525 PM CST
JANUARY 12 2018.......SUNRISE   726 AM CST   SUNSET   526 PM CST


-  INDICATES NEGATIVE NUMBERS.
R  INDICATES RECORD WAS SET OR TIED.
MM INDICATES DATA IS MISSING.
T  INDICATES TRACE AMOUNT.




$$

&&
...........................................................

THE ARKANSAS RIVER AT VAN BUREN

                   OBSERVED      24 HOUR     24 HOUR
                    VALUE        CHANGE      FORECAST

 STAGE (FEET)
  THIS AFTERNOON     19.8         +0.4

 MEAN FLOW (CFS)
  TODAY                                        1070
...........................................................
ALL DATA MEASURED AT THE FORT SMITH REGIONAL AIRPORT
