000
CDUS44 KTSA 280803
CLIFSM

CLIMATE REPORT
NATIONAL WEATHER SERVICE TULSA OK
418 PM CDT THU MAR 27 2014


...................................

...THE FORT SMITH ARKANSAS CLIMATE SUMMARY FOR MARCH 27 2014...
VALID TODAY AS OF 0400 PM LOCAL TIME.

CLIMATE NORMAL PERIOD 1981 TO 2010
CLIMATE RECORD PERIOD 1882 TO 2014


WEATHER ITEM   OBSERVED TIME   RECORD YEAR NORMAL DEPARTURE LAST
                VALUE   (LST)  VALUE       VALUE  FROM      YEAR
                                                  NORMAL
..................................................................
TEMPERATURE (F)
 TODAY
  MAXIMUM         72    259 PM  87    1895  68      4       67
  MINIMUM         49    225 AM  21    1955  44      5       31
  AVERAGE         61                        56      5       49

PRECIPITATION (IN)
  TODAY            0.00          3.80 1898   0.14  -0.14     0.00
  MONTH TO DATE    3.50                      3.30   0.20     2.53
  SINCE MAR 1      3.50                      3.30   0.20     2.53
  SINCE JAN 1      5.27                      8.87  -3.60    10.96

SNOWFALL (IN)
  TODAY            0.0                                       0.0
  MONTH TO DATE    0.5                                       0.0
  SINCE MAR 1      0.5                                       0.0
  SINCE JUL 1     10.7                                       8.0

DEGREE DAYS
 HEATING
  TODAY            4                        10     -6       16
  MONTH TO DATE  424                       351     73      455
  SINCE MAR 1    424                       351     73      455
  SINCE JUL 1   3369                      3024    345     2778

 COOLING
  TODAY            0                         1     -1        0
  MONTH TO DATE    0                         5     -5        2
  SINCE MAR 1      0                         5     -5        2
  SINCE JAN 1      0                         6     -6        3
..................................................................


WIND (MPH)
  HIGHEST WIND SPEED    28   HIGHEST WIND DIRECTION     S (200)
  HIGHEST GUST SPEED    36   HIGHEST GUST DIRECTION     S (200)
  AVERAGE WIND SPEED     8.5


SKY COVER
  POSSIBLE SUNSHINE  MM
  AVERAGE SKY COVER 0.8


WEATHER CONDITIONS
 THE FOLLOWING WEATHER WAS RECORDED TODAY.
  NO SIGNIFICANT WEATHER WAS OBSERVED.


RELATIVE HUMIDITY (PERCENT)
 HIGHEST    77           700 AM
 LOWEST     59           200 AM
 AVERAGE    68

..........................................................


THE FORT SMITH ARKANSAS CLIMATE NORMALS FOR TOMORROW
                         NORMAL    RECORD    YEAR
 MAXIMUM TEMPERATURE (F)   69        89      1963
 MINIMUM TEMPERATURE (F)   44        25      1931


SUNRISE AND SUNSET
MARCH 27 2014.........SUNRISE   711 AM CDT   SUNSET   735 PM CDT
MARCH 28 2014.........SUNRISE   710 AM CDT   SUNSET   736 PM CDT


-  INDICATES NEGATIVE NUMBERS.
R  INDICATES RECORD WAS SET OR TIED.
MM INDICATES DATA IS MISSING.
T  INDICATES TRACE AMOUNT.




$$

&&
...........................................................

THE ARKANSAS RIVER AT VAN BUREN

                   OBSERVED      24 HOUR     24 HOUR
                    VALUE        CHANGE      FORECAST

 STAGE (FEET)
  THIS AFTERNOON     19.6         +0.7

MEAN FLOW (CFS)
  TODAY                                        19400
...........................................................
ALL DATA MEASURED AT THE FORT SMITH REGIONAL AIRPORT
