000
CDUS44 KTSA 230808
CLIFSM

CLIMATE REPORT
NATIONAL WEATHER SERVICE TULSA OK
147 AM CDT SAT APR 23 2016


...................................

...THE FORT SMITH ARKANSAS CLIMATE SUMMARY FOR APRIL 22 2016...

CLIMATE NORMAL PERIOD 1981 TO 2010
CLIMATE RECORD PERIOD 1882 TO 2016


WEATHER ITEM   OBSERVED TIME   RECORD YEAR NORMAL DEPARTURE LAST
                VALUE   (LST)  VALUE       VALUE  FROM      YEAR
                                                  NORMAL
..................................................................
TEMPERATURE (F)
 YESTERDAY
  MAXIMUM         81    257 PM  92    1989  75      6       69
                                      1965
                                      1955
  MINIMUM         51    546 AM  33    1982  52     -1       50
  AVERAGE         66                        64      2       60

PRECIPITATION (IN)
  YESTERDAY        0.00          4.30 1885   0.15  -0.15     0.05
  MONTH TO DATE    2.25                      3.02  -0.77     3.57
  SINCE MAR 1      7.56                      6.87   0.69     8.07
  SINCE JAN 1      9.71                     12.44  -2.73    12.68

SNOWFALL (IN)
  YESTERDAY        0.0                                       0.0
  MONTH TO DATE    0.0                                       0.0
  SINCE MAR 1      0.0                                       1.0
  SINCE JUL 1      T                                         6.6

DEGREE DAYS
 HEATING
  YESTERDAY        0                         4     -4        5
  MONTH TO DATE   71                       132    -61       63
  SINCE MAR 1    339                       518   -179      454
  SINCE JUL 1   2408                      3191   -783     3268

 COOLING
  YESTERDAY        1                         2     -1        0
  MONTH TO DATE    8                        34    -26       45
  SINCE MAR 1     14                        45    -31       60
  SINCE JAN 1     15                        46    -31       60
..................................................................


WIND (MPH)
  HIGHEST WIND SPEED    20   HIGHEST WIND DIRECTION     N (10)
  HIGHEST GUST SPEED    27   HIGHEST GUST DIRECTION    NW (310)
  AVERAGE WIND SPEED     5.8


SKY COVER
  POSSIBLE SUNSHINE  MM
  AVERAGE SKY COVER 0.1


WEATHER CONDITIONS
 THE FOLLOWING WEATHER WAS RECORDED YESTERDAY.
  NO SIGNIFICANT WEATHER WAS OBSERVED.


RELATIVE HUMIDITY (PERCENT)
 HIGHEST    89           500 AM
 LOWEST     28           200 PM
 AVERAGE    59

..........................................................


THE FORT SMITH ARKANSAS CLIMATE NORMALS FOR TODAY
                         NORMAL    RECORD    YEAR
 MAXIMUM TEMPERATURE (F)   76        91      1965
                                             1964
 MINIMUM TEMPERATURE (F)   52        36      1893
                                             1884


SUNRISE AND SUNSET
APRIL 23 2016.........SUNRISE   635 AM CDT   SUNSET   757 PM CDT
APRIL 24 2016.........SUNRISE   633 AM CDT   SUNSET   758 PM CDT


-  INDICATES NEGATIVE NUMBERS.
R  INDICATES RECORD WAS SET OR TIED.
MM INDICATES DATA IS MISSING.
T  INDICATES TRACE AMOUNT.




$$

&&
...........................................................

THE ARKANSAS RIVER AT VAN BUREN

                   OBSERVED      24 HOUR     24 HOUR
                    VALUE        CHANGE      FORECAST

 STAGE (FEET)
  THIS MORNING       19.6         -0.2

MEAN FLOW (CFS)
  TODAY                                        70300
...........................................................
ALL DATA MEASURED AT THE FORT SMITH REGIONAL AIRPORT
