000
CDUS44 KTSA 140905
CLIFSM

CLIMATE REPORT
NATIONAL WEATHER SERVICE TULSA OK
302 AM CST SAT DEC 13 2014


...................................

...THE FORT SMITH ARKANSAS CLIMATE SUMMARY FOR DECEMBER 12 2014...

CLIMATE NORMAL PERIOD 1981 TO 2010
CLIMATE RECORD PERIOD 1882 TO 2014


WEATHER ITEM   OBSERVED TIME   RECORD YEAR NORMAL DEPARTURE LAST
                VALUE   (LST)  VALUE       VALUE  FROM      YEAR
                                                  NORMAL
..................................................................
TEMPERATURE (F)
 YESTERDAY
  MAXIMUM         48    433 PM  75    1929  52     -4       41
  MINIMUM         44    639 AM   7    1962  32     12       21
  AVERAGE         46                        42      4       31

PRECIPITATION (IN)
  YESTERDAY        T             2.38 1892   0.11  -0.11     0.00
  MONTH TO DATE    0.19                      1.43  -1.24     1.61
  SINCE DEC 1      0.19                      1.43  -1.24     1.61
  SINCE JAN 1     40.02                     43.60  -3.58    44.56

SNOWFALL (IN)
  YESTERDAY       MM                                         0.0
  MONTH TO DATE    T                                         5.0
  SINCE DEC 1      T                                         5.0
  SINCE JUL 1      T                                         5.0

DEGREE DAYS
 HEATING
  YESTERDAY       19                        23     -4       34
  MONTH TO DATE  237                       261    -24      333
  SINCE DEC 1    237                       261    -24      333
  SINCE JUL 1    856                       826     30      923
..................................................................


WIND (MPH)
  HIGHEST WIND SPEED    15   HIGHEST WIND DIRECTION     E (80)
  HIGHEST GUST SPEED    18   HIGHEST GUST DIRECTION     E (80)
  AVERAGE WIND SPEED     9.2


SKY COVER
  POSSIBLE SUNSHINE  MM
  AVERAGE SKY COVER 1.0


WEATHER CONDITIONS
 THE FOLLOWING WEATHER WAS RECORDED YESTERDAY.
  FOG
  HAZE


RELATIVE HUMIDITY (PERCENT)
 HIGHEST    86           800 PM
 LOWEST     71          1200 AM
 AVERAGE    79

..........................................................


THE FORT SMITH ARKANSAS CLIMATE NORMALS FOR TODAY
                         NORMAL    RECORD    YEAR
 MAXIMUM TEMPERATURE (F)   52        80      1948
 MINIMUM TEMPERATURE (F)   31        10      1958
                                             1917


SUNRISE AND SUNSET
DECEMBER 13 2014......SUNRISE   718 AM CST   SUNSET   506 PM CST
DECEMBER 14 2014......SUNRISE   718 AM CST   SUNSET   506 PM CST


-  INDICATES NEGATIVE NUMBERS.
R  INDICATES RECORD WAS SET OR TIED.
MM INDICATES DATA IS MISSING.
T  INDICATES TRACE AMOUNT.




$$

&&
...........................................................

THE ARKANSAS RIVER AT VAN BUREN

                   OBSERVED      24 HOUR     24 HOUR
                    VALUE        CHANGE      FORECAST

 STAGE (FEET)
  THIS MORNING       19.6         +0.3

MEAN FLOW (CFS)
  TODAY                                        5200
...........................................................
ALL DATA MEASURED AT THE FORT SMITH REGIONAL AIRPORT
