000
CXUS51 KCAR 010700
CF6FVE
PRELIMINARY LOCAL CLIMATOLOGICAL DATA (WS FORM: F-6)
STATION: FRENCHVILLE ME
MONTH: FEBRUARY
YEAR: 2024
LATITUDE: 47 16 N
LONGITUDE: 68 19 W
TEMPERATURE IN F: :PCPN: SNOW: WIND :SUNSHINE: SKY :PK WND
================================================================================
1 2 3 4 5 6A 6B 7 8 9 10 11 12 13 14 15 16 17 18
12Z AVG MX 2MIN
DY MAX MIN AVG DEP HDD CDD WTR SNW DPTH SPD SPD DIR MIN PSBL S-S WX SPD DR
================================================================================
1 30 26 28 17 37 0 0.15 M M 6.9 13 80 M M 10 12 22 60
2 26 16 21 10 44 0 0.02 M M 9.5 17 340 M M 10 18 26 350
3 23 10 17 6 48 0 0.00 M M 11.6 18 330 M M 2 24 340
4 24 5 15 4 50 0 0.00 M M 13.6 22 340 M M 0 31 320
5 27 10 19 8 46 0 0.00 M M 16.0 23 350 M M 4 34 350
6 33 17 25 14 40 0 0.00 M M 9.6 16 340 M M 2 23 340
7 34 9 22 10 43 0 0.00 M M 3.3 8 340 M M 0 9 340
8 35 13 24 12 41 0 0.00 M M 3.2 8 320 M M 0 18 8 320
9 33 17 25 13 40 0 0.01 M M 7.6 12 150 M M 3 6 M M
10 38 29 34 22 31 0 0.06 M M 8.4 14 160 M M 10 126 20 190
11 41 29 35 22 30 0 0.09 M M 8.2 18 320 M M 8 1 27 280
12 30 18 24 11 41 0 T M M 7.5 20 320 M M 9 28 320
13 28 9 19 6 46 0 0.00 M M 8.3 21 320 M M 0 28 310
14 17 9 13 -1 52 0 T M M 17.7 26 290 M M 6 42 310
15 24 9 17 3 48 0 T M M 15.1 31 330 M M 2 44 310
16 21 6 14 0 51 0 0.00 M M 10.8 23 320 M M 1 31 320
17 21 6 14 0 51 0 T M M 7.2 17 320 M M 3 8 28 310
18 17 0 9 -6 56 0 T M M 9.2 16 280 M M 3 22 230
19 17 6 12 -3 53 0 0.01 M M 13.1 25 290 M M 6 18 37 280
20 12 -1 6 -10 59 0 0.00 M M 10.1 20 320 M M 0 26 310
21 24 -6 9 -7 56 0 0.00 M M 9.4 16 150 M M 0 23 150
22 31 15 23 7 42 0 0.00 M M 10.9 18 150 M M 4 24 150
23 34 25 30 13 35 0 0.00 M M 8.3 17 330 M M 10 1 22 340
24 25 1 13 -4 52 0 T M M 17.9 29 330 M M 3 40 320
25 25 -4 11 -6 54 0 0.00 M M 8.8 15 290 M M 1 23 290
26 37 15 26 8 39 0 T M M 11.3 25 270 M M 5 35 280
27 47 15 31 13 34 0 0.00 M M 10.4 21 160 M M 2 30 160
28 47 37 42 24 23 0 0.32 M M 17.0 25 150 M M 10 12 42 150
29 46 1 24 5 41 0 0.04 M M 20.8 38 250 M M 9 18 57 250
================================================================================
SM 847 342 1283 0 0.70 M 311.7 M 123
================================================================================
AV 29.2 11.8 10.7 FASTST M M 4 MAX(MPH)
MISC ----> 38 250 57 250
================================================================================
NOTES:
# LAST OF SEVERAL OCCURRENCES
COLUMN 17 PEAK WIND IN M.P.H.
PRELIMINARY LOCAL CLIMATOLOGICAL DATA (WS FORM: F-6) , PAGE 2
STATION: FRENCHVILLE ME
MONTH: FEBRUARY
YEAR: 2024
LATITUDE: 47 16 N
LONGITUDE: 68 19 W
[TEMPERATURE DATA] [PRECIPITATION DATA] SYMBOLS USED IN COLUMN 16
AVERAGE MONTHLY: 20.5 TOTAL FOR MONTH: 0.70 1 = FOG OR MIST
DPTR FM NORMAL: 6.5 DPTR FM NORMAL: -0.17 2 = FOG REDUCING VISIBILITY
HIGHEST: 47 ON 28,27 GRTST 24HR 0.35 ON 28-29 TO 1/4 MILE OR LESS
LOWEST: -6 ON 21 3 = THUNDER
SNOW, ICE PELLETS, HAIL 4 = ICE PELLETS
TOTAL MONTH: M 5 = HAIL
GRTST 24HR M ON M 6 = FREEZING RAIN OR DRIZZLE
GRTST DEPTH: M ON M 7 = DUSTSTORM OR SANDSTORM:
VSBY 1/2 MILE OR LESS
8 = SMOKE OR HAZE
[NO. OF DAYS WITH] [WEATHER - DAYS WITH] 9 = BLOWING SNOW
X = TORNADO
MAX 32 OR BELOW: 18 0.01 INCH OR MORE: 8
MAX 90 OR ABOVE: 0 0.10 INCH OR MORE: 2
MIN 32 OR BELOW: 28 0.50 INCH OR MORE: 0
MIN 0 OR BELOW: 4 1.00 INCH OR MORE: 0
[HDD (BASE 65) ]
TOTAL THIS MO. 1283 CLEAR (SCALE 0-3) 14
DPTR FM NORMAL -145 PTCLDY (SCALE 4-7) 7
TOTAL FM JUL 1 5847 CLOUDY (SCALE 8-10) 8
DPTR FM NORMAL -819
[CDD (BASE 65) ]
TOTAL THIS MO. 0
DPTR FM NORMAL 0 [PRESSURE DATA]
TOTAL FM JAN 1 0 HIGHEST SLP 30.54 ON 21
DPTR FM NORMAL 0 LOWEST SLP 29.12 ON 28
[REMARKS]
#FINAL-02-24#