573
CXUS53 KIWX 010810
CF6FWA
PRELIMINARY LOCAL CLIMATOLOGICAL DATA (WS FORM: F-6)
STATION: FORT WAYNE
MONTH: MARCH
YEAR: 2021
LATITUDE: 41 0 N
LONGITUDE: 85 12 W
TEMPERATURE IN F: :PCPN: SNOW: WIND :SUNSHINE: SKY :PK WND
================================================================================
1 2 3 4 5 6A 6B 7 8 9 10 11 12 13 14 15 16 17 18
12Z AVG MX 2MIN
DY MAX MIN AVG DEP HDD CDD WTR SNW DPTH SPD SPD DIR MIN PSBL S-S WX SPD DR
================================================================================
1 39 24 32 -1 33 0 0.00 0.0 T 13.7 22 290 M M 5 34 300
2 39 19 29 -4 36 0 0.00 0.0 0 8.1 20 210 M M 0 24 220
3 57 28 43 10 22 0 0.00 0.0 0 10.6 18 270 M M 0 24 270
4 40 26 33 -1 32 0 0.00 0.0 0 8.6 20 360 M M 2 26 10
5 45 21 33 -1 32 0 0.00 0.0 0 8.1 18 310 M M 1 25 340
6 44 24 34 0 31 0 0.00 0.0 0 8.0 21 280 M M 1 27 280
7 47 19 33 -2 32 0 0.00 0.0 0 5.7 12 290 M M 3 16 300
8 65 30 48 13 17 0 0.00 0.0 0 12.3 28 240 M M 6 36 250
9 66 37 52 16 13 0 0.00 0.0 0 9.2 16 190 M M 6 23 180
10 70 45 58 22 7 0 0.00 0.0 0 18.1 32 210 M M 8 45 190
11 65 44 55 19 10 0 0.01 0.0 0 16.4 32 250 M M 7 44 250
12 57 28 43 6 22 0 0.00 0.0 0 8.4 20 320 M M 6 30 330
13 55 26 41 4 24 0 0.00 0.0 0 5.8 10 220 M M 5 18 20
14 56 31 44 6 21 0 0.00 0.0 0 10.8 18 90 M M 7 33 70
15 34 26 30 -8 35 0 0.10 0.1 0 16.7 30 90 M M 10 46 42 90
16 49 33 41 3 24 0 T 0.0 0 4.8 10 280 M M 9 18 14 280
17 61 28 45 6 20 0 0.04 0.0 0 8.6 23 70 M M 6 18 32 50
18 44 33 39 0 26 0 0.97 T 0 22.8 35 50 M M 10 1 50 60
19 46 28 37 -3 28 0 0.00 0.0 0 13.1 23 30 M M 1 31 40
20 55 25 40 0 25 0 0.00 0.0 0 5.4 10 90 M M 0 14 80
21 64 29 47 7 18 0 0.00 0.0 0 6.2 18 170 M M 2 23 170
22 67 34 51 10 14 0 0.00 0.0 0 6.2 18 200 M M 7 24 180
23 71 46 59 18 6 0 T 0.0 0 9.9 22 170 M M 9 30 160
24 71 42 57 16 8 0 0.03 0.0 0 15.7 31 240 M M 6 44 230
25 61 39 50 8 15 0 0.66 0.0 0 7.5 17 80 M M 9 13 24 60
26 59 42 51 9 14 0 0.27 0.0 0 11.0 28 320 M M 10 13 41 310
27 70 37 54 11 11 0 0.37 0.0 0 8.9 21 210 M M 7 138 32 300
28 53 34 44 1 21 0 0.23 0.0 0 15.2 31 290 M M 8 1 41 290
29 55 27 41 -2 24 0 0.00 0.0 0 8.7 14 170 M M 1 22 180
30 71 41 56 12 9 0 0.01 0.0 0 17.1 32 220 M M 6 1 42 200
31 54 32 43 -1 22 0 T 0.0 0 14.6 28 270 M M 6 1 35 270
================================================================================
SM 1730 978 652 0 2.69 0.1 336.2 M 164
================================================================================
AV 55.8 31.5 10.8 FASTST M M 5 MAX(MPH)
MISC ----> 35 50 50 60
================================================================================
NOTES:
# LAST OF SEVERAL OCCURRENCES
COLUMN 17 PEAK WIND IN M.P.H.
PRELIMINARY LOCAL CLIMATOLOGICAL DATA (WS FORM: F-6) , PAGE 2
STATION: FORT WAYNE
MONTH: MARCH
YEAR: 2021
LATITUDE: 41 0 N
LONGITUDE: 85 12 W
[TEMPERATURE DATA] [PRECIPITATION DATA] SYMBOLS USED IN COLUMN 16
AVERAGE MONTHLY: 43.7 TOTAL FOR MONTH: 2.69 1 = FOG OR MIST
DPTR FM NORMAL: 5.3 DPTR FM NORMAL: -0.02 2 = FOG REDUCING VISIBILITY
HIGHEST: 71 ON 30,24 GRTST 24HR 1.01 ON 17-18 TO 1/4 MILE OR LESS
LOWEST: 19 ON 7, 2 3 = THUNDER
SNOW, ICE PELLETS, HAIL 4 = ICE PELLETS
TOTAL MONTH: 0.1 INCH 5 = HAIL
GRTST 24HR 0.1 ON 15-15 6 = FREEZING RAIN OR DRIZZLE
GRTST DEPTH: T 7 = DUSTSTORM OR SANDSTORM:
VSBY 1/2 MILE OR LESS
8 = SMOKE OR HAZE
[NO. OF DAYS WITH] [WEATHER - DAYS WITH] 9 = BLOWING SNOW
X = TORNADO
MAX 32 OR BELOW: 0 0.01 INCH OR MORE: 10
MAX 90 OR ABOVE: 0 0.10 INCH OR MORE: 6
MIN 32 OR BELOW: 18 0.50 INCH OR MORE: 2
MIN 0 OR BELOW: 0 1.00 INCH OR MORE: 0
[HDD (BASE 65) ]
TOTAL THIS MO. 652 CLEAR (SCALE 0-3) 10
DPTR FM NORMAL -174 PTCLDY (SCALE 4-7) 15
TOTAL FM JUL 1 5021 CLOUDY (SCALE 8-10) 6
DPTR FM NORMAL -404
[CDD (BASE 65) ]
TOTAL THIS MO. 0
DPTR FM NORMAL 0 [PRESSURE DATA]
TOTAL FM JAN 1 0 HIGHEST SLP 30.61 ON 20
DPTR FM NORMAL 0 LOWEST SLP 29.34 ON 26
[REMARKS]
#FINAL-03-21#