000
CXUS53 KUNR 011030
CF6GCC
PRELIMINARY LOCAL CLIMATOLOGICAL DATA (WS FORM: F-6)
STATION: GILLETTE AIRPORT WY
MONTH: FEBRUARY
YEAR: 2023
LATITUDE: 44 20 N
LONGITUDE: 105 32 W
TEMPERATURE IN F: :PCPN: SNOW: WIND :SUNSHINE: SKY :PK WND
================================================================================
1 2 3 4 5 6A 6B 7 8 9 10 11 12 13 14 15 16 17 18
12Z AVG MX 2MIN
DY MAX MIN AVG DEP HDD CDD WTR SNW DPTH SPD SPD DIR MIN PSBL S-S WX SPD DR
================================================================================
1 33 17 25 0 40 0 0.00 M M 11.1 22 230 M M 2 26 230
2 40 6 23 -1 42 0 0.00 M M 7.5 24 230 M M 2 29 230
3 43 33 38 14 27 0 0.00 M M 22.4 35 230 M M 0 44 230
4 47 26 37 13 28 0 0.00 M M 7.2 30 230 M M 0 40 230
5 46 22 34 10 31 0 0.00 M M 15.8 35 180 M M 2 45 170
6 37 28 33 8 32 0 0.06 M M 14.2 26 310 M M 7 1 34 300
7 41 29 35 10 30 0 0.00 M M 12.1 22 220 M M 0 29 200
8 41 26 34 9 31 0 0.01 M M 13.5 33 310 M M 6 18 48 330
9 32 19 26 1 39 0 T M M 15.3 32 330 M M 3 1 43 310
10 43 22 33 8 32 0 0.00 M M 15.9 24 230 M M 0 31 220
11 43 17 30 5 35 0 0.00 M M 6.9 22 210 M M 0 29 210
12 45 23 34 9 31 0 0.00 M M 8.8 21 210 M M 0 28 220
13 47 27 37 12 28 0 0.00 M M 16.8 30 220 M M 0 37 230
14 33 11 22 -3 43 0 0.04 M M 19.7 31 350 M M 8 18 40 350
15 20 -4 8 -18 57 0 0.00 M M 9.5 24 330 M M 3 31 330
16 29 10 20 -6 45 0 0.00 M M 13.9 24 220 M M 0 31 220
17 39 20 30 4 35 0 0.00 M M 13.0 26 220 M M 0 33 210
18 43 12 28 2 37 0 T M M 5.9 23 330 M M 2 1 30 340
19 37 25 31 4 34 0 0.01 M M 10.0 17 210 M M 6 1 22 210
20 32 15 24 -3 41 0 0.49 M M 9.8 29 170 M M 8 128 37 170
21 40 3 22 -5 43 0 0.15 M M 22.8 33 220 M M 9 12 44 220
22 3 -11 -4 -32 69 0 0.39 M M 12.6 21 20 M M 10 18 26 20
23 -3 -33 -18 -46 83 0 0.00 M M 2.7 10 160 M M 1 18 11 170
24 24 -23 1 -27 64 0 0.00 M M 14.9 33 220 M M 1 8 42 230
25 37 20 29 1 36 0 0.00 M M 25.6 38 220 M M 0 8 47 220
26 43 34 39 10 26 0 0.00 M M 24.9 40 220 M M 0 8 54 220
27 38 20 29 0 36 0 T M M 9.4 26 230 M M 6 1 35 230
28 39 23 31 1 34 0 0.03 M M 17.1 33 220 M M 3 12 46 210
================================================================================
SM 992 417 1109 0 1.18 M 379.3 M 79
================================================================================
AV 35.4 14.9 13.5 FASTST M M 3 MAX(MPH)
MISC ----> 40 220 54 220
================================================================================
NOTES:
# LAST OF SEVERAL OCCURRENCES
COLUMN 17 PEAK WIND IN M.P.H.
PRELIMINARY LOCAL CLIMATOLOGICAL DATA (WS FORM: F-6) , PAGE 2
STATION: GILLETTE AIRPORT WY
MONTH: FEBRUARY
YEAR: 2023
LATITUDE: 44 20 N
LONGITUDE: 105 32 W
[TEMPERATURE DATA] [PRECIPITATION DATA] SYMBOLS USED IN COLUMN 16
AVERAGE MONTHLY: 25.2 TOTAL FOR MONTH: 1.18 1 = FOG OR MIST
DPTR FM NORMAL: -0.9 DPTR FM NORMAL: 0.75 2 = FOG REDUCING VISIBILITY
HIGHEST: 47 ON 13, 4 GRTST 24HR 0.49 ON 20-20 TO 1/4 MILE OR LESS
LOWEST: -33 ON 23 3 = THUNDER
SNOW, ICE PELLETS, HAIL 4 = ICE PELLETS
TOTAL MONTH: M 5 = HAIL
GRTST 24HR M ON M 6 = FREEZING RAIN OR DRIZZLE
GRTST DEPTH: M ON M 7 = DUSTSTORM OR SANDSTORM:
VSBY 1/2 MILE OR LESS
8 = SMOKE OR HAZE
[NO. OF DAYS WITH] [WEATHER - DAYS WITH] 9 = BLOWING SNOW
X = TORNADO
MAX 32 OR BELOW: 7 0.01 INCH OR MORE: 8
MAX 90 OR ABOVE: 0 0.10 INCH OR MORE: 3
MIN 32 OR BELOW: 26 0.50 INCH OR MORE: 0
MIN 0 OR BELOW: 4 1.00 INCH OR MORE: 0
[HDD (BASE 65) ]
TOTAL THIS MO. 1109 CLEAR (SCALE 0-3) 18
DPTR FM NORMAL 20 PTCLDY (SCALE 4-7) 7
TOTAL FM JUL 1 5466 CLOUDY (SCALE 8-10) 3
DPTR FM NORMAL 102
[CDD (BASE 65) ]
TOTAL THIS MO. 0
DPTR FM NORMAL 0 [PRESSURE DATA]
TOTAL FM JAN 1 0 HIGHEST SLP 30.65 ON 23
DPTR FM NORMAL 0 LOWEST SLP 29.21 ON 14
[REMARKS]
#FINAL-02-23#