000
CXUS53 KUNR 010930
CF6GCC
PRELIMINARY LOCAL CLIMATOLOGICAL DATA (WS FORM: F-6)
STATION: GILLETTE AIRPORT WY
MONTH: APRIL
YEAR: 2021
LATITUDE: 44 20 N
LONGITUDE: 105 32 W
TEMPERATURE IN F: :PCPN: SNOW: WIND :SUNSHINE: SKY :PK WND
================================================================================
1 2 3 4 5 6A 6B 7 8 9 10 11 12 13 14 15 16 17 18
12Z AVG MX 2MIN
DY MAX MIN AVG DEP HDD CDD WTR SNW DPTH SPD SPD DIR MIN PSBL S-S WX SPD DR
================================================================================
1 70 29 50 12 15 0 0.00 M M 12.7 23 210 M M 0 31 220
2 71 38 55 16 10 0 0.00 M M 9.4 28 240 M M 0 37 220
3 72 37 55 16 10 0 0.00 M M 8.3 20 320 M M 0 26 340
4 72 37 55 16 10 0 0.00 M M 8.3 21 190 M M 0 26 190
5 60 43 52 12 13 0 0.00 M M 15.9 26 10 M M 1 36 360
6 43 30 37 -3 28 0 0.28 M M 9.2 20 10 M M 10 1 24 10
7 59 31 45 5 20 0 0.00 M M 8.5 14 340 M M 3 20 330
8 66 29 48 8 17 0 0.15 M M 12.6 53 310 M M 4 1 66 310
9 47 28 38 -2 27 0 0.03 M M 13.5 28 330 M M 5 1 35 330
10 68 32 50 9 15 0 0.00 M M 14.0 37 330 M M 0 49 330
11 40 23 32 -9 33 0 T M M 20.2 36 300 M M 7 1 44 300
12 40 22 31 -10 34 0 T M M 19.3 35 330 M M 6 8 45 300
13 37 16 27 -15 38 0 T M M 17.0 25 340 M M 9 8 37 290
14 32 15 24 -18 41 0 0.00 M M 8.4 15 360 M M 9 20 290
15 32 26 29 -13 36 0 0.39 M M 6.3 13 360 M M 10 12 16 360
16 38 29 34 -9 31 0 0.03 M M 10.7 21 350 M M 9 18 25 350
17 54 26 40 -3 25 0 0.00 M M 8.1 21 340 M M 2 30 360
18 61 28 45 2 20 0 0.11 M M 15.4 26 340 M M 5 1 37 340
19 30 22 26 -18 39 0 0.15 M M 13.7 23 340 M M 9 18 30 360
20 31 15 23 -21 42 0 0.03 M M 13.8 30 330 M M 9 128 41 340
21 44 13 29 -15 36 0 0.00 M M 9.7 17 160 M M 1 22 160
22 57 26 42 -3 23 0 0.00 M M 10.9 22 340 M M 1 28 340
23 36 25 31 -14 34 0 T M M 9.1 18 10 M M 9 8 22 10
24 57 24 41 -4 24 0 0.00 M M 14.6 26 160 M M 3 31 160
25 63 37 50 4 15 0 T M M 7.4 21 180 M M 4 28 180
26 58 37 48 2 17 0 T M M 9.9 21 360 M M 7 1 26 350
27 56 31 44 -2 21 0 0.00 M M 6.5 14 10 M M 9 20 60
28 63 31 47 0 18 0 0.00 M M 8.8 20 330 M M 0 25 300
29 71 34 53 6 12 0 0.00 M M 9.9 21 310 M M 1 26 320
30 82 51 67 19 0 2 0.00 M M 10.3 20 230 M M 0 24 230
================================================================================
SM 1610 865 704 2 1.17 M 342.4 M 133
================================================================================
AV 53.7 28.8 11.4 FASTST M M 4 MAX(MPH)
MISC ----> 53 310 66 310
================================================================================
NOTES:
# LAST OF SEVERAL OCCURRENCES
COLUMN 17 PEAK WIND IN M.P.H.
PRELIMINARY LOCAL CLIMATOLOGICAL DATA (WS FORM: F-6) , PAGE 2
STATION: GILLETTE AIRPORT WY
MONTH: APRIL
YEAR: 2021
LATITUDE: 44 20 N
LONGITUDE: 105 32 W
[TEMPERATURE DATA] [PRECIPITATION DATA] SYMBOLS USED IN COLUMN 16
AVERAGE MONTHLY: 41.3 TOTAL FOR MONTH: 1.17 1 = FOG OR MIST
DPTR FM NORMAL: -1.5 DPTR FM NORMAL: -0.30 2 = FOG REDUCING VISIBILITY
HIGHEST: 82 ON 30 GRTST 24HR 0.40 ON 15-16 TO 1/4 MILE OR LESS
LOWEST: 13 ON 21 3 = THUNDER
SNOW, ICE PELLETS, HAIL 4 = ICE PELLETS
TOTAL MONTH: M 5 = HAIL
GRTST 24HR M ON M 6 = FREEZING RAIN OR DRIZZLE
GRTST DEPTH: M ON M 7 = DUSTSTORM OR SANDSTORM:
VSBY 1/2 MILE OR LESS
8 = SMOKE OR HAZE
[NO. OF DAYS WITH] [WEATHER - DAYS WITH] 9 = BLOWING SNOW
X = TORNADO
MAX 32 OR BELOW: 4 0.01 INCH OR MORE: 8
MAX 90 OR ABOVE: 0 0.10 INCH OR MORE: 5
MIN 32 OR BELOW: 22 0.50 INCH OR MORE: 0
MIN 0 OR BELOW: 0 1.00 INCH OR MORE: 0
[HDD (BASE 65) ]
TOTAL THIS MO. 704 CLEAR (SCALE 0-3) 14
DPTR FM NORMAL 35 PTCLDY (SCALE 4-7) 7
TOTAL FM JUL 1 6844 CLOUDY (SCALE 8-10) 9
DPTR FM NORMAL -171
[CDD (BASE 65) ]
TOTAL THIS MO. 2
DPTR FM NORMAL 2 [PRESSURE DATA]
TOTAL FM JAN 1 2 HIGHEST SLP 30.43 ON 13
DPTR FM NORMAL 2 LOWEST SLP 29.47 ON 10
[REMARKS]
#FINAL-04-21#