000
CXUS51 KPHI 010815
CF6GED
PRELIMINARY LOCAL CLIMATOLOGICAL DATA (WS FORM: F-6)
STATION: GEORGETOWN DE
MONTH: OCTOBER
YEAR: 2022
LATITUDE: 38 41 N
LONGITUDE: 75 22 W
TEMPERATURE IN F: :PCPN: SNOW: WIND :SUNSHINE: SKY :PK WND
================================================================================
1 2 3 4 5 6A 6B 7 8 9 10 11 12 13 14 15 16 17 18
12Z AVG MX 2MIN
DY MAX MIN AVG DEP HDD CDD WTR SNW DPTH SPD SPD DIR MIN PSBL S-S WX SPD DR
================================================================================
1 72 64 68 3 0 3 1.20 M M 15.4 30 60 M M 10 18 41 40
2 66 51 59 -6 6 0 0.50 M M 16.7 25 20 M M 10 1 39 30
3 52 49 51 -13 14 0 0.66 M M 16.0 25 30 M M 10 1 38 20
4 55 48 52 -12 13 0 0.62 M M 10.0 17 10 M M 10 1 25 360
5 63 54 59 -5 6 0 0.23 M M 6.4 14 10 M M 10 1 21 360
6 77 52 65 2 0 0 0.00 M M 1.8 8 270 M M 1 1 10 270
7 79 53 66 3 0 1 0.00 M M 4.3 10 330 M M 1 8 18 340
8 64 43 54 -8 11 0 T M M 5.5 15 10 M M 3 21 10
9 64 38 51 -11 14 0 0.00 M M 3.6 15 260 M M 0 23 300
10 70 40 55 -7 10 0 0.00 M M 2.4 12 240 M M 0 1 18 270
11 75 43 59 -2 6 0 0.00 M M 1.6 10 170 M M 0 18 13 170
12 74 43 59 -2 6 0 0.00 M M 5.2 16 210 M M 1 20 210
13 72 60 66 6 0 1 T M M 8.1 18 170 M M 8 1 25 340
14 72 45 59 -1 6 0 0.03 M M 3.3 16 10 M M 5 1 24 10
15 76 42 59 -1 6 0 0.00 M M 5.7 18 210 M M 0 1 24 220
16 73 51 62 3 3 0 0.06 M M 3.4 10 40 M M 1 1 13 210
17 69 53 61 2 4 0 0.15 M M 8.5 18 210 M M 9 1 23 220
18 59 40 50 -8 15 0 0.02 M M 3.6 14 290 M M 5 22 300
19 58 33 46 -12 19 0 0.00 M M 5.8 20 220 M M 1 24 210
20 63 35 49 -9 16 0 0.00 M M 6.3 21 220 M M 0 27 220
21 69 38 54 -3 11 0 0.00 M M 2.1 13 120 M M 0 1 16 110
22 69 39 54 -3 11 0 0.00 M M 2.9 10 100 M M 0 1 15 120
23 64 54 59 2 6 0 0.52 M M 10.8 21 40 M M 10 1 26 40
24 62 56 59 3 6 0 0.02 M M 3.9 13 30 M M 10 1 18 30
25 66 58 62 6 3 0 0.00 M M 1.4 7 300 M M 10 12 8 300
26 70 59 65 9 0 0 T M M 3.7 13 220 M M 8 12 16 210
27 68 52 60 5 5 0 0.00 M M 6.3 15 30 M M 1 23 20
28 63 53 58 3 7 0 T M M 12.0 23 50 M M 6 29 50
29 62 45 54 0 11 0 0.00 M M 7.4 17 30 M M 5 26 40
30 64 47 56 2 9 0 0.00 M M 3.5 9 60 M M 9 12 12 40
31 73 46 60 6 5 0 0.19 M M 3.6 13 220 M M 6 12 17 230
================================================================================
SM 2083 1484 229 5 4.20 M 191.2 M 150
================================================================================
AV 67.2 47.9 6.2 FASTST M M 5 MAX(MPH)
MISC ----> 30 60 41 40
================================================================================
NOTES:
# LAST OF SEVERAL OCCURRENCES
COLUMN 17 PEAK WIND IN M.P.H.
PRELIMINARY LOCAL CLIMATOLOGICAL DATA (WS FORM: F-6) , PAGE 2
STATION: GEORGETOWN DE
MONTH: OCTOBER
YEAR: 2022
LATITUDE: 38 41 N
LONGITUDE: 75 22 W
[TEMPERATURE DATA] [PRECIPITATION DATA] SYMBOLS USED IN COLUMN 16
AVERAGE MONTHLY: 57.5 TOTAL FOR MONTH: 4.20 1 = FOG OR MIST
DPTR FM NORMAL: -1.8 DPTR FM NORMAL: 0.09 2 = FOG REDUCING VISIBILITY
HIGHEST: 79 ON 7 GRTST 24HR 1.74 ON 30- 1 TO 1/4 MILE OR LESS
LOWEST: 33 ON 19 3 = THUNDER
SNOW, ICE PELLETS, HAIL 4 = ICE PELLETS
TOTAL MONTH: M 5 = HAIL
GRTST 24HR M ON M 6 = FREEZING RAIN OR DRIZZLE
GRTST DEPTH: M ON M 7 = DUSTSTORM OR SANDSTORM:
VSBY 1/2 MILE OR LESS
8 = SMOKE OR HAZE
[NO. OF DAYS WITH] [WEATHER - DAYS WITH] 9 = BLOWING SNOW
X = TORNADO
MAX 32 OR BELOW: 0 0.01 INCH OR MORE: 12
MAX 90 OR ABOVE: 0 0.10 INCH OR MORE: 8
MIN 32 OR BELOW: 0 0.50 INCH OR MORE: 5
MIN 0 OR BELOW: 0 1.00 INCH OR MORE: 1
[HDD (BASE 65) ]
TOTAL THIS MO. 229 CLEAR (SCALE 0-3) 13
DPTR FM NORMAL 15 PTCLDY (SCALE 4-7) 7
TOTAL FM JUL 1 251 CLOUDY (SCALE 8-10) 11
DPTR FM NORMAL 12
[CDD (BASE 65) ]
TOTAL THIS MO. 5
DPTR FM NORMAL -33 [PRESSURE DATA]
TOTAL FM JAN 1 1521 HIGHEST SLP 30.45 ON 29
DPTR FM NORMAL 129 LOWEST SLP 29.58 ON 17
[REMARKS]
#FINAL-10-22#