000
CXUS51 KPHI 010915
CF6GED
PRELIMINARY LOCAL CLIMATOLOGICAL DATA (WS FORM: F-6)
STATION: GEORGETOWN DE
MONTH: DECEMBER
YEAR: 2020
LATITUDE: 38 41 N
LONGITUDE: 75 22 W
TEMPERATURE IN F: :PCPN: SNOW: WIND :SUNSHINE: SKY :PK WND
================================================================================
1 2 3 4 5 6A 6B 7 8 9 10 11 12 13 14 15 16 17 18
12Z AVG MX 2MIN
DY MAX MIN AVG DEP HDD CDD WTR SNW DPTH SPD SPD DIR MIN PSBL S-S WX SPD DR
================================================================================
1 55 39 47 3 18 0 T M M 7.3 20 230 M M 6 29 230
2 48 32 40 -3 25 0 0.00 M M 6.1 17 290 M M 4 27 280
3 54 28 41 -2 24 0 0.00 M M 4.0 14 230 M M 0 17 230
4 61 44 53 10 12 0 0.50 M M 8.4 20 230 M M 4 1 25 220
5 53 43 48 6 17 0 1.85 M M 10.7 26 50 M M 10 1 35 320
6 46 32 39 -3 26 0 0.00 M M 5.5 18 280 M M 3 26 280
7 39 33 36 -6 29 0 0.00 M M 4.0 9 340 M M 5 15 350
8 44 32 38 -3 27 0 0.00 M M 6.2 16 310 M M 3 27 300
9 46 28 37 -4 28 0 0.00 M M 3.6 16 220 M M 2 20 220
10 53 28 41 0 24 0 0.00 M M 2.8 10 280 M M 0 1 14 320
11 64 29 47 7 18 0 0.00 M M 5.8 20 210 M M 0 18 23 210
12 67 50 59 19 6 0 0.00 M M 9.1 21 210 M M 5 29 220
13 68 46 57 17 8 0 T M M 9.6 16 220 M M 5 23 230
14 49 35 42 2 23 0 0.72 M M 7.7 17 330 M M M 25 330
15 45 29 37 -2 28 0 0.00 M M 3.9 12 20 M M 0 19 10
16 53 30 42 3 23 0 1.63 M M 13.5 30 60 M M 7 18 44 70
17 53 29 41 2 24 0 0.02 M M 7.4 22 290 M M 8 1 33 280
18 40 29 35 -3 30 0 0.00 M M 5.3 16 330 M M 3 25 320
19 37 26 32 -6 33 0 0.00 M M 1.7 7 230 M M 0 9 300
20 43 28 36 -2 29 0 0.16 M M 2.2 12 170 M M 7 1 16 170
21 48 38 43 5 22 0 0.02 M M 5.4 15 230 M M 8 18 18 220
22 50 36 43 5 22 0 0.03 M M 8.1 22 290 M M 4 1 34 290
23 50 27 39 2 26 0 0.00 M M 5.0 14 160 M M 0 18 170
24 67 43 55 18 10 0 0.69 M M 19.7 41 160 M M 7 1 59 160
25 67 28 48 11 17 0 0.30 M M 11.6 32 220 M M 8 1 45 170
26 35 25 30 -7 35 0 0.00 M M 7.0 17 240 M M 2 25 280
27 43 22 33 -3 32 0 0.00 M M 2.3 12 110 M M 0 14 110
28 55 29 42 6 23 0 0.00 M M 7.1 20 220 M M 2 23 220
29 43 23 33 -3 32 0 0.00 M M 4.5 16 330 M M 0 25 320
30 51 26 39 3 26 0 T M M 7.1 18 190 M M 2 24 190
31 57 43 50 14 15 0 T M M 10.0 21 230 M M 9 31 210
================================================================================
SM 1584 1010 712 0 5.92 M 212.6 M 114
================================================================================
AV 51.1 32.6 6.9 FASTST M M 4 MAX(MPH)
MISC ----> 41 160 59 160
================================================================================
NOTES:
# LAST OF SEVERAL OCCURRENCES
COLUMN 17 PEAK WIND IN M.P.H.
PRELIMINARY LOCAL CLIMATOLOGICAL DATA (WS FORM: F-6) , PAGE 2
STATION: GEORGETOWN DE
MONTH: DECEMBER
YEAR: 2020
LATITUDE: 38 41 N
LONGITUDE: 75 22 W
[TEMPERATURE DATA] [PRECIPITATION DATA] SYMBOLS USED IN COLUMN 16
AVERAGE MONTHLY: 41.8 TOTAL FOR MONTH: 5.92 1 = FOG OR MIST
DPTR FM NORMAL: 2.6 DPTR FM NORMAL: 2.63 2 = FOG REDUCING VISIBILITY
HIGHEST: 68 ON 13 GRTST 24HR 2.35 ON 4- 5 TO 1/4 MILE OR LESS
LOWEST: 22 ON 27 3 = THUNDER
SNOW, ICE PELLETS, HAIL 4 = ICE PELLETS
TOTAL MONTH: M 5 = HAIL
GRTST 24HR M ON M 6 = FREEZING RAIN OR DRIZZLE
GRTST DEPTH: M ON M 7 = DUSTSTORM OR SANDSTORM:
VSBY 1/2 MILE OR LESS
8 = SMOKE OR HAZE
[NO. OF DAYS WITH] [WEATHER - DAYS WITH] 9 = BLOWING SNOW
X = TORNADO
MAX 32 OR BELOW: 0 0.01 INCH OR MORE: 10
MAX 90 OR ABOVE: 0 0.10 INCH OR MORE: 7
MIN 32 OR BELOW: 20 0.50 INCH OR MORE: 5
MIN 0 OR BELOW: 0 1.00 INCH OR MORE: 2
[HDD (BASE 65) ]
TOTAL THIS MO. 712 CLEAR (SCALE 0-3) 14
DPTR FM NORMAL -86 PTCLDY (SCALE 4-7) 11
TOTAL FM JUL 1 1211 CLOUDY (SCALE 8-10) 6
DPTR FM NORMAL -370
[CDD (BASE 65) ]
TOTAL THIS MO. 0
DPTR FM NORMAL 0 [PRESSURE DATA]
TOTAL FM JAN 1 1597 HIGHEST SLP 30.58 ON 30
DPTR FM NORMAL 401 LOWEST SLP 29.46 ON 25
[REMARKS]
#FINAL-12-20#