000
CXUS51 KPHI 011242
CLMGED
CLIMATE REPORT
NATIONAL WEATHER SERVICE MOUNT HOLLY NJ
842 AM EDT TUE AUG 01 2023
...................................
...THE GEORGETOWN DE CLIMATE SUMMARY FOR THE MONTH OF JULY 2023...
CLIMATE NORMAL PERIOD: 1991 TO 2020
CLIMATE RECORD PERIOD: 1948 TO 2023
WEATHER OBSERVED NORMAL DEPART LAST YEAR`S
VALUE DATE(S) VALUE FROM VALUE
NORMAL
..............................................................
TEMPERATURE (F)
RECORD
HIGH 104 07/23/2011
07/22/2011
LOW 43 07/02/1952
HIGHEST 95 MM MM 96
LOWEST 63 MM MM 58
AVG. MAXIMUM 87.9 87.7 0.2 89.4
AVG. MINIMUM 69.6 69.5 0.1 70.6
MEAN 78.7 78.6 0.1 80.0
DAYS MAX >= 90 12 12.0 0.0 20
DAYS MAX <= 32 0 0.0 0.0 0
DAYS MIN <= 32 0 0.0 0.0 0
DAYS MIN <= 0 0 0.0 0.0 0
PRECIPITATION (INCHES)
RECORD
MAXIMUM 12.97 1959
MINIMUM 0.04 1952
TOTALS 6.29 4.14 2.15 3.66
DAILY AVG. 0.20 0.13 0.07 0.12
DAYS >= .01 13 11.2 1.8 13
DAYS >= .10 8 6.1 1.9 8
DAYS >= .50 5 2.6 2.4 4
DAYS >= 1.00 3 1.2 1.8 0
GREATEST
24 HR. TOTAL 1.52 07/19 TO 07/19 0.90
DEGREE DAYS
HEATING TOTAL 0 0 0 0
SINCE 7/1 0 0 0 MM
COOLING TOTAL 432 422 10 473
SINCE 1/1 747 807 -60 MM
..............................................................
WIND (MPH)
AVERAGE WIND SPEED 5.4
HIGHEST WIND SPEED/DIRECTION 29/280 DATE 07/29
HIGHEST GUST SPEED/DIRECTION 45/290 DATE 07/29
SKY COVER
POSSIBLE SUNSHINE (PERCENT) MM
AVERAGE SKY COVER 0.21
NUMBER OF DAYS FAIR 23
NUMBER OF DAYS PC 8
NUMBER OF DAYS CLOUDY 0
AVERAGE RH (PERCENT) 72
WEATHER CONDITIONS. NUMBER OF DAYS WITH
THUNDERSTORM 13 MIXED PRECIP 0
HEAVY RAIN 6 RAIN 8
LIGHT RAIN 15 FREEZING RAIN 0
LT FREEZING RAIN 0 HEAVY SNOW 0
SNOW 0 LIGHT SNOW 0
SLEET 0 FOG 16
FOG W/VIS <= 1/4 MILE 3 HAZE 9
- INDICATES NEGATIVE NUMBERS.
R INDICATES RECORD WAS SET OR TIED.
MM INDICATES DATA IS MISSING.
T INDICATES TRACE AMOUNT.
$$