000
CXUS54 KSHV 030353
CF6GGG
PRELIMINARY LOCAL CLIMATOLOGICAL DATA (WS FORM: F-6)
STATION: LONGVIEW
MONTH: JULY
YEAR: 2023
LATITUDE: 32 22 N
LONGITUDE: 94 43 W
TEMPERATURE IN F: :PCPN: SNOW: WIND :SUNSHINE: SKY :PK WND
================================================================================
1 2 3 4 5 6A 6B 7 8 9 10 11 12 13 14 15 16 17 18
12Z AVG MX 2MIN
DY MAX MIN AVG DEP HDD CDD WTR SNW DPTH SPD SPD DIR MIN PSBL S-S WX SPD DR
================================================================================
1 95 77 86 3 0 21 0.00 0.0 0 6.6 14 210 M M 0 8 22 190
2 93 76 85 2 0 20 0.29 0.0 0 7.0 43 280 M M 0 3 60 290
3 94 76 85 2 0 20 0.09 0.0 0 5.0 16 30 M M 1 3 24 30
4 94 75 85 2 0 20 T 0.0 0 6.1 17 40 M M 2 26 60
5 92 75 84 1 0 19 T 0.0 0 5.2 16 180 M M 1 3 21 200
6 95 75 85 2 0 20 0.14 0.0 0 6.8 28 220 M M 3 13 43 230
7 93 74 84 1 0 19 0.00 0.0 0 6.9 15 230 M M 1 23 230
8 95 73 84 1 0 19 0.58 0.0 0 7.2 23 360 M M 2 13 36 360
9 90 72 81 -3 0 16 0.01 0.0 0 5.4 17 350 M M 2 3 29 330
10 92 76 84 0 0 19 0.11 0.0 0 4.6 10 70 M M 5 3 14 70
11 90 78 84 0 0 19 0.04 0.0 0 5.9 16 200 M M 2 3 23 330
12 96 80 88 4 0 23 0.00 0.0 0 11.1 17 220 M M 2 25 200
13 97 79 88 4 0 23 0.00 0.0 0 8.9 17 200 M M 0 24 190
14 97 77 87 3 0 22 0.00 0.0 0 7.8 16 180 M M 1 22 170
15 98 78 88 4 0 23 0.00 0.0 0 6.2 18 220 M M 1 27 240
16 93 73 83 -1 0 18 0.32 0.0 0 4.3 21 310 M M 2 38 27 350
17 98 73 86 2 0 21 0.00 0.0 0 5.5 13 170 M M 0 18 180
18 101 78 90 6 0 25 0.00 0.0 0 9.0 15 220 M M 0 21 210
19 99 77 88 4 0 23 0.00 0.0 0 8.2 17 200 M M 0 23 210
20 99 79 89 5 0 24 0.00 0.0 0 5.8 15 210 M M 0 19 200
21 98 77 88 4 0 23 0.00 0.0 0 4.7 12 270 M M 0 16 300
22 92 73 83 -1 0 18 0.00 0.0 0 4.1 10 350 M M 5 15 330
23 93 69 81 -3 0 16 0.00 0.0 0 3.0 12 60 M M 0 16 70
24 98 67 83 -2 0 18 0.00 0.0 0 3.9 13 150 M M 0 16 160
25 100 72 86 1 0 21 0.00 0.0 0 5.4 15 200 M M 1 25 200
26 100 76 88 3 0 23 0.00 0.0 0 5.8 16 190 M M 0 21 220
27 100 75 88 3 0 23 0.00 0.0 0 6.0 15 200 M M 1 21 190
28 99 74 87 2 0 22 0.00 0.0 0 4.8 13 200 M M 1 19 160
29 100 75 88 3 0 23 0.00 0.0 0 3.9 10 70 M M 0 15 60
30 103 75 89 4 0 24 0.00 0.0 0 3.8 9 20 M M 0 14 300
31 102 75 89 4 0 24 0.00 0.0 0 5.0 14 70 M M 0 19 90
================================================================================
SM 2986 2329 0 649 1.58 0.0 183.9 M 33
================================================================================
AV 96.3 75.1 5.9 FASTST M M 1 MAX(MPH)
MISC ----> 43 280 60 290
================================================================================
NOTES:
# LAST OF SEVERAL OCCURRENCES
COLUMN 17 PEAK WIND IN M.P.H.
PRELIMINARY LOCAL CLIMATOLOGICAL DATA (WS FORM: F-6) , PAGE 2
STATION: LONGVIEW
MONTH: JULY
YEAR: 2023
LATITUDE: 32 22 N
LONGITUDE: 94 43 W
[TEMPERATURE DATA] [PRECIPITATION DATA] SYMBOLS USED IN COLUMN 16
AVERAGE MONTHLY: 85.7 TOTAL FOR MONTH: 1.58 1 = FOG OR MIST
DPTR FM NORMAL: 1.8 DPTR FM NORMAL: -0.88 2 = FOG REDUCING VISIBILITY
HIGHEST: 103 ON 30 GRTST 24HR 0.58 ON 8- 8 TO 1/4 MILE OR LESS
LOWEST: 67 ON 24 3 = THUNDER
SNOW, ICE PELLETS, HAIL 4 = ICE PELLETS
TOTAL MONTH: 0.0 INCH 5 = HAIL
GRTST 24HR 0.0 6 = FREEZING RAIN OR DRIZZLE
GRTST DEPTH: 0 7 = DUSTSTORM OR SANDSTORM:
VSBY 1/2 MILE OR LESS
8 = SMOKE OR HAZE
[NO. OF DAYS WITH] [WEATHER - DAYS WITH] 9 = BLOWING SNOW
X = TORNADO
MAX 32 OR BELOW: 0 0.01 INCH OR MORE: 8
MAX 90 OR ABOVE: 31 0.10 INCH OR MORE: 5
MIN 32 OR BELOW: 0 0.50 INCH OR MORE: 1
MIN 0 OR BELOW: 0 1.00 INCH OR MORE: 0
[HDD (BASE 65) ]
TOTAL THIS MO. 0 CLEAR (SCALE 0-3) 29
DPTR FM NORMAL 0 PTCLDY (SCALE 4-7) 2
TOTAL FM JUL 1 0 CLOUDY (SCALE 8-10) 0
DPTR FM NORMAL 0
[CDD (BASE 65) ]
TOTAL THIS MO. 649
DPTR FM NORMAL 62 [PRESSURE DATA]
TOTAL FM JAN 1 1611 HIGHEST SLP 30.11 ON 25
DPTR FM NORMAL 134 LOWEST SLP 29.78 ON 13
[REMARKS]
#FINAL-07-23#