000
CXUS55 KGGW 220810
CF6GGW
PRELIMINARY LOCAL CLIMATOLOGICAL DATA (WS FORM: F-6)
STATION: GLASGOW MT
MONTH: APRIL
YEAR: 2024
LATITUDE: 48 13 N
LONGITUDE: 106 37 W
TEMPERATURE IN F: :PCPN: SNOW: WIND :SUNSHINE: SKY :PK WND
================================================================================
1 2 3 4 5 6A 6B 7 8 9 10 11 12 13 14 15 16 17 18
12Z AVG MX 2MIN
DY MAX MIN AVG DEP HDD CDD WTR SNW DPTH SPD SPD DIR MIN PSBL S-S WX SPD DR
================================================================================
1 57 26 42 2 23 0 0.00 0.0 T 11.1 21 310 M M 0 1 25 310
2 60 31 46 6 19 0 0.00 0.0 T 7.3 15 120 M M 0 19 130
3 77 34 56 16 9 0 0.00 0.0 0 11.6 24 320 M M 1 29 330
4 76 43 60 19 5 0 T 0.0 0 15.6 25 110 M M 1 32 120
5 69 43 56 15 9 0 0.00 0.0 0 12.4 24 130 M M 0 30 120
6 58 40 49 7 16 0 0.01 0.0 0 11.3 20 310 M M 4 25 320
7 47 41 44 2 21 0 0.21 0.0 0 14.3 20 310 M M 9 1 25 310
8 55 41 48 6 17 0 0.04 0.0 0 10.3 20 330 M M 9 1 24 330
9 65 36 51 8 14 0 T 0.0 0 12.8 43 320 M M 2 63 320
10 57 33 45 2 20 0 0.07 T 0 19.6 35 340 M M 5 1 49 340
11 59 28 44 1 21 0 0.00 0.0 0 7.1 14 100 M M 0 17 100
12 76 36 56 12 9 0 0.00 0.0 0 11.9 23 130 M M 0 28 130
13 74 42 58 14 7 0 0.00 0.0 0 10.0 25 310 M M 1 33 300
14 77 42 60 16 5 0 0.00 0.0 0 10.7 20 180 M M 1 25 180
15 66 46 56 11 9 0 0.00 0.0 0 8.8 22 90 M M 2 28 90
16 65 40 53 8 12 0 0.00 0.0 0 18.7 35 300 M M 3 46 310
17 42 30 36 -9 29 0 T T 0 24.2 36 310 M M 9 5 46 320
18 36 28 32 -14 33 0 T T 0 21.3 32 320 M M 9 46 300
19 37 25 31 -15 34 0 T T 0 15.0 25 330 M M 9 33 330
20 52 18 35 -11 30 0 0.00 0.0 0 6.5 14 330 M M 1 20 330
21 73 27 50 3 15 0 0.00 0.0 0 14.2 25 320 M M 1 36 330
================================================================================
SM 1278 730 357 0 0.33 T 274.7 M 67
================================================================================
AV 60.9 34.8 13.1 FASTST M M 3 MAX(MPH)
MISC ----> 43 320 63 320
================================================================================
NOTES:
# LAST OF SEVERAL OCCURRENCES
COLUMN 17 PEAK WIND IN M.P.H.
PRELIMINARY LOCAL CLIMATOLOGICAL DATA (WS FORM: F-6) , PAGE 2
STATION: GLASGOW MT
MONTH: APRIL
YEAR: 2024
LATITUDE: 48 13 N
LONGITUDE: 106 37 W
[TEMPERATURE DATA] [PRECIPITATION DATA] SYMBOLS USED IN COLUMN 16
AVERAGE MONTHLY: 47.8 TOTAL FOR MONTH: 0.33 1 = FOG OR MIST
DPTR FM NORMAL: 4.5 DPTR FM NORMAL: -0.29 2 = FOG REDUCING VISIBILITY
HIGHEST: 77 ON 14, 3 GRTST 24HR 0.22 ON 7- 8 TO 1/4 MILE OR LESS
LOWEST: 18 ON 20 3 = THUNDER
SNOW, ICE PELLETS, HAIL 4 = ICE PELLETS
TOTAL MONTH: T 5 = HAIL
GRTST 24HR T ON 10-10 6 = FREEZING RAIN OR DRIZZLE
GRTST DEPTH: 1 ON M 7 = DUSTSTORM OR SANDSTORM:
VSBY 1/2 MILE OR LESS
8 = SMOKE OR HAZE
[NO. OF DAYS WITH] [WEATHER - DAYS WITH] 9 = BLOWING SNOW
X = TORNADO
MAX 32 OR BELOW: 0 0.01 INCH OR MORE: 4
MAX 90 OR ABOVE: 0 0.10 INCH OR MORE: 1
MIN 32 OR BELOW: 8 0.50 INCH OR MORE: 0
MIN 0 OR BELOW: 0 1.00 INCH OR MORE: 0
[HDD (BASE 65) ]
TOTAL THIS MO. 357 CLEAR (SCALE 0-3) 13
DPTR FM NORMAL -99 PTCLDY (SCALE 4-7) 3
TOTAL FM JUL 1 6784 CLOUDY (SCALE 8-10) 5
DPTR FM NORMAL -912
[CDD (BASE 65) ]
TOTAL THIS MO. 0
DPTR FM NORMAL 0 [PRESSURE DATA]
TOTAL FM JAN 1 0 HIGHEST SLP M ON M
DPTR FM NORMAL 0 LOWEST SLP 29.49 ON 5
[REMARKS]