000
CXUS55 KGJT 011010
CF6GJT
PRELIMINARY LOCAL CLIMATOLOGICAL DATA (WS FORM: F-6)
STATION: GRAND JUNCTION CO
MONTH: DECEMBER
YEAR: 2021
LATITUDE: 39 7 N
LONGITUDE: 108 32 W
TEMPERATURE IN F: :PCPN: SNOW: WIND :SUNSHINE: SKY :PK WND
================================================================================
1 2 3 4 5 6A 6B 7 8 9 10 11 12 13 14 15 16 17 18
12Z AVG MX 2MIN
DY MAX MIN AVG DEP HDD CDD WTR SNW DPTH SPD SPD DIR MIN PSBL S-S WX SPD DR
================================================================================
1 57 25 41 8 24 0 0.00 0.0 0 4.6 16 120 M M 0 18 120
2 56 27 42 10 23 0 0.00 0.0 0 4.2 15 130 M M 0 17 130
3 57 26 42 10 23 0 0.00 0.0 0 5.4 13 360 M M 0 16 360
4 55 25 40 8 25 0 0.00 0.0 0 4.7 14 110 M M 0 15 120
5 51 24 38 7 27 0 0.00 0.0 0 3.1 13 110 M M 0 14 110
6 45 21 33 2 32 0 0.06 0.0 0 5.8 17 140 M M 4 1 21 190
7 45 33 39 9 26 0 0.01 0.0 0 5.5 13 110 M M 9 15 110
8 39 34 37 7 28 0 0.01 T 0 10.2 24 130 M M 7 1 31 140
9 42 32 37 7 28 0 0.57 0.0 0 2.9 12 180 M M 9 1 17 190
10 40 21 31 1 34 0 0.04 T 0 9.5 28 300 M M 7 1 33 300
11 32 17 25 -4 40 0 0.00 0.0 0 7.6 20 120 M M 1 24 120
12 36 16 26 -3 39 0 0.00 0.0 0 2.4 7 70 M M 0 9 70
13 42 18 30 1 35 0 0.00 0.0 0 3.9 15 90 M M 0 19 90
14 59 34 47 19 18 0 0.00 0.0 0 16.8 39 160 M M 3 55 170
15 52 23 38 10 27 0 0.01 T 0 15.2 41 160 M M 5 1 55 160
16 38 22 30 2 35 0 0.00 0.0 0 7.0 20 100 M M 2 23 110
17 39 19 29 1 36 0 0.00 0.0 0 3.4 10 30 M M 4 15 320
18 37 17 27 0 38 0 0.00 0.0 0 6.0 16 130 M M 0 19 140
19 38 14 26 -1 39 0 0.00 0.0 0 3.7 7 300 M M 0 10 310
20 39 14 27 0 38 0 0.00 0.0 0 4.3 12 120 M M 0 14 110
21 41 19 30 3 35 0 0.00 0.0 0 4.4 9 130 M M 0 12 290
22 39 15 27 0 38 0 0.00 0.0 0 3.6 9 140 M M 1 11 140
23 36 21 29 2 36 0 0.12 T 0 3.9 13 300 M M 8 1 21 200
24 36 27 32 6 33 0 0.53 1.0 0 4.5 15 100 M M 9 124 19 110
25 47 23 35 9 30 0 0.00 0.0 1 5.2 21 130 M M 2 12 30 140
26 43 32 38 12 27 0 0.03 T T 10.7 36 270 M M 6 1 51 270
27 41 29 35 9 30 0 T T 0 9.2 21 250 M M 7 29 250
28 34 25 30 4 35 0 0.19 2.8 T 5.0 20 310 M M 10 1 24 320
29 31 18 25 -1 40 0 0.04 0.7 2 2.9 10 120 M M 10 128 11 120
30 36 21 29 3 36 0 T T 2 3.0 14 10 M M 10 1 16 20
31 34 23 29 3 36 0 0.47 4.3 1 4.2 20 300 M M 10 12 25 290
================================================================================
SM 1317 715 991 0 2.08 8.8 182.8 M 124
================================================================================
AV 42.5 23.1 5.9 FASTST M M 4 MAX(MPH)
MISC ----> 41 160 # 55 170
================================================================================
NOTES:
# LAST OF SEVERAL OCCURRENCES
COLUMN 17 PEAK WIND IN M.P.H.
PRELIMINARY LOCAL CLIMATOLOGICAL DATA (WS FORM: F-6) , PAGE 2
STATION: GRAND JUNCTION CO
MONTH: DECEMBER
YEAR: 2021
LATITUDE: 39 7 N
LONGITUDE: 108 32 W
[TEMPERATURE DATA] [PRECIPITATION DATA] SYMBOLS USED IN COLUMN 16
AVERAGE MONTHLY: 32.8 TOTAL FOR MONTH: 2.08 1 = FOG OR MIST
DPTR FM NORMAL: 4.4 DPTR FM NORMAL: 1.48 2 = FOG REDUCING VISIBILITY
HIGHEST: 59 ON 14 GRTST 24HR 0.64 ON 23-24 TO 1/4 MILE OR LESS
LOWEST: 14 ON 20,19 3 = THUNDER
SNOW, ICE PELLETS, HAIL 4 = ICE PELLETS
TOTAL MONTH: 8.8 INCHES 5 = HAIL
GRTST 24HR 4.3 ON 31-31 6 = FREEZING RAIN OR DRIZZLE
GRTST DEPTH: 2 ON 30,29 7 = DUSTSTORM OR SANDSTORM:
VSBY 1/2 MILE OR LESS
8 = SMOKE OR HAZE
[NO. OF DAYS WITH] [WEATHER - DAYS WITH] 9 = BLOWING SNOW
X = TORNADO
MAX 32 OR BELOW: 2 0.01 INCH OR MORE: 12
MAX 90 OR ABOVE: 0 0.10 INCH OR MORE: 5
MIN 32 OR BELOW: 28 0.50 INCH OR MORE: 2
MIN 0 OR BELOW: 0 1.00 INCH OR MORE: 0
[HDD (BASE 65) ]
TOTAL THIS MO. 991 CLEAR (SCALE 0-3) 15
DPTR FM NORMAL -143 PTCLDY (SCALE 4-7) 9
TOTAL FM JUL 1 2083 CLOUDY (SCALE 8-10) 7
DPTR FM NORMAL -242
[CDD (BASE 65) ]
TOTAL THIS MO. 0
DPTR FM NORMAL 0 [PRESSURE DATA]
TOTAL FM JAN 1 1498 HIGHEST SLP 30.52 ON 18
DPTR FM NORMAL 265 LOWEST SLP 29.32 ON 15
[REMARKS]
#FINAL-12-21#