000
CXUS54 KFWD 010730
CF6GLE
PRELIMINARY LOCAL CLIMATOLOGICAL DATA (WS FORM: F-6)
STATION: GAINESVILLE
MONTH: OCTOBER
YEAR: 2022
LATITUDE: 33 39 N
LONGITUDE: 97 12 W
TEMPERATURE IN F: :PCPN: SNOW: WIND :SUNSHINE: SKY :PK WND
================================================================================
1 2 3 4 5 6A 6B 7 8 9 10 11 12 13 14 15 16 17 18
12Z AVG MX 2MIN
DY MAX MIN AVG DEP HDD CDD WTR SNW DPTH SPD SPD DIR MIN PSBL S-S WX SPD DR
================================================================================
1 84 47 66 -4 0 1 0.00 M M 3.3 10 70 M M 0 M M
2 85 47 66 -4 0 1 0.00 M M 1.6 6 50 M M 0 M M
3 86 47 67 -3 0 2 0.00 M M 2.6 8 150 M M 0 M M
4 85 48 67 -2 0 2 0.00 M M 2.9 12 160 M M 0 16 160
5 88 51 70 1 0 5 0.00 M M 1.3 6 70 M M 0 M M
6 89 57 73 5 0 8 0.00 M M 3.6 8 290 M M 1 17 0
7 85 58 72 4 0 7 0.00 M M 5.5 10 10 M M 6 18 360
8 68 51 60 -8 5 0 0.00 M M 6.7 13 40 M M 7 18 20
9 78 51 65 -3 0 0 0.02 M M 3.2 7 140 M M 3 M M
10 85 57 71 4 0 6 0.00 M M 5.1 14 220 M M 5 18 220
11 79 63 71 4 0 6 0.04 M M 7.6 18 170 M M 5 25 170
12 87 57 72 6 0 7 0.00 M M 8.7 14 250 M M 1 21 220
13 79 50 65 -1 0 0 0.00 M M 5.4 10 320 M M 0 17 30
14 87 46 67 1 0 2 0.00 M M 5.2 17 240 M M 0 22 240
15 92 62 77 11 0 12 0.00 M M 7.6 15 160 M M 1 25 210
16 74 60 67 2 0 2 1.54 M M 7.7 13 360 M M 9 21 10
17 66 45 56 -9 9 0 0.00 M M 8.2 16 360 M M 3 22 20
18 61 40 51 -13 14 0 0.00 M M 7.1 14 350 M M 1 18 350
19 66 34 50 -14 15 0 0.00 M M 3.3 10 150 M M 0 M M
20 79 44 62 -2 3 0 0.00 M M 4.3 12 280 M M 0 M M
21 91 45 68 5 0 3 0.00 M M 7.5 17 180 M M 0 25 180
22 87 62 75 12 0 10 0.00 M M 18.1 27 190 M M 0 33 190
23 84 66 75 12 0 10 0.00 M M 18.8 29 170 M M 2 37 170
24 74 57 66 4 0 1 1.25 M M 10.6 22 180 M M 10 26 180
25 67 45 56 -6 9 0 0.00 M M 13.4 26 320 M M 3 36 310
26 70 42 56 -6 9 0 0.00 M M 4.2 13 120 M M 0 16 120
27 72 48 60 -1 5 0 0.00 M M 10.0 16 150 M M 1 22 150
28 60 50 55 -6 10 0 0.78 M M 9.9 24 50 M M 10 37 50
29 64 52 58 -2 7 0 0.00 M M 9.6 16 310 M M 10 1 20 310
30 72 49 61 1 4 0 0.00 M M 6.3 12 320 M M 1 16 340
31 74 44 59 -1 6 0 0.00 M M 0.6 5 140 M M 0 M M
================================================================================
SM 2418 1575 96 85 3.63 M 209.8 M 79
================================================================================
AV 78.0 50.8 6.8 FASTST M M 3 MAX(MPH)
MISC ----> 29 170 # 37 170
================================================================================
NOTES:
# LAST OF SEVERAL OCCURRENCES
COLUMN 17 PEAK WIND IN M.P.H.
PRELIMINARY LOCAL CLIMATOLOGICAL DATA (WS FORM: F-6) , PAGE 2
STATION: GAINESVILLE
MONTH: OCTOBER
YEAR: 2022
LATITUDE: 33 39 N
LONGITUDE: 97 12 W
[TEMPERATURE DATA] [PRECIPITATION DATA] SYMBOLS USED IN COLUMN 16
AVERAGE MONTHLY: 64.4 TOTAL FOR MONTH: 3.63 1 = FOG OR MIST
DPTR FM NORMAL: -0.7 DPTR FM NORMAL: -1.01 2 = FOG REDUCING VISIBILITY
HIGHEST: 92 ON 15 GRTST 24HR 1.54 ON 16-16 TO 1/4 MILE OR LESS
LOWEST: 34 ON 19 3 = THUNDER
SNOW, ICE PELLETS, HAIL 4 = ICE PELLETS
TOTAL MONTH: M 5 = HAIL
GRTST 24HR M ON M 6 = FREEZING RAIN OR DRIZZLE
GRTST DEPTH: M ON M 7 = DUSTSTORM OR SANDSTORM:
VSBY 1/2 MILE OR LESS
8 = SMOKE OR HAZE
[NO. OF DAYS WITH] [WEATHER - DAYS WITH] 9 = BLOWING SNOW
X = TORNADO
MAX 32 OR BELOW: 0 0.01 INCH OR MORE: 5
MAX 90 OR ABOVE: 2 0.10 INCH OR MORE: 3
MIN 32 OR BELOW: 0 0.50 INCH OR MORE: 3
MIN 0 OR BELOW: 0 1.00 INCH OR MORE: 2
[HDD (BASE 65) ]
TOTAL THIS MO. 96 CLEAR (SCALE 0-3) 20
DPTR FM NORMAL -7 PTCLDY (SCALE 4-7) 7
TOTAL FM JUL 1 96 CLOUDY (SCALE 8-10) 4
DPTR FM NORMAL -18
[CDD (BASE 65) ]
TOTAL THIS MO. 85
DPTR FM NORMAL -20 [PRESSURE DATA]
TOTAL FM JAN 1 2633 HIGHEST SLP M ON M
DPTR FM NORMAL 433 LOWEST SLP M ON M
[REMARKS]
#FINAL-10-22#