000
CXUS54 KJAN 190956
CF6GLH
PRELIMINARY LOCAL CLIMATOLOGICAL DATA (WS FORM: F-6)
STATION: GREENVILLE
MONTH: JANUARY
YEAR: 2023
LATITUDE: 33 29 N
LONGITUDE: 90 59 W
TEMPERATURE IN F: :PCPN: SNOW: WIND :SUNSHINE: SKY :PK WND
================================================================================
1 2 3 4 5 6A 6B 7 8 9 10 11 12 13 14 15 16 17 18
12Z AVG MX 2MIN
DY MAX MIN AVG DEP HDD CDD WTR SNW DPTH SPD SPD DIR MIN PSBL S-S WX SPD DR
================================================================================
1 74 50 62 18 3 0 0.00 0.0 0 10.9 22 180 M M 5 1 27 180
2 81 66 74 30 0 9 0.57 0.0 0 M 25 180 M M 8 33 180
3 76 61 69 25 0 4 0.63 0.0 0 13.5 29 180 M M 4 13 42 190
4 64 48 56 12 9 0 0.00 0.0 0 6.5 14 260 M M 1 18 290
5 62 41 52 8 13 0 0.00 0.0 0 7.7 17 280 M M 0 23 250
6 61 36 49 5 16 0 0.00 0.0 0 5.7 14 140 M M 0 18 150
7 71 49 60 16 5 0 0.01 0.0 0 7.1 16 200 M M 8 123 20 190
8 62 42 52 8 13 0 0.00 0.0 0 8.1 16 350 M M 6 12 20 350
9 57 36 47 3 18 0 0.00 0.0 0 4.4 10 160 M M 0 12 13 140
10 64 38 51 7 14 0 0.00 0.0 0 9.3 17 220 M M 5 24 210
11 77 60 69 25 0 4 0.00 0.0 0 16.1 29 200 M M 6 40 200
12 71 45 58 14 7 0 0.00 0.0 0 19.8 30 310 M M 6 43 310
13 46 31 39 -5 26 0 0.00 0.0 0 11.6 23 330 M M 7 32 330
14 49 28 39 -5 26 0 0.00 0.0 0 4.0 9 120 M M 0 11 120
15 63 32 48 4 17 0 0.00 0.0 0 10.2 17 140 M M 0 23 150
16 70 53 62 18 3 0 0.09 0.0 0 14.5 28 190 M M 9 36 180
17 78 62 70 26 0 5 0.00 0.0 0 8.8 16 180 M M 4 18 20 220
18 78 55 67 23 0 2 0.67 0.0 0 12.0 36 190 M M 7 1238 48 170
19 63 45 54 10 11 0 0.00 0.0 0 10.2 23 250 M M 0 1 32 260
20 47 37 42 -2 23 0 0.00 0.0 0 4.4 15 20 M M 0 19 10
21 54 46 50 6 15 0 0.18 0.0 0 7.3 14 130 M M 7 1 19 70
22 52 41 47 3 18 0 0.13 0.0 0 7.2 24 320 M M 9 1 34 310
23 52 37 45 1 20 0 0.00 0.0 0 4.2 12 10 M M 3 15 360
24 48 38 43 -1 22 0 1.67 0.0 0 11.7 30 60 M M 6 13 43 70
25 50 40 45 1 20 0 0.01 0.0 0 13.7 33 240 M M 10 1 50 240
26 48 34 41 -3 24 0 0.00 0.0 0 8.2 17 280 M M 1 23 310
27 59 30 45 1 20 0 0.00 0.0 0 9.9 18 210 M M 0 25 220
28 60 35 48 3 17 0 0.07 0.0 0 9.5 24 170 M M 8 34 180
29 62 55 59 14 6 0 0.47 0.0 0 6.9 21 180 M M 10 12 28 180
30 58 36 47 2 18 0 0.01 0.0 0 12.7 17 360 M M 10 12 22 360
31 36 31 34 -11 31 0 0.55 M 0 12.9 18 360 M M 10 16 25 360
================================================================================
SM 1893 1338 415 24 5.06 0.0 289.0 M 150
================================================================================
AV 61.1 43.2 9.6 FASTST M M 5 MAX(MPH)
MISC ----> 36 190 50 240
================================================================================
NOTES:
# LAST OF SEVERAL OCCURRENCES
COLUMN 17 PEAK WIND IN M.P.H.
PRELIMINARY LOCAL CLIMATOLOGICAL DATA (WS FORM: F-6) , PAGE 2
STATION: GREENVILLE
MONTH: JANUARY
YEAR: 2023
LATITUDE: 33 29 N
LONGITUDE: 90 59 W
[TEMPERATURE DATA] [PRECIPITATION DATA] SYMBOLS USED IN COLUMN 16
AVERAGE MONTHLY: 52.1 TOTAL FOR MONTH: 5.06 1 = FOG OR MIST
DPTR FM NORMAL: 8.0 DPTR FM NORMAL: 0.57 2 = FOG REDUCING VISIBILITY
HIGHEST: 81 ON 2 GRTST 24HR 1.95 ON 3- 3 TO 1/4 MILE OR LESS
LOWEST: 28 ON 14 3 = THUNDER
SNOW, ICE PELLETS, HAIL 4 = ICE PELLETS
TOTAL MONTH: 0.0 INCH 5 = HAIL
GRTST 24HR 0.0 6 = FREEZING RAIN OR DRIZZLE
GRTST DEPTH: 0 7 = DUSTSTORM OR SANDSTORM:
VSBY 1/2 MILE OR LESS
8 = SMOKE OR HAZE
[NO. OF DAYS WITH] [WEATHER - DAYS WITH] 9 = BLOWING SNOW
X = TORNADO
MAX 32 OR BELOW: 0 0.01 INCH OR MORE: 13
MAX 90 OR ABOVE: 0 0.10 INCH OR MORE: 8
MIN 32 OR BELOW: 5 0.50 INCH OR MORE: 5
MIN 0 OR BELOW: 0 1.00 INCH OR MORE: 1
[HDD (BASE 65) ]
TOTAL THIS MO. 415 CLEAR (SCALE 0-3) 11
DPTR FM NORMAL -236 PTCLDY (SCALE 4-7) 14
TOTAL FM JUL 1 1307 CLOUDY (SCALE 8-10) 6
DPTR FM NORMAL -392
[CDD (BASE 65) ]
TOTAL THIS MO. 24
DPTR FM NORMAL 22 [PRESSURE DATA]
TOTAL FM JAN 1 24 HIGHEST SLP 30.44 ON 14
DPTR FM NORMAL 22 LOWEST SLP 29.61 ON 25
[REMARKS]
#FINAL-01-23#