801
CXUS53 KAPX 011415
CF6GLR
PRELIMINARY LOCAL CLIMATOLOGICAL DATA (WS FORM: F-6)
STATION: GAYLORD
MONTH: AUGUST
YEAR: 2020
LATITUDE: 45 0 N
LONGITUDE: 84 42 W
TEMPERATURE IN F: :PCPN: SNOW: WIND :SUNSHINE: SKY :PK WND
================================================================================
1 2 3 4 5 6A 6B 7 8 9 10 11 12 13 14 15 16 17 18
12Z AVG MX 2MIN
DY MAX MIN AVG DEP HDD CDD WTR SNW DPTH SPD SPD DIR MIN PSBL S-S WX SPD DR
================================================================================
1 81 52 67 1 0 2 0.00 M M 2.9 7 130 M M 3 M M
2 77 61 69 3 0 4 0.05 M M 4.5 8 320 M M 4 17 99
3 61 54 58 -8 7 0 0.34 M M 6.5 13 40 M M 10 1 19 40
4 67 51 59 -7 6 0 0.00 M M 5.9 14 40 M M 8 21 360
5 69 46 58 -8 7 0 0.00 M M 5.7 15 260 M M 2 23 260
6 77 51 64 -2 1 0 0.00 M M 4.8 14 240 M M 2 20 250
7 78 49 64 -1 1 0 0.00 M M 2.0 9 200 M M 0 14 240
8 74 53 64 -1 1 0 0.20 M M 9.3 21 200 M M 3 1 29 170
9 84 65 75 10 0 10 0.00 M M 6.2 16 260 M M 4 1 24 250
10 86 66 76 11 0 11 0.62 M M 10.9 18 240 M M 5 13 27 230
11 77 57 67 2 0 2 0.03 M M 7.0 16 270 M M 2 1 24 270
12 83 58 71 6 0 6 0.00 M M 4.4 13 260 M M 0 17 260
13 81 57 69 4 0 4 0.00 M M 3.5 10 60 M M 0 15 110
14 83 58 71 6 0 6 0.00 M M 4.9 18 150 M M 0 25 120
15 80 65 73 8 0 8 0.10 M M 6.7 16 150 M M 5 13 26 190
16 76 58 67 3 0 2 0.29 M M 4.7 14 250 M M 2 13 19 250
17 73 54 64 0 1 0 T M M 5.6 15 300 M M 1 12 25 290
18 68 50 59 -5 6 0 0.00 M M 4.7 14 310 M M 3 25 310
19 70 41 56 -8 9 0 0.00 M M 3.5 12 270 M M 3 17 280
20 82 61 72 8 0 7 0.18 M M 12.5 25 250 M M 6 13 33 260
21 81 60 71 7 0 6 T M M 5.3 16 250 M M 3 1 24 250
22 84 60 72 8 0 7 T M M 3.7 13 220 M M 3 19 220
23 81 66 74 11 0 9 T M M 7.8 18 240 M M 3 26 260
24 82 63 73 10 0 8 0.00 M M 7.3 20 260 M M 2 1 29 250
25 81 60 71 8 0 6 0.00 M M 5.5 16 280 M M 1 1 25 290
26 79 58 69 6 0 4 0.70 M M 7.2 21 240 M M 4 13 29 260
27 76 59 68 5 0 3 0.00 M M 7.5 16 270 M M 4 3 25 280
28 68 55 62 0 3 0 0.04 M M 5.9 16 130 M M 8 12 21 140
29 68 56 62 0 3 0 0.12 M M 9.2 18 300 M M 10 1 35 310
30 69 53 61 -1 4 0 0.01 M M 4.1 10 170 M M 8 18 15 170
31 72 51 62 0 3 0 0.00 M M 7.8 18 170 M M 3 25 180
================================================================================
SM 2368 1748 52 105 2.68 M 187.5 M 112
================================================================================
AV 76.4 56.4 6.0 FASTST M M 4 MAX(MPH)
MISC ----> # 25 250 # 35 310
================================================================================
NOTES:
# LAST OF SEVERAL OCCURRENCES
COLUMN 17 PEAK WIND IN M.P.H.
PRELIMINARY LOCAL CLIMATOLOGICAL DATA (WS FORM: F-6) , PAGE 2
STATION: GAYLORD
MONTH: AUGUST
YEAR: 2020
LATITUDE: 45 0 N
LONGITUDE: 84 42 W
[TEMPERATURE DATA] [PRECIPITATION DATA] SYMBOLS USED IN COLUMN 16
AVERAGE MONTHLY: 66.4 TOTAL FOR MONTH: 2.68 1 = FOG OR MIST
DPTR FM NORMAL: 2.2 DPTR FM NORMAL: -0.94 2 = FOG REDUCING VISIBILITY
HIGHEST: 86 ON 10 GRTST 24HR 0.70 ON 26-26 TO 1/4 MILE OR LESS
LOWEST: 41 ON 19 3 = THUNDER
SNOW, ICE PELLETS, HAIL 4 = ICE PELLETS
TOTAL MONTH: M 5 = HAIL
GRTST 24HR M ON M 6 = FREEZING RAIN OR DRIZZLE
GRTST DEPTH: M ON M 7 = DUSTSTORM OR SANDSTORM:
VSBY 1/2 MILE OR LESS
8 = SMOKE OR HAZE
[NO. OF DAYS WITH] [WEATHER - DAYS WITH] 9 = BLOWING SNOW
X = TORNADO
MAX 32 OR BELOW: 0 0.01 INCH OR MORE: 12
MAX 90 OR ABOVE: 0 0.10 INCH OR MORE: 8
MIN 32 OR BELOW: 0 0.50 INCH OR MORE: 2
MIN 0 OR BELOW: 0 1.00 INCH OR MORE: 0
[HDD (BASE 65) ]
TOTAL THIS MO. 52 CLEAR (SCALE 0-3) 16
DPTR FM NORMAL -34 PTCLDY (SCALE 4-7) 11
TOTAL FM JUL 1 65 CLOUDY (SCALE 8-10) 4
DPTR FM NORMAL -83
[CDD (BASE 65) ]
TOTAL THIS MO. 105
DPTR FM NORMAL 44 [PRESSURE DATA]
TOTAL FM JAN 1 377 HIGHEST SLP M ON M
DPTR FM NORMAL 157 LOWEST SLP 29.45 ON 29
[REMARKS]
#FINAL-08-20#