000
CXUS52 KJAX 011531
CF6GNV
PRELIMINARY LOCAL CLIMATOLOGICAL DATA (WS FORM: F-6)
STATION: GAINESVILLE
MONTH: APRIL
YEAR: 2022
LATITUDE: 29 40 N
LONGITUDE: 82 16 W
TEMPERATURE IN F: :PCPN: SNOW: WIND :SUNSHINE: SKY :PK WND
================================================================================
1 2 3 4 5 6A 6B 7 8 9 10 11 12 13 14 15 16 17 18
12Z AVG MX 2MIN
DY MAX MIN AVG DEP HDD CDD WTR SNW DPTH SPD SPD DIR MIN PSBL S-S WX SPD DR
================================================================================
1 83 59 71 5 0 6 0.00 0.0 0 3.9 13 250 M M 2 1 17 250
2 67 56 62 -4 3 0 1.00 0.0 0 3.9 18 290 M M 8 123 27 300
3 79 54 67 1 0 2 0.00 0.0 0 4.1 13 40 M M 3 1 17 330
4 83 50 67 1 0 2 0.00 0.0 0 3.9 13 100 M M 1 18 90
5 88 63 76 10 0 11 0.00 0.0 0 11.2 25 230 M M 2 38 220
6 84 73 79 12 0 14 T 0.0 0 9.3 21 220 M M 6 13 32 220
7 83 62 73 6 0 8 0.43 0.0 0 11.8 21 230 M M 7 13 29 240
8 72 51 62 -5 3 0 0.00 0.0 0 12.0 29 260 M M 1 40 280
9 66 42 54 -13 11 0 0.00 0.0 0 9.3 35 240 M M 1 58 240
10 75 39 57 -10 8 0 0.00 0.0 0 2.4 12 220 M M 0 16 220
11 82 44 63 -5 2 0 0.00 0.0 0 3.9 14 120 M M 0 18 120
12 84 58 71 3 0 6 0.00 0.0 0 6.0 14 130 M M 0 20 140
13 84 57 71 3 0 6 0.00 0.0 0 6.0 16 170 M M 1 1 24 120
14 83 63 73 5 0 8 T 0.0 0 4.1 17 170 M M 4 1 22 170
15 84 64 74 6 0 9 0.00 0.0 0 7.3 20 60 M M 4 27 60
16 88 61 75 6 0 10 0.00 0.0 0 4.2 12 260 M M 4 12 16 200
17 88 67 78 9 0 13 0.18 0.0 0 6.1 21 250 M M 3 13 26 260
18 85 64 75 6 0 10 0.00 0.0 0 6.7 15 280 M M 3 22 300
19 75 50 63 -6 2 0 0.00 0.0 0 7.2 16 360 M M 0 23 10
20 78 45 62 -8 3 0 0.00 0.0 0 6.5 18 70 M M 3 28 70
21 80 56 68 -2 0 3 0.00 0.0 0 7.4 20 60 M M 4 29 50
22 81 60 71 1 0 6 0.00 0.0 0 8.9 20 60 M M 5 28 60
23 82 56 69 -1 0 4 0.00 0.0 0 7.4 18 110 M M 2 28 90
24 85 58 72 2 0 7 0.00 0.0 0 6.5 18 110 M M 4 24 100
25 86 59 73 2 0 8 0.00 0.0 0 4.2 15 100 M M 1 1 20 100
26 87 61 74 3 0 9 T 0.0 0 4.8 17 240 M M 3 1 26 250
27 87 64 76 5 0 11 0.00 0.0 0 4.4 18 70 M M 3 1 24 70
28 83 59 71 0 0 6 0.00 0.0 0 9.2 20 40 M M 3 28 100
29 83 56 70 -1 0 5 0.00 0.0 0 7.1 20 120 M M 2 25 100
30 85 61 73 1 0 8 T 0.0 0 6.8 15 100 M M 4 3 20 130
================================================================================
SM 2450 1712 32 172 1.61 0.0 196.5 M 84
================================================================================
AV 81.7 57.1 6.6 FASTST M M 3 MAX(MPH)
MISC ----> 35 240 58 240
================================================================================
NOTES:
# LAST OF SEVERAL OCCURRENCES
COLUMN 17 PEAK WIND IN M.P.H.
PRELIMINARY LOCAL CLIMATOLOGICAL DATA (WS FORM: F-6) , PAGE 2
STATION: GAINESVILLE
MONTH: APRIL
YEAR: 2022
LATITUDE: 29 40 N
LONGITUDE: 82 16 W
[TEMPERATURE DATA] [PRECIPITATION DATA] SYMBOLS USED IN COLUMN 16
AVERAGE MONTHLY: 69.4 TOTAL FOR MONTH: 1.61 1 = FOG OR MIST
DPTR FM NORMAL: 0.9 DPTR FM NORMAL: -1.13 2 = FOG REDUCING VISIBILITY
HIGHEST: 88 ON 17,16 GRTST 24HR 1.00 ON 2- 2 TO 1/4 MILE OR LESS
LOWEST: 39 ON 10 3 = THUNDER
SNOW, ICE PELLETS, HAIL 4 = ICE PELLETS
TOTAL MONTH: 0.0 INCH 5 = HAIL
GRTST 24HR 0.0 6 = FREEZING RAIN OR DRIZZLE
GRTST DEPTH: 0 7 = DUSTSTORM OR SANDSTORM:
VSBY 1/2 MILE OR LESS
8 = SMOKE OR HAZE
[NO. OF DAYS WITH] [WEATHER - DAYS WITH] 9 = BLOWING SNOW
X = TORNADO
MAX 32 OR BELOW: 0 0.01 INCH OR MORE: 3
MAX 90 OR ABOVE: 0 0.10 INCH OR MORE: 3
MIN 32 OR BELOW: 0 0.50 INCH OR MORE: 1
MIN 0 OR BELOW: 0 1.00 INCH OR MORE: 1
[HDD (BASE 65) ]
TOTAL THIS MO. 32 CLEAR (SCALE 0-3) 19
DPTR FM NORMAL -3 PTCLDY (SCALE 4-7) 11
TOTAL FM JUL 1 901 CLOUDY (SCALE 8-10) 0
DPTR FM NORMAL -234
[CDD (BASE 65) ]
TOTAL THIS MO. 172
DPTR FM NORMAL 32 [PRESSURE DATA]
TOTAL FM JAN 1 355 HIGHEST SLP 30.39 ON 21
DPTR FM NORMAL 109 LOWEST SLP 29.74 ON 7
[REMARKS]
#FINAL-04-22#