000
CXUS54 KFWD 240730
CF6GOP
PRELIMINARY LOCAL CLIMATOLOGICAL DATA (WS FORM: F-6)
STATION: GATESVILLE
MONTH: APRIL
YEAR: 2024
LATITUDE: 31 25 N
LONGITUDE: 97 48 W
TEMPERATURE IN F: :PCPN: SNOW: WIND :SUNSHINE: SKY :PK WND
================================================================================
1 2 3 4 5 6A 6B 7 8 9 10 11 12 13 14 15 16 17 18
12Z AVG MX 2MIN
DY MAX MIN AVG DEP HDD CDD WTR SNW DPTH SPD SPD DIR MIN PSBL S-S WX SPD DR
================================================================================
1 81 64 73 13 0 8 0.09 M M 11.0 18 160 M M 7 25 160
2 66 50 58 -2 7 0 0.00 M M 9.3 16 300 M M 4 29 310
3 79 43 61 0 4 0 0.00 M M 7.3 18 310 M M 0 25 310
4 86 43 65 4 0 0 0.00 M M 2.2 8 150 M M 0 13 0
5 88 54 71 10 0 6 0.00 M M 9.8 18 180 M M 0 29 180
6 77 59 68 6 0 3 0.00 M M 11.9 20 190 M M 7 31 190
7 81 54 68 6 0 3 0.00 M M 5.2 12 280 M M 1 18 310
8 81 52 67 5 0 2 0.00 M M 3.6 8 140 M M 6 16 99
9 73 63 68 6 0 3 0.75 M M 6.9 12 350 M M 9 21 M
10 68 52 60 -3 5 0 0.20 M M 9.7 20 330 M M 2 29 330
11 75 48 62 -1 3 0 0.00 M M 5.2 12 330 M M 0 20 330
12 81 46 64 1 1 0 0.00 M M 6.1 14 160 M M 0 24 150
13 81 54 68 4 0 3 0.00 M M 10.4 17 180 M M 0 28 180
14 82 66 74 10 0 9 0.00 M M 9.6 15 190 M M 4 25 160
15 82 70 76 12 0 11 0.00 M M 11.7 20 150 M M 9 32 150
16 86 68 77 13 0 12 0.00 M M 8.0 12 160 M M 7 25 160
17 82 72 77 12 0 12 0.00 M M 5.0 12 140 M M 6 20 140
18 90 68 79 14 0 14 M M M 6.1 10 170 M M 6 18 190
19 73 61 67 2 0 2 0.00 M M 7.6 13 10 M M 9 21 10
20 64 50 57 -9 8 0 1.35 M M 8.3 15 360 M M 9 23 30
21 66 48 57 -9 8 0 0.01 M M 7.2 14 20 M M 5 21 20
22 72 45 59 -7 6 0 0.00 M M 4.8 12 150 M M 0 18 150
23 77 57 67 1 0 2 M M M 9.2 13 170 M M 6 1 24 170
================================================================================
SM 1791 1287 42 90 2.40 M 175.9 M 97
================================================================================
AV 77.9 56.0 7.6 FASTST M M 4 MAX(MPH)
MISC ----> 20 330 32 150
================================================================================
NOTES:
# LAST OF SEVERAL OCCURRENCES
COLUMN 17 PEAK WIND IN M.P.H.
PRELIMINARY LOCAL CLIMATOLOGICAL DATA (WS FORM: F-6) , PAGE 2
STATION: GATESVILLE
MONTH: APRIL
YEAR: 2024
LATITUDE: 31 25 N
LONGITUDE: 97 48 W
[TEMPERATURE DATA] [PRECIPITATION DATA] SYMBOLS USED IN COLUMN 16
AVERAGE MONTHLY: 66.9 TOTAL FOR MONTH: 2.40 1 = FOG OR MIST
DPTR FM NORMAL: 3.7 DPTR FM NORMAL: 2.40 2 = FOG REDUCING VISIBILITY
HIGHEST: 90 ON 18 GRTST 24HR 1.35 ON 20-20 TO 1/4 MILE OR LESS
LOWEST: 43 ON 4, 3 3 = THUNDER
SNOW, ICE PELLETS, HAIL 4 = ICE PELLETS
TOTAL MONTH: M 5 = HAIL
GRTST 24HR M ON M 6 = FREEZING RAIN OR DRIZZLE
GRTST DEPTH: M ON M 7 = DUSTSTORM OR SANDSTORM:
VSBY 1/2 MILE OR LESS
8 = SMOKE OR HAZE
[NO. OF DAYS WITH] [WEATHER - DAYS WITH] 9 = BLOWING SNOW
X = TORNADO
MAX 32 OR BELOW: 0 0.01 INCH OR MORE: 5
MAX 90 OR ABOVE: 1 0.10 INCH OR MORE: 3
MIN 32 OR BELOW: 0 0.50 INCH OR MORE: 2
MIN 0 OR BELOW: 0 1.00 INCH OR MORE: 1
[HDD (BASE 65) ]
TOTAL THIS MO. 42 CLEAR (SCALE 0-3) 9
DPTR FM NORMAL -49 PTCLDY (SCALE 4-7) 10
TOTAL FM JUL 1 1722 CLOUDY (SCALE 8-10) 4
DPTR FM NORMAL -711
[CDD (BASE 65) ]
TOTAL THIS MO. 90
DPTR FM NORMAL 39 [PRESSURE DATA]
TOTAL FM JAN 1 196 HIGHEST SLP M ON M
DPTR FM NORMAL 123 LOWEST SLP M ON M
[REMARKS]