589
CXUS53 KGRB 041327
CLAGRB
CLIMATE REPORT
NATIONAL WEATHER SERVICE GREEN BAY
727 AM CST SAT JAN 4 2020
...WETTEST YEAR ON RECORD...
...5TH SNOWIEST YEAR ON RECORD...
...THE GREEN BAY WI CLIMATE SUMMARY FOR THE YEAR OF 2019...
CLIMATE NORMAL PERIOD 1981 TO 2010
CLIMATE RECORD PERIOD 1886 TO 2020
WEATHER OBSERVED NORMAL DEPART LAST YEAR`S
VALUE DATE(S) VALUE FROM VALUE DATE(S)
NORMAL
................................................................
TEMPERATURE (F)
RECORD
HIGH 104 07/13/1936
LOW -36 01/21/1888
HIGHEST 92 07/19 97 05/27
LOWEST -26 01/31 -11 01/01
AVG. MAXIMUM 53.2 53.6 -0.4 56.4
AVG. MINIMUM 36.3 35.0 1.3 38.2
MEAN 44.8 44.3 0.5 47.3
DAYS MAX >= 90 3 3.1 -0.1 8
DAYS MAX <= 32 73 71.9 1.1 59
DAYS MIN <= 32 150 156.8 -6.8 143
DAYS MIN <= 0 23 19.2 3.8 16
PRECIPITATION (INCHES)
RECORD
MAXIMUM 48.63 2019
MINIMUM 16.31 1930
TOTALS 48.63 29.52 19.11 37.45
DAILY AVG. 0.13
DAYS >= .01 151 123.0 28.0 114
DAYS >= .10 90 64.7 25.3 67
DAYS >= .50 34 17.6 16.4 26
DAYS >= 1.00 11 5.3 5.7 10
SNOWFALL (INCHES)
RECORDS
TOTAL 123.8 1887
TOTALS 88.7 51.4 37.3 59.3
SINCE 7/1 26.6 17.3 9.3 3.8
SNOWDEPTH AVG. 2
DAYS >= TRACE 83 40.2 42.8 64
DAYS >= 1.0 27 15.8 11.2 14
GREATEST
SNOW DEPTH 16 03/02 19 04/16
24 HR TOTAL 9.7 MM
DEGREE_DAYS
HEATING TOTAL 7774 7955 -181 6431
SINCE 7/1 2846 3090 -244 MM
COOLING TOTAL 535 398 137 687
SINCE 1/1 535 398 137 687
FREEZE DATES
RECORD
EARLIEST 09/12/1955
LATEST 06/06/1958
EARLIEST 10/04
LATEST 05/05
.................................................................
WIND (MPH)
AVERAGE WIND SPEED 8.4
HIGHEST WIND SPEED/DIRECTION 44/270 DATE 02/24
HIGHEST GUST SPEED/DIRECTION 60/280 DATE 02/24
SKY COVER
POSSIBLE SUNSHINE (PERCENT) MM
AVERAGE SKY COVER 0.50
NUMBER OF DAYS FAIR 148
NUMBER OF DAYS PC 113
NUMBER OF DAYS CLOUDY 104
AVERAGE RH (PERCENT) 72
$$
ECKBERG