000
CXUS53 KGID 010830
CF6GRI
PRELIMINARY LOCAL CLIMATOLOGICAL DATA (WS FORM: F-6)
STATION: GRAND ISLAND NE
MONTH: JUNE
YEAR: 2023
LATITUDE: 40 58 N
LONGITUDE: 98 19 W
TEMPERATURE IN F: :PCPN: SNOW: WIND :SUNSHINE: SKY :PK WND
================================================================================
1 2 3 4 5 6A 6B 7 8 9 10 11 12 13 14 15 16 17 18
12Z AVG MX 2MIN
DY MAX MIN AVG DEP HDD CDD WTR SNW DPTH SPD SPD DIR MIN PSBL S-S WX SPD DR
================================================================================
1 87 67 77 9 0 12 0.00 0.0 0 11.9 22 180 M M 2 30 150
2 74 64 69 0 0 4 0.32 0.0 0 7.7 18 230 M M 5 138 26 220
3 88 58 73 4 0 8 T 0.0 0 8.6 20 90 M M 3 1238 27 100
4 89 59 74 4 0 9 T 0.0 0 6.0 25 70 M M 2 18 34 70
5 90 59 75 5 0 10 0.00 0.0 0 5.8 23 40 M M 1 18 31 40
6 92 60 76 6 0 11 0.00 0.0 0 4.1 12 230 M M 1 18 18 230
7 94 62 78 7 0 13 0.00 0.0 0 3.9 9 270 M M 2 14 50
8 93 65 79 8 0 14 T 0.0 0 5.8 20 250 M M 2 38 24 250
9 89 64 77 6 0 12 0.15 0.0 0 11.4 32 270 M M 3 138 45 270
10 77 64 71 -1 0 6 0.12 0.0 0 5.9 25 340 M M 5 138 33 340
11 76 53 65 -7 0 0 0.00 0.0 0 12.5 21 20 M M 5 18 28 20
12 77 47 62 -10 3 0 0.00 0.0 0 3.5 10 240 M M 0 15 140
13 82 49 66 -6 0 1 0.00 0.0 0 3.7 13 250 M M 0 17 230
14 87 53 70 -3 0 5 0.00 0.0 0 4.6 12 140 M M 1 20 140
15 91 57 74 1 0 9 0.00 0.0 0 5.5 16 170 M M 0 8 22 170
16 88 61 75 2 0 10 0.05 0.0 0 7.4 21 280 M M 1 3 26 270
17 73 54 64 -9 1 0 0.00 0.0 0 6.6 16 280 M M 4 138 25 310
18 91 54 73 -1 0 8 0.00 0.0 0 7.3 17 240 M M 0 18 25 230
19 98 65 82 8 0 17 0.00 0.0 0 13.4 23 180 M M 0 32 170
20 94 68 81 7 0 16 T 0.0 0 13.6 23 120 M M 0 32 120
21 83 68 76 2 0 11 0.39 0.0 0 8.2 20 120 M M 6 138 29 120
22 89 66 78 3 0 13 0.00 0.0 0 7.3 15 280 M M 1 1 21 160
23 91 65 78 3 0 13 0.00 0.0 0 9.1 20 160 M M 2 1 27 160
24 91 63 77 2 0 12 0.23 0.0 0 13.5 37 350 M M 1 13 47 10
25 86 60 73 -2 0 8 0.00 0.0 0 15.1 29 330 M M 0 38 310
26 86 54 70 -5 0 5 0.00 0.0 0 7.4 17 10 M M 0 28 330
27 87 66 77 1 0 12 0.00 0.0 0 14.3 29 160 M M 1 40 160
28 90 63 77 1 0 12 0.00 0.0 0 7.5 17 20 M M 0 3 24 10
29 88 67 78 2 0 13 0.32 0.0 0 9.0 25 260 M M 2 13 34 260
30 81 65 73 -3 0 8 0.36 0.0 0 5.2 20 180 M M 4 13 33 170
================================================================================
SM 2602 1820 4 272 1.94 0.0 245.8 M 54
================================================================================
AV 86.7 60.7 8.2 FASTST M M 2 MAX(MPH)
MISC ----> 37 350 47 10
================================================================================
NOTES:
# LAST OF SEVERAL OCCURRENCES
COLUMN 17 PEAK WIND IN M.P.H.
PRELIMINARY LOCAL CLIMATOLOGICAL DATA (WS FORM: F-6) , PAGE 2
STATION: GRAND ISLAND NE
MONTH: JUNE
YEAR: 2023
LATITUDE: 40 58 N
LONGITUDE: 98 19 W
[TEMPERATURE DATA] [PRECIPITATION DATA] SYMBOLS USED IN COLUMN 16
AVERAGE MONTHLY: 73.7 TOTAL FOR MONTH: 1.94 1 = FOG OR MIST
DPTR FM NORMAL: 0.9 DPTR FM NORMAL: -2.07 2 = FOG REDUCING VISIBILITY
HIGHEST: 98 ON 19 GRTST 24HR 0.56 ON 29-30 TO 1/4 MILE OR LESS
LOWEST: 47 ON 12 3 = THUNDER
SNOW, ICE PELLETS, HAIL 4 = ICE PELLETS
TOTAL MONTH: 0.0 INCH 5 = HAIL
GRTST 24HR 0.0 6 = FREEZING RAIN OR DRIZZLE
GRTST DEPTH: 0 7 = DUSTSTORM OR SANDSTORM:
VSBY 1/2 MILE OR LESS
8 = SMOKE OR HAZE
[NO. OF DAYS WITH] [WEATHER - DAYS WITH] 9 = BLOWING SNOW
X = TORNADO
MAX 32 OR BELOW: 0 0.01 INCH OR MORE: 8
MAX 90 OR ABOVE: 11 0.10 INCH OR MORE: 7
MIN 32 OR BELOW: 0 0.50 INCH OR MORE: 0
MIN 0 OR BELOW: 0 1.00 INCH OR MORE: 0
[HDD (BASE 65) ]
TOTAL THIS MO. 4 CLEAR (SCALE 0-3) 24
DPTR FM NORMAL -13 PTCLDY (SCALE 4-7) 6
TOTAL FM JUL 1 5853 CLOUDY (SCALE 8-10) 0
DPTR FM NORMAL -67
[CDD (BASE 65) ]
TOTAL THIS MO. 272
DPTR FM NORMAL 23 [PRESSURE DATA]
TOTAL FM JAN 1 393 HIGHEST SLP 30.11 ON 5
DPTR FM NORMAL 61 LOWEST SLP 29.66 ON 18
[REMARKS]
#FINAL-06-23#