000
CXUS53 KIWX 010910
CF6GSH
PRELIMINARY LOCAL CLIMATOLOGICAL DATA (WS FORM: F-6)
STATION: GOSHEN
MONTH: JANUARY
YEAR: 2022
LATITUDE: 41 31 N
LONGITUDE: 85 47 W
TEMPERATURE IN F: :PCPN: SNOW: WIND :SUNSHINE: SKY :PK WND
================================================================================
1 2 3 4 5 6A 6B 7 8 9 10 11 12 13 14 15 16 17 18
12Z AVG MX 2MIN
DY MAX MIN AVG DEP HDD CDD WTR SNW DPTH SPD SPD DIR MIN PSBL S-S WX SPD DR
================================================================================
1 47 25 36 10 29 0 0.20 M M 11.4 21 40 M M 10 1 29 40
2 26 12 19 -7 46 0 T M M 8.5 20 20 M M 6 18 26 360
3 24 18 21 -5 44 0 0.00 M M 6.7 13 250 M M 5 18 17 230
4 37 19 28 2 37 0 0.00 M M 13.0 25 170 M M 0 35 150
5 35 11 23 -3 42 0 T M M 22.3 36 240 M M 8 18 46 240
6 15 10 13 -13 52 0 T M M 15.5 25 250 M M 10 8 34 240
7 16 3 10 -16 55 0 T M M 9.5 22 260 M M 5 18 28 270
8 34 8 21 -4 44 0 T M M 13.3 22 180 M M 5 16 29 200
9 36 15 26 1 39 0 0.01 M M 15.7 29 310 M M 5 18 39 300
10 22 12 17 -8 48 0 T M M 15.3 25 280 M M 9 18 31 280
11 31 9 20 -5 45 0 0.00 M M 13.0 25 200 M M 3 36 190
12 38 28 33 8 32 0 T M M 9.4 24 230 M M 5 36 240
13 41 24 33 8 32 0 T M M 5.1 15 350 M M 7 18 19 350
14 32 21 27 2 38 0 0.00 M M 7.7 16 50 M M 10 1 24 60
15 25 14 20 -5 45 0 0.00 M M 10.3 17 60 M M 4 23 60
16 32 10 21 -4 44 0 0.00 M M 5.4 13 330 M M 0 17 340
17 29 23 26 1 39 0 T M M 11.3 22 320 M M 10 168 29 320
18 40 22 31 7 34 0 0.00 M M 13.7 26 210 M M 7 8 36 210
19 42 31 37 13 28 0 0.00 M M 16.3 21 240 M M 3 1 32 220
20 21 13 17 -7 48 0 T M M 7.1 13 30 M M 9 1 17 350
21 24 6 15 -9 50 0 0.00 M M 4.3 12 150 M M 1 16 160
22 29 13 21 -3 44 0 T M M 13.8 24 240 M M 4 8 37 220
23 25 8 17 -7 48 0 0.21 M M 8.4 22 260 M M 9 18 29 10
24 26 9 18 -6 47 0 0.04 M M 11.2 20 320 M M 10 18 25 330
25 21 4 13 -11 52 0 T M M 9.5 18 280 M M 8 18 21 300
26 9 -2 4 -20 61 0 T M M 7.8 15 220 M M 3 8 19 230
27 31 5 18 -6 47 0 T M M 11.7 23 220 M M 8 31 230
28 28 -5 12 -13 53 0 T M M 9.2 18 40 M M 5 18 26 30
29 17 -2 8 -17 57 0 T M M 5.9 14 220 M M 7 8 18 220
30 30 9 20 -5 45 0 0.00 M M 4.5 8 30 M M 4 18 11 130
31 31 23 27 2 38 0 0.00 M M 7.0 16 130 M M 6 8 26 130
================================================================================
SM 894 396 1363 0 0.46 M 323.8 M 186
================================================================================
AV 28.8 12.8 10.4 FASTST M M 6 MAX(MPH)
MISC ----> 36 240 46 240
================================================================================
NOTES:
# LAST OF SEVERAL OCCURRENCES
COLUMN 17 PEAK WIND IN M.P.H.
PRELIMINARY LOCAL CLIMATOLOGICAL DATA (WS FORM: F-6) , PAGE 2
STATION: GOSHEN
MONTH: JANUARY
YEAR: 2022
LATITUDE: 41 31 N
LONGITUDE: 85 47 W
[TEMPERATURE DATA] [PRECIPITATION DATA] SYMBOLS USED IN COLUMN 16
AVERAGE MONTHLY: 20.8 TOTAL FOR MONTH: 0.46 1 = FOG OR MIST
DPTR FM NORMAL: -4.2 DPTR FM NORMAL: -1.27 2 = FOG REDUCING VISIBILITY
HIGHEST: 47 ON 1 GRTST 24HR 0.27 ON 1- 2 TO 1/4 MILE OR LESS
LOWEST: -5 ON 28 3 = THUNDER
SNOW, ICE PELLETS, HAIL 4 = ICE PELLETS
TOTAL MONTH: M 5 = HAIL
GRTST 24HR M ON M 6 = FREEZING RAIN OR DRIZZLE
GRTST DEPTH: M ON M 7 = DUSTSTORM OR SANDSTORM:
VSBY 1/2 MILE OR LESS
8 = SMOKE OR HAZE
[NO. OF DAYS WITH] [WEATHER - DAYS WITH] 9 = BLOWING SNOW
X = TORNADO
MAX 32 OR BELOW: 22 0.01 INCH OR MORE: 4
MAX 90 OR ABOVE: 0 0.10 INCH OR MORE: 2
MIN 32 OR BELOW: 31 0.50 INCH OR MORE: 0
MIN 0 OR BELOW: 3 1.00 INCH OR MORE: 0
[HDD (BASE 65) ]
TOTAL THIS MO. 1363 CLEAR (SCALE 0-3) 5
DPTR FM NORMAL 123 PTCLDY (SCALE 4-7) 17
TOTAL FM JUL 1 3239 CLOUDY (SCALE 8-10) 9
DPTR FM NORMAL -335
[CDD (BASE 65) ]
TOTAL THIS MO. 0
DPTR FM NORMAL 0 [PRESSURE DATA]
TOTAL FM JAN 1 0 HIGHEST SLP 30.63 ON 21
DPTR FM NORMAL 0 LOWEST SLP 29.53 ON 5
[REMARKS]
#FINAL-01-22#