000
CXUS52 KGSP 011215
CLMGSP
CLIMATE REPORT
NATIONAL WEATHER SERVICE GREENVILLE-SPARTANBURG SC
815 AM EDT MON MAY 01 2023
...................................
...THE GREENVILLE-SPARTANBURG SC CLIMATE SUMMARY FOR THE MONTH OF APRIL 2023...
CLIMATE NORMAL PERIOD 1991 TO 2020
CLIMATE RECORD PERIOD 1884 TO 2023
WEATHER OBSERVED NORMAL DEPART LAST YEAR`S
VALUE DATE(S) VALUE FROM VALUE DATE(S)
NORMAL
................................................................
TEMPERATURE (F)
RECORD
HIGH 94 04/20/1917
LOW 22 04/15/1907
04/14/1907
HIGHEST 85 04/05 MM MM 84 04/25
04/06
LOWEST 34 04/11 MM MM 28 04/10
AVG. MAXIMUM 72.5 73.2 -0.7 73.4
AVG. MINIMUM 48.0 48.7 -0.7 46.3
MEAN 60.3 61.0 -0.7 59.9
DAYS MAX >= 90 0 0.1 -0.1 0
DAYS MAX <= 32 0 0.0 0.0 0
DAYS MIN <= 32 0 0.6 -0.6 1
DAYS MIN <= 0 0 0.0 0.0 0
PRECIPITATION (INCHES)
RECORD
MAXIMUM 11.30 1964
MINIMUM 0.57 1915
TOTALS 10.12 4.04 6.08 4.49
DAILY AVG. 0.34 0.13 0.21 0.15
DAYS >= .01 14 9.7 4.3 7
DAYS >= .10 9 6.7 2.3 5
DAYS >= .50 5 3.1 1.9 2
DAYS >= 1.00 3 1.0 2.0 2
GREATEST
24 HR. TOTAL 4.76 04/27 TO 04/28 2.80 04/17 TO 04/18
STORM TOTAL 4.40 2.41
(MM/DD(HH)) MM
SNOWFALL (INCHES)
RECORDS
TOTAL 0.3 1987
24 HR TOTAL 0.3 04/03/1987 TO 04/03/1987
SNOW DEPTH MM MM
TOTALS 0.0 0.0 0.0 0.0
LIQUID EQUIV 0.00 0.00 0.00 0.00
SINCE 7/1 T 3.9 -3.9 MM
LIQUID 7/1 -0.10 0.30 -0.40 MM
SNOWDEPTH AVG. 0 0
DAYS >= TRACE 0 0.0 0.0 0
DAYS >= 1.0 0 0.0 0.0 0
GREATEST
SNOW DEPTH 0 0 MM
24 HR TOTAL MM MM
STORM TOTAL 0.0 0.0
(MM/DD(HH)) MM
DEGREE DAYS
HEATING TOTAL 171 163 8 177
SINCE 7/1 2648 2976 -328 MM
COOLING TOTAL 38 42 -4 30
SINCE 1/1 62 52 10 MM
FREEZE DATES
RECORD
EARLIEST MM
LATEST MM
EARLIEST 10/18
LATEST 04/10
................................................................
WIND (MPH)
AVERAGE WIND SPEED 7.1
HIGHEST WIND SPEED/DIRECTION 30/260 DATE 04/01
HIGHEST GUST SPEED/DIRECTION 45/280 DATE 04/01
SKY COVER
POSSIBLE SUNSHINE (PERCENT) MM
AVERAGE SKY COVER 0.39
NUMBER OF DAYS FAIR 12
NUMBER OF DAYS PC 13
NUMBER OF DAYS CLOUDY 5
AVERAGE RH (PERCENT) 62
WEATHER CONDITIONS. NUMBER OF DAYS WITH
THUNDERSTORM 4 MIXED PRECIP 0
HEAVY RAIN 8 RAIN 8
LIGHT RAIN 14 FREEZING RAIN 0
LT FREEZING RAIN 0 HAIL 0
HEAVY SNOW 0 SNOW 0
LIGHT SNOW 0 SLEET 0
FOG 14 FOG W/VIS <= 1/4 MILE 1
HAZE 2
- INDICATES NEGATIVE NUMBERS.
R INDICATES RECORD WAS SET OR TIED.
MM INDICATES DATA IS MISSING.
T INDICATES TRACE AMOUNT.
$$