000
CXUS52 KGSP 011931
CLMGSP
CLIMATE REPORT
NATIONAL WEATHER SERVICE GREENVILLE-SPARTANBURG SC
331 PM EDT SAT APR 01 2023
...................................
...THE GREENVILLE-SPARTANBURG SC CLIMATE SUMMARY FOR THE MONTH OF MARCH 2023...
CLIMATE NORMAL PERIOD 1991 TO 2020
CLIMATE RECORD PERIOD 1884 TO 2023
WEATHER OBSERVED NORMAL DEPART LAST YEAR`S
VALUE DATE(S) VALUE FROM VALUE DATE(S)
NORMAL
................................................................
TEMPERATURE (F)
RECORD
HIGH 91 03/23/1907
LOW 11 03/15/1993
03/03/1980
HIGHEST 83 03/24 MM MM 82 03/03
LOWEST 26 03/20 MM MM 23 03/13
AVG. MAXIMUM 66.5 64.4 2.1 67.4
AVG. MINIMUM 42.8 41.2 1.6 43.0
MEAN 54.6 52.8 1.8 55.2
DAYS MAX >= 90 0 0.0 0.0 0
DAYS MAX <= 32 0 0.0 0.0 0
DAYS MIN <= 32 6 6.0 0.0 5
DAYS MIN <= 0 0 0.0 0.0 0
PRECIPITATION (INCHES)
RECORD
MAXIMUM 11.99 1952
MINIMUM 1.13 1985
TOTALS 4.07 4.48 -0.41 6.03
DAILY AVG. 0.13 0.14 -0.01 0.19
DAYS >= .01 10 10.2 -0.2 12
DAYS >= .10 7 7.2 -0.2 7
DAYS >= .50 5 2.9 2.1 6
DAYS >= 1.00 0 1.2 -1.2 1
GREATEST
24 HR. TOTAL 1.41 03/26 TO 03/27 1.51 03/08 TO 03/09
STORM TOTAL 0.89 1.35
(MM/DD(HH)) MM
SNOWFALL (INCHES)
RECORDS
TOTAL 15.3 1960
24 HR TOTAL 9.8 03/12/1993 TO 03/13/1993
SNOW DEPTH 5 03/24/1983
TOTALS 0.0 0.6 -0.6 0.0
LIQUID EQUIV 0.00 0.00 0.00 0.00
SINCE 7/1 T 3.9 -3.9 MM
LIQUID 7/1 -0.10 0.30 -0.40 MM
SNOWDEPTH AVG. 0 0
DAYS >= TRACE 0 0.3 -0.3 0
DAYS >= 1.0 0 0.1 -0.1 0
GREATEST
SNOW DEPTH 0 0 MM
24 HR TOTAL MM MM
STORM TOTAL 0.0 0.0
(MM/DD(HH)) MM
DEGREE DAYS
HEATING TOTAL 328 387 -59 300
SINCE 7/1 2477 2816 -339 MM
COOLING TOTAL 14 9 5 5
SINCE 1/1 24 10 14 MM
FREEZE DATES
RECORD
EARLIEST MM
LATEST MM
EARLIEST 10/18
LATEST 04/10
................................................................
WIND (MPH)
AVERAGE WIND SPEED 6.8
HIGHEST WIND SPEED/DIRECTION 30/270 DATE 03/03
HIGHEST GUST SPEED/DIRECTION 43/290 DATE 03/03
SKY COVER
POSSIBLE SUNSHINE (PERCENT) MM
AVERAGE SKY COVER 0.28
NUMBER OF DAYS FAIR 18
NUMBER OF DAYS PC 10
NUMBER OF DAYS CLOUDY 3
AVERAGE RH (PERCENT) 55
WEATHER CONDITIONS. NUMBER OF DAYS WITH
THUNDERSTORM 3 MIXED PRECIP 0
HEAVY RAIN 5 RAIN 6
LIGHT RAIN 10 FREEZING RAIN 0
LT FREEZING RAIN 0 HAIL 0
HEAVY SNOW 0 SNOW 0
LIGHT SNOW 0 SLEET 0
FOG 11 FOG W/VIS <= 1/4 MILE 0
HAZE 3
- INDICATES NEGATIVE NUMBERS.
R INDICATES RECORD WAS SET OR TIED.
MM INDICATES DATA IS MISSING.
T INDICATES TRACE AMOUNT.
$$