000
CXUS54 KAMA 011512
CLMGUY
CLIMATE REPORT
NATIONAL WEATHER SERVICE AMARILLO
1012 AM CDT SAT JUL 01 2023
...................................
...THE GUYMON CLIMATE SUMMARY FOR THE MONTH OF JUNE 2023...
CLIMATE NORMAL PERIOD: 1991 TO 2020
CLIMATE RECORD PERIOD: 1998 TO 2023
WEATHER OBSERVED NORMAL DEPART LAST YEAR`S
VALUE DATE(S) VALUE FROM VALUE DATE(S)
NORMAL
................................................................
TEMPERATURE (F)
HIGHEST 101 06/20 107 06/12
LOWEST 52 06/14 53 06/28
06/16
AVG. MAXIMUM 83.9 90.7 -6.8 91.2
AVG. MINIMUM 59.3 61.6 -2.3 64.1
MEAN 71.6 76.2 -4.6 77.7
DAYS MAX >= 90 7 17.7 -10.7 21
DAYS MAX <= 32 0 0.0 0.0 0
DAYS MIN <= 32 0 0.0 0.0 0
DAYS MIN <= 0 0 0.0 0.0 0
PRECIPITATION (INCHES)
TOTALS 3.69 2.88 0.81 3.18
DAILY AVG. 0.13 0.10 0.03 0.11
DAYS >= .01 4 7.7 -3.7 11
DAYS >= .10 6 4.4 1.6 7
DAYS >= .50 2 1.4 0.6 3
DAYS >= 1.00 0 0.3 -0.3 1
GREATEST
24 HR. TOTAL 0.94 06/02 TO 06/02
SNOWFALL (INCHES)
TOTALS MM MM MM MM
SINCE 7/1 MM MM MM MM
DAYS >= TRACE MM MM MM
DAYS >= 1.0 MM MM MM MM
GREATEST
SNOW DEPTH MM
24 HR TOTAL MM
DEGREE DAYS
HEATING TOTAL 3 4 -1 10
SINCE 7/1 4245 4290 -45 MM
COOLING TOTAL 207 338 -131 396
SINCE 1/1 341 482 -141 MM
................................................................
WIND (MPH)
AVERAGE WIND SPEED 8.5
HIGHEST WIND SPEED/DIRECTION 44/320 DATE 06/17
HIGHEST GUST SPEED/DIRECTION 63/330 DATE 06/17
SKY COVER
POSSIBLE SUNSHINE (PERCENT) MM
NUMBER OF DAYS FAIR 22
NUMBER OF DAYS PC 7
NUMBER OF DAYS CLOUDY 1
AVERAGE RH (PERCENT) 71
WEATHER CONDITIONS. NUMBER OF DAYS WITH
THUNDERSTORM 14 MIXED PRECIP 0
HEAVY RAIN 5 RAIN 7
LIGHT RAIN 15 FREEZING RAIN 0
LT FREEZING RAIN 0 HEAVY SNOW 0
SNOW 0 LIGHT SNOW 0
SLEET 0 FOG 8
FOG W/VIS <= 1/4 MILE 0 HAZE 0
- INDICATES NEGATIVE NUMBERS.
R INDICATES RECORD WAS SET OR TIED.
MM INDICATES DATA IS MISSING.
T INDICATES TRACE AMOUNT.
$$