000
CXUS54 KFWD 010730
CF6GVT
PRELIMINARY LOCAL CLIMATOLOGICAL DATA (WS FORM: F-6)
STATION: GREENVILLE
MONTH: SEPTEMBER
YEAR: 2020
LATITUDE: 33 4 N
LONGITUDE: 96 4 W
TEMPERATURE IN F: :PCPN: SNOW: WIND :SUNSHINE: SKY :PK WND
================================================================================
1 2 3 4 5 6A 6B 7 8 9 10 11 12 13 14 15 16 17 18
12Z AVG MX 2MIN
DY MAX MIN AVG DEP HDD CDD WTR SNW DPTH SPD SPD DIR MIN PSBL S-S WX SPD DR
================================================================================
1 91 73 82 -1 0 17 0.24 0.0 0 9.7 21 200 M M 6 3 32 300
2 82 73 78 -4 0 13 0.28 0.0 0 3.5 14 130 M M 7 3 M M
3 86 73 80 -2 0 15 0.01 0.0 0 1.6 9 160 M M 5 38 M M
4 86 73 80 -2 0 15 0.00 0.0 0 1.1 6 110 M M 4 M M
5 90 77 84 2 0 19 0.00 0.0 0 0.8 6 140 M M 1 M M
6 91 72 82 1 0 17 0.00 0.0 0 2.4 9 200 M M 3 12 M M
7 95 73 84 3 0 19 0.00 0.0 0 5.5 12 140 M M 1 M M
8 91 75 83 3 0 18 0.00 0.0 0 6.6 15 150 M M 3 3 27 150
9 88 75 82 2 0 17 0.78 0.0 0 2.7 14 140 M M 6 3 17 140
10 75 63 69 -11 0 4 0.38 0.0 0 4.2 8 360 M M 9 1 M M
11 82 64 73 -6 0 8 0.00 0.0 0 3.0 8 350 M M 4 M M
12 88 68 78 -1 0 13 0.00 0.0 0 0.6 7 350 M M 1 M M
13 90 70 80 1 0 15 0.00 0.0 0 4.3 12 360 M M 2 M M
14 88 70 79 1 0 14 0.00 0.0 0 3.5 8 10 M M 5 M M
15 90 75 83 5 0 18 0.00 0.0 0 2.6 8 40 M M 5 M M
16 90 72 81 3 0 16 0.00 0.0 0 1.9 10 350 M M 2 M M
17 86 70 78 1 0 13 0.00 0.0 0 1.5 7 60 M M 2 M M
18 86 66 76 -1 0 11 0.00 0.0 0 2.2 8 50 M M 1 1 16 20
19 81 63 72 -4 0 7 0.00 0.0 0 2.4 7 70 M M 0 M M
20 84 57 71 -5 0 6 0.00 0.0 0 2.9 8 30 M M 2 M M
21 72 68 70 -6 0 5 0.27 0.0 0 5.6 9 50 M M 10 1 17 30
22 72 68 70 -5 0 5 0.51 0.0 0 2.2 7 50 M M 10 18 M M
23 72 64 68 -7 0 3 0.00 0.0 0 4.0 9 350 M M 10 18 M M
24 79 63 71 -3 0 6 0.01 0.0 M 1.4 6 340 M M 6 1 M M
25 81 55 68 -6 0 3 0.00 0.0 0 3.0 8 140 M M 2 1 M M
26 84 61 73 -1 0 8 0.00 0.0 0 5.2 10 180 M M 3 18 16 170
27 88 63 76 3 0 11 0.30 0.0 0 9.8 27 340 M M 7 3 30 170
28 77 55 66 -7 0 1 0.00 0.0 0 9.1 18 350 M M 3 28 360
29 82 52 67 -6 0 2 0.00 0.0 0 3.7 13 310 M M 0 17 340
30 91 52 72 0 0 7 0.00 0.0 0 3.2 10 210 M M 0 M M
================================================================================
SM 2538 2003 0 326 2.78 0.0 110.2 M 120
================================================================================
AV 84.6 66.8 3.7 FASTST M M 4 MAX(MPH)
MISC ----> # 27 340 # 32 300
================================================================================
NOTES:
# LAST OF SEVERAL OCCURRENCES
COLUMN 17 PEAK WIND IN M.P.H.
PRELIMINARY LOCAL CLIMATOLOGICAL DATA (WS FORM: F-6) , PAGE 2
STATION: GREENVILLE
MONTH: SEPTEMBER
YEAR: 2020
LATITUDE: 33 4 N
LONGITUDE: 96 4 W
[TEMPERATURE DATA] [PRECIPITATION DATA] SYMBOLS USED IN COLUMN 16
AVERAGE MONTHLY: 75.7 TOTAL FOR MONTH: 2.78 1 = FOG OR MIST
DPTR FM NORMAL: -1.9 DPTR FM NORMAL: -0.56 2 = FOG REDUCING VISIBILITY
HIGHEST: 95 ON 7 GRTST 24HR 0.78 ON 9- 9 TO 1/4 MILE OR LESS
LOWEST: 52 ON 30,29 3 = THUNDER
SNOW, ICE PELLETS, HAIL 4 = ICE PELLETS
TOTAL MONTH: 0.0 INCH 5 = HAIL
GRTST 24HR 0.0 6 = FREEZING RAIN OR DRIZZLE
GRTST DEPTH: 0 7 = DUSTSTORM OR SANDSTORM:
VSBY 1/2 MILE OR LESS
8 = SMOKE OR HAZE
[NO. OF DAYS WITH] [WEATHER - DAYS WITH] 9 = BLOWING SNOW
X = TORNADO
MAX 32 OR BELOW: 0 0.01 INCH OR MORE: 9
MAX 90 OR ABOVE: 9 0.10 INCH OR MORE: 7
MIN 32 OR BELOW: 0 0.50 INCH OR MORE: 2
MIN 0 OR BELOW: 0 1.00 INCH OR MORE: 0
[HDD (BASE 65) ]
TOTAL THIS MO. 0 CLEAR (SCALE 0-3) 15
DPTR FM NORMAL -7 PTCLDY (SCALE 4-7) 11
TOTAL FM JUL 1 0 CLOUDY (SCALE 8-10) 4
DPTR FM NORMAL -7
[CDD (BASE 65) ]
TOTAL THIS MO. 326
DPTR FM NORMAL -60 [PRESSURE DATA]
TOTAL FM JAN 1 2535 HIGHEST SLP M ON M
DPTR FM NORMAL 55 LOWEST SLP M ON M
[REMARKS]
#FINAL-09-20#