000
CXUS54 KJAN 011410
CF6GWO
PRELIMINARY LOCAL CLIMATOLOGICAL DATA (WS FORM: F-6)
STATION: GREENWOOD
MONTH: JULY
YEAR: 2021
LATITUDE: 33 30 N
LONGITUDE: 90 5 W
TEMPERATURE IN F: :PCPN: SNOW: WIND :SUNSHINE: SKY :PK WND
================================================================================
1 2 3 4 5 6A 6B 7 8 9 10 11 12 13 14 15 16 17 18
12Z AVG MX 2MIN
DY MAX MIN AVG DEP HDD CDD WTR SNW DPTH SPD SPD DIR MIN PSBL S-S WX SPD DR
================================================================================
1 92 72 82 1 0 17 0.00 0.0 0 4.0 13 210 M M 2 18 190
2 91 67 79 -2 0 14 0.00 0.0 0 5.4 14 10 M M 4 22 20
3 87 63 75 -6 0 10 0.00 0.0 0 4.6 14 40 M M 1 20 60
4 89 62 76 -5 0 11 0.00 0.0 0 4.1 12 50 M M 0 16 50
5 92 65 79 -2 0 14 0.00 0.0 0 3.4 9 50 M M 1 13 110
6 92 73 83 2 0 18 0.00 0.0 0 5.9 14 120 M M 2 19 150
7 91 73 82 1 0 17 0.09 0.0 0 5.1 17 150 M M 5 13 25 150
8 92 72 82 1 0 17 0.00 0.0 0 6.6 12 200 M M 3 1 17 210
9 93 74 84 3 0 19 0.11 0.0 0 7.1 16 220 M M 1 26 210
10 89 73 81 0 0 16 0.23 0.0 0 7.6 15 200 M M 4 38 23 210
11 87 75 81 0 0 16 0.06 0.0 0 9.6 16 200 M M 4 1 24 200
12 87 73 80 -2 0 15 0.35 0.0 0 8.7 17 220 M M 5 13 22 220
13 91 74 83 1 0 18 0.00 0.0 0 6.7 14 200 M M 2 20 230
14 94 74 84 2 0 19 0.01 0.0 0 4.5 14 180 M M 2 8 17 180
15 95 73 84 2 0 19 0.08 0.0 0 6.7 30 210 M M 1 13 39 210
16 89 73 81 -1 0 16 0.26 0.0 0 5.5 17 180 M M 3 13 23 180
17 84 73 79 -3 0 14 1.51 0.0 0 4.6 13 200 M M 5 13 18 200
18 88 73 81 -1 0 16 0.40 0.0 0 3.1 15 290 M M 6 13 27 290
19 83 72 78 -4 0 13 0.00 0.0 0 3.5 9 210 M M 7 1 13 230
20 87 70 79 -3 0 14 0.58 0.0 0 4.2 15 40 M M 6 13 22 40
21 89 73 81 -1 0 16 0.00 0.0 0 3.6 13 60 M M 6 15 60
22 93 75 84 2 0 19 0.00 0.0 0 1.5 10 230 M M 2 14 260
23 93 75 84 2 0 19 0.00 0.0 0 2.4 10 40 M M 1 1 13 280
24 95 77 86 4 0 21 0.01 0.0 0 2.0 13 190 M M 2 18 16 240
25 95 77 86 4 0 21 0.00 0.0 0 2.0 7 230 M M 1 1 10 190
26 97 78 88 6 0 23 0.00 0.0 0 3.1 14 180 M M 2 13 20 110
27 96 77 87 5 0 22 0.00 0.0 0 4.4 10 170 M M 2 13 160
28 98 77 88 6 0 23 0.00 0.0 0 1.8 8 30 M M 1 1 11 50
29 97 76 87 5 0 22 0.00 0.0 0 1.3 9 30 M M 0 18 12 30
30 97 75 86 4 0 21 0.00 0.0 0 1.3 8 350 M M 0 1 12 290
31 97 76 87 5 0 22 0.00 0.0 0 2.6 8 250 M M 1 1 13 240
================================================================================
SM 2840 2260 0 542 3.69 0.0 136.9 M 82
================================================================================
AV 91.6 72.9 4.4 FASTST M M 3 MAX(MPH)
MISC ----> 30 210 39 210
================================================================================
NOTES:
# LAST OF SEVERAL OCCURRENCES
COLUMN 17 PEAK WIND IN M.P.H.
PRELIMINARY LOCAL CLIMATOLOGICAL DATA (WS FORM: F-6) , PAGE 2
STATION: GREENWOOD
MONTH: JULY
YEAR: 2021
LATITUDE: 33 30 N
LONGITUDE: 90 5 W
[TEMPERATURE DATA] [PRECIPITATION DATA] SYMBOLS USED IN COLUMN 16
AVERAGE MONTHLY: 82.3 TOTAL FOR MONTH: 3.69 1 = FOG OR MIST
DPTR FM NORMAL: 0.8 DPTR FM NORMAL: -0.13 2 = FOG REDUCING VISIBILITY
HIGHEST: 98 ON 28 GRTST 24HR 1.72 ON 16-17 TO 1/4 MILE OR LESS
LOWEST: 62 ON 4 3 = THUNDER
SNOW, ICE PELLETS, HAIL 4 = ICE PELLETS
TOTAL MONTH: 0.0 INCH 5 = HAIL
GRTST 24HR 0.0 6 = FREEZING RAIN OR DRIZZLE
GRTST DEPTH: 0 7 = DUSTSTORM OR SANDSTORM:
VSBY 1/2 MILE OR LESS
8 = SMOKE OR HAZE
[NO. OF DAYS WITH] [WEATHER - DAYS WITH] 9 = BLOWING SNOW
X = TORNADO
MAX 32 OR BELOW: 0 0.01 INCH OR MORE: 12
MAX 90 OR ABOVE: 20 0.10 INCH OR MORE: 7
MIN 32 OR BELOW: 0 0.50 INCH OR MORE: 2
MIN 0 OR BELOW: 0 1.00 INCH OR MORE: 1
[HDD (BASE 65) ]
TOTAL THIS MO. 0 CLEAR (SCALE 0-3) 20
DPTR FM NORMAL 0 PTCLDY (SCALE 4-7) 11
TOTAL FM JUL 1 0 CLOUDY (SCALE 8-10) 0
DPTR FM NORMAL 0
[CDD (BASE 65) ]
TOTAL THIS MO. 542
DPTR FM NORMAL 29 [PRESSURE DATA]
TOTAL FM JAN 1 1371 HIGHEST SLP 30.24 ON 14
DPTR FM NORMAL 83 LOWEST SLP 29.85 ON 2
[REMARKS]
#FINAL-07-21#