000
CXUS54 KJAN 011414
CF6GWO
PRELIMINARY LOCAL CLIMATOLOGICAL DATA (WS FORM: F-6)
STATION: GREENWOOD
MONTH: APRIL
YEAR: 2020
LATITUDE: 33 30 N
LONGITUDE: 90 5 W
TEMPERATURE IN F: :PCPN: SNOW: WIND :SUNSHINE: SKY :PK WND
================================================================================
1 2 3 4 5 6A 6B 7 8 9 10 11 12 13 14 15 16 17 18
12Z AVG MX 2MIN
DY MAX MIN AVG DEP HDD CDD WTR SNW DPTH SPD SPD DIR MIN PSBL S-S WX SPD DR
================================================================================
1 75 43 59 -1 6 0 0.00 0.0 0 2.4 13 10 M M 0 16 20
2 76 51 64 4 1 0 0.00 0.0 0 4.2 12 140 M M 0 16 100
3 72 55 64 4 1 0 0.03 0.0 0 2.6 9 210 M M 4 1 11 210
4 73 55 64 4 1 0 0.00 0.0 0 2.7 9 60 M M 2 8 12 340
5 80 58 69 8 0 4 0.00 0.0 0 3.4 8 350 M M 2 13 360
6 82 55 69 8 0 4 0.00 0.0 0 3.9 13 200 M M 1 1 20 220
7 70 65 68 7 0 3 1.79 0.0 0 6.2 13 100 M M 7 13 18 100
8 79 68 74 13 0 9 0.40 0.0 0 7.0 29 190 M M 7 13 39 170
9 77 59 68 6 0 3 0.00 0.0 0 8.7 22 20 M M 2 1 31 20
10 65 45 55 -7 10 0 0.00 0.0 0 7.1 20 40 M M 1 29 350
11 76 42 59 -3 6 0 T 0.0 0 5.2 14 170 M M 0 20 180
12 71 57 64 2 1 0 1.06 0.0 0 9.7 23 150 M M 8 13 45 310
13 58 45 52 -11 13 0 T 0.0 0 6.9 16 330 M M 6 1 27 340
14 61 41 51 -12 14 0 0.00 0.0 0 8.5 18 30 M M 1 24 20
15 63 37 50 -13 15 0 0.00 0.0 0 4.2 15 350 M M 0 22 360
16 74 38 56 -8 9 0 0.00 0.0 0 7.2 14 140 M M 0 20 80
17 75 49 62 -2 3 0 0.40 0.0 0 8.9 21 200 M M 3 3 27 220
18 64 47 56 -8 9 0 0.10 0.0 0 M 22 10 M M M 29 10
19 63 55 59 -5 6 0 2.50 0.0 0 M 28 340 M M M 13 36 350
20 74 56 65 0 0 0 0.00 0.0 0 M 14 310 M M 0 19 350
21 82 53 68 3 0 3 T 0.0 0 3.0 10 340 M M 0 1 15 310
22 74 59 67 2 0 2 1.07 0.0 0 11.5 30 150 M M 5 13 44 140
23 74 55 65 0 0 0 0.07 0.0 0 6.4 18 140 M M 5 13 27 220
24 77 49 63 -3 2 0 0.05 0.0 0 3.6 16 210 M M 1 24 210
25 73 55 64 -2 1 0 0.21 0.0 0 5.9 14 240 M M 6 30 160
26 73 50 62 -4 3 0 0.00 0.0 0 4.3 15 350 M M 0 24 360
27 78 49 64 -3 1 0 0.00 0.0 0 5.1 12 170 M M 0 16 160
28 80 57 69 2 0 4 0.00 0.0 0 8.6 17 180 M M 2 24 200
29 77 56 67 0 0 2 0.63 0.0 0 6.6 24 140 M M 6 13 34 130
30 76 53 65 -2 0 0 0.00 0.0 0 5.6 14 360 M M 1 25 360
================================================================================
SM 2192 1557 102 34 8.31 0.0 159.4 M 70
================================================================================
AV 73.1 51.9 5.9 FASTST M M 3 MAX(MPH)
MISC ----> # 30 150 # 45 310
================================================================================
NOTES:
# LAST OF SEVERAL OCCURRENCES
COLUMN 17 PEAK WIND IN M.P.H.
PRELIMINARY LOCAL CLIMATOLOGICAL DATA (WS FORM: F-6) , PAGE 2
STATION: GREENWOOD
MONTH: APRIL
YEAR: 2020
LATITUDE: 33 30 N
LONGITUDE: 90 5 W
[TEMPERATURE DATA] [PRECIPITATION DATA] SYMBOLS USED IN COLUMN 16
AVERAGE MONTHLY: 62.5 TOTAL FOR MONTH: 8.31 1 = FOG OR MIST
DPTR FM NORMAL: -0.9 DPTR FM NORMAL: 3.18 2 = FOG REDUCING VISIBILITY
HIGHEST: 82 ON 21, 6 GRTST 24HR 2.50 ON 19-19 TO 1/4 MILE OR LESS
LOWEST: 37 ON 15 3 = THUNDER
SNOW, ICE PELLETS, HAIL 4 = ICE PELLETS
TOTAL MONTH: 0.0 INCH 5 = HAIL
GRTST 24HR 0.0 6 = FREEZING RAIN OR DRIZZLE
GRTST DEPTH: 0 7 = DUSTSTORM OR SANDSTORM:
VSBY 1/2 MILE OR LESS
8 = SMOKE OR HAZE
[NO. OF DAYS WITH] [WEATHER - DAYS WITH] 9 = BLOWING SNOW
X = TORNADO
MAX 32 OR BELOW: 0 0.01 INCH OR MORE: 12
MAX 90 OR ABOVE: 0 0.10 INCH OR MORE: 9
MIN 32 OR BELOW: 0 0.50 INCH OR MORE: 5
MIN 0 OR BELOW: 0 1.00 INCH OR MORE: 4
[HDD (BASE 65) ]
TOTAL THIS MO. 102 CLEAR (SCALE 0-3) 18
DPTR FM NORMAL -22 PTCLDY (SCALE 4-7) 10
TOTAL FM JUL 1 2107 CLOUDY (SCALE 8-10) 0
DPTR FM NORMAL -564
[CDD (BASE 65) ]
TOTAL THIS MO. 34
DPTR FM NORMAL -42 [PRESSURE DATA]
TOTAL FM JAN 1 109 HIGHEST SLP M ON M
DPTR FM NORMAL 7 LOWEST SLP 29.45 ON 12
[REMARKS]
#FINAL-04-20#