000
CXUS54 KEWX 011010
CF6GYB
PRELIMINARY LOCAL CLIMATOLOGICAL DATA (WS FORM: F-6)
STATION: GIDDINGS-LEE COUNTY AIRPORT
MONTH: OCTOBER
YEAR: 2022
LATITUDE: 30 10 N
LONGITUDE: 96 59 W
TEMPERATURE IN F: :PCPN: SNOW: WIND :SUNSHINE: SKY :PK WND
================================================================================
1 2 3 4 5 6A 6B 7 8 9 10 11 12 13 14 15 16 17 18
12Z AVG MX 2MIN
DY MAX MIN AVG DEP HDD CDD WTR SNW DPTH SPD SPD DIR MIN PSBL S-S WX SPD DR
================================================================================
1 85 50 68 M 0 3 0.00 M M 2.3 9 90 M M 0 M M
2 84 53 69 M 0 4 0.00 M M 2.5 7 60 M M 0 M M
3 87 56 72 M 0 7 0.00 M M 1.7 7 90 M M 0 M M
4 89 61 75 M 0 10 0.00 M M 2.8 6 70 M M 0 8 M M
5 89 56 73 M 0 8 0.00 M M 1.8 8 90 M M 1 18 M M
6 90 58 74 M 0 9 0.00 M M 2.5 12 90 M M 0 M M
7 86 60 73 M 0 8 0.00 M M 1.4 6 60 M M 0 M M
8 89 64 77 M 0 12 0.00 M M 6.1 9 80 M M 1 18 70
9 89 60 75 M 0 10 0.00 M M 2.7 9 120 M M 1 M M
10 88 57 73 M 0 8 0.00 M M 3.5 9 180 M M 1 17 100
11 87 60 74 M 0 9 0.00 M M 4.5 12 190 M M 1 18 150
12 94 68 81 M 0 16 0.05 M M 4.1 13 240 M M 4 12 28 20
13 88 67 78 M 0 13 0.00 M M 5.1 9 60 M M 1 16 20
14 90 59 75 M 0 10 0.00 M M 3.0 8 170 M M 2 M M
15 92 66 79 M 0 14 0.00 M M 5.4 10 190 M M 1 1 18 210
16 92 69 81 M 0 16 0.00 M M 3.3 10 30 M M 4 1 21 20
17 73 58 66 M 0 1 0.54 M M 8.8 17 10 M M 5 23 10
18 67 46 57 M 8 0 0.00 M M 7.0 14 350 M M 0 20 350
19 69 43 56 M 9 0 0.00 M M 2.6 7 10 M M 0 M M
20 82 49 66 M 0 1 0.00 0.0 M 7.6 13 230 M M 0 20 240
21 85 57 71 M 0 6 0.00 0.0 M 8.9 14 180 M M 0 20 230
22 86 61 74 M 0 9 0.00 M M 10.4 20 210 M M 1 28 200
23 86 65 76 M 0 11 0.00 M M 8.8 16 180 M M 5 27 190
24 79 58 69 M 0 4 0.31 M M 9.6 15 190 M M 9 27 340
25 73 47 60 M 5 0 0.00 0.0 M 7.7 18 350 M M 2 30 350
26 75 44 60 M 5 0 0.00 M M 2.5 9 90 M M 0 M M
27 79 46 63 M 2 0 0.02 M M 3.9 10 130 M M 3 8 17 150
28 66 57 62 M 3 0 0.24 M M 8.5 16 340 M M 10 22 340
29 66 55 61 M 4 0 0.00 M M 7.5 16 330 M M 8 24 330
30 74 52 63 M 2 0 0.00 M M 3.3 9 300 M M 0 M M
31 77 50 64 M 1 0 0.01 M M 0.9 5 130 M M 1 M M
================================================================================
SM 2556 1752 39 189 1.17 0.0 150.6 M 61
================================================================================
AV 82.5 56.5 4.9 FASTST M M 2 MAX(MPH)
MISC ----> 20 210 30 350
================================================================================
NOTES:
# LAST OF SEVERAL OCCURRENCES
COLUMN 17 PEAK WIND IN M.P.H.
PRELIMINARY LOCAL CLIMATOLOGICAL DATA (WS FORM: F-6) , PAGE 2
STATION: GIDDINGS-LEE COUNTY AIRPORT
MONTH: OCTOBER
YEAR: 2022
LATITUDE: 30 10 N
LONGITUDE: 96 59 W
[TEMPERATURE DATA] [PRECIPITATION DATA] SYMBOLS USED IN COLUMN 16
AVERAGE MONTHLY: 69.5 TOTAL FOR MONTH: 1.17 1 = FOG OR MIST
DPTR FM NORMAL: 0.0 DPTR FM NORMAL: M 2 = FOG REDUCING VISIBILITY
HIGHEST: 94 ON 12 GRTST 24HR 0.54 ON 17-17 TO 1/4 MILE OR LESS
LOWEST: 43 ON 19 3 = THUNDER
SNOW, ICE PELLETS, HAIL 4 = ICE PELLETS
TOTAL MONTH: 0.0 INCH 5 = HAIL
GRTST 24HR 0.0 6 = FREEZING RAIN OR DRIZZLE
GRTST DEPTH: M ON M 7 = DUSTSTORM OR SANDSTORM:
VSBY 1/2 MILE OR LESS
8 = SMOKE OR HAZE
[NO. OF DAYS WITH] [WEATHER - DAYS WITH] 9 = BLOWING SNOW
X = TORNADO
MAX 32 OR BELOW: 0 0.01 INCH OR MORE: 6
MAX 90 OR ABOVE: 5 0.10 INCH OR MORE: 3
MIN 32 OR BELOW: 0 0.50 INCH OR MORE: 1
MIN 0 OR BELOW: 0 1.00 INCH OR MORE: 0
[HDD (BASE 65) ]
TOTAL THIS MO. 39 CLEAR (SCALE 0-3) 24
DPTR FM NORMAL M PTCLDY (SCALE 4-7) 4
TOTAL FM JUL 1 39 CLOUDY (SCALE 8-10) 3
DPTR FM NORMAL M
[CDD (BASE 65) ]
TOTAL THIS MO. 189
DPTR FM NORMAL M [PRESSURE DATA]
TOTAL FM JAN 1 3313 HIGHEST SLP M ON M
DPTR FM NORMAL M LOWEST SLP M ON M
[REMARKS]
#FINAL-10-22#