000
CXUS51 KGYX 020929
CF6GYX
PRELIMINARY LOCAL CLIMATOLOGICAL DATA (WS FORM: F-6)
STATION: GRAY ME
MONTH: MAY
YEAR: 2023
LATITUDE: 43 53 N
LONGITUDE: 70 15 W
TEMPERATURE IN F: :PCPN: SNOW: WIND :SUNSHINE: SKY :PK WND
================================================================================
1 2 3 4 5 6A 6B 7 8 9 10 11 12 13 14 15 16 17 18
12Z AVG MX 2MIN
DY MAX MIN AVG DEP HDD CDD WTR SNW DPTH SPD SPD DIR MIN PSBL S-S WX SPD DR
================================================================================
1 63 43 53 4 12 0 1.55 0.0 0 M M M M M M 1 M M
2 55 40 48 -2 17 0 0.56 0.0 0 M M M M M M 1 M M
3 43 40 42 -8 23 0 0.24 0.0 0 M M M M M M 1 M M
4 50 38 44 -6 21 0 0.02 0.0 0 M M M M M M M M
5 64 43 54 3 11 0 0.02 0.0 0 M M M M M M M M
6 75 48 62 11 3 0 0.00 0.0 0 M M M M M M M M
7 76 54 65 14 0 0 0.00 0.0 0 M M M M M M M M
8 68 46 57 5 8 0 0.00 0.0 0 M M M M M M M M
9 61 40 51 -1 14 0 0.00 0.0 0 M M M M M M M M
10 73 40 57 5 8 0 0.00 0.0 0 M M M M M M M M
11 80 52 66 13 0 1 0.00 0.0 0 M M M M M M M M
12 79 57 68 15 0 3 0.01 0.0 0 M M M M M M M M
13 72 46 59 6 6 0 0.00 0.0 0 M M M M M M M M
14 63 42 53 -1 12 0 0.00 0.0 0 M M M M M M M M
15 72 44 58 4 7 0 0.00 0.0 0 M M M M M M M M
16 71 48 60 6 5 0 T 0.0 0 M M M M M M M M
17 49 35 42 -12 23 0 0.00 0.0 0 M M M M M M M M
18 63 33 48 -7 17 0 0.00 0.0 0 M M M M M M M M
19 64 39 52 -3 13 0 0.00 0.0 0 M M M M M M M M
20 65 46 56 1 9 0 2.13 0.0 0 M M M M M M M M
21 73 56 65 9 0 0 0.12 0.0 0 M M M M M M M M
22 66 44 55 -1 10 0 0.00 0.0 0 M M M M M M M M
23 63 43 53 -3 12 0 0.00 0.0 0 M M M M M M M M
24 63 43 53 -4 12 0 0.23 0.0 0 M M M M M M M M
25 62 42 52 -5 13 0 T 0.0 0 M M M M M M M M
26 68 40 54 -3 11 0 0.00 0.0 0 M M M M M M M M
27 81 45 63 5 2 0 0.00 0.0 0 M M M M M M M M
28 90 59 75 17 0 10 0.00 0.0 0 M M M M M M M M
29 69 45 57 -1 8 0 0.00 0.0 0 M M M M M M M M
30 70 45 58 0 7 0 0.00 0.0 0 M M M M M M M M
31 75 46 61 2 4 0 0.00 0.0 0 M M M M M M M M
================================================================================
SM 2086 1382 288 14 4.88 0.0 M M M
================================================================================
AV 67.3 44.6 M FASTST M M M MAX(MPH)
MISC ----> M M M M
================================================================================
NOTES:
# LAST OF SEVERAL OCCURRENCES
COLUMN 17 PEAK WIND IN M.P.H.
PRELIMINARY LOCAL CLIMATOLOGICAL DATA (WS FORM: F-6) , PAGE 2
STATION: GRAY ME
MONTH: MAY
YEAR: 2023
LATITUDE: 43 53 N
LONGITUDE: 70 15 W
[TEMPERATURE DATA] [PRECIPITATION DATA] SYMBOLS USED IN COLUMN 16
AVERAGE MONTHLY: 55.9 TOTAL FOR MONTH: 4.88 1 = FOG OR MIST
DPTR FM NORMAL: 1.7 DPTR FM NORMAL: 1.32 2 = FOG REDUCING VISIBILITY
HIGHEST: 90 ON 28 GRTST 24HR 2.13 ON 20-20 TO 1/4 MILE OR LESS
LOWEST: 33 ON 18 3 = THUNDER
SNOW, ICE PELLETS, HAIL 4 = ICE PELLETS
TOTAL MONTH: 0.0 INCH 5 = HAIL
GRTST 24HR 0.0 6 = FREEZING RAIN OR DRIZZLE
GRTST DEPTH: 0 7 = DUSTSTORM OR SANDSTORM:
VSBY 1/2 MILE OR LESS
8 = SMOKE OR HAZE
[NO. OF DAYS WITH] [WEATHER - DAYS WITH] 9 = BLOWING SNOW
X = TORNADO
MAX 32 OR BELOW: 0 0.01 INCH OR MORE: 9
MAX 90 OR ABOVE: 1 0.10 INCH OR MORE: 6
MIN 32 OR BELOW: 0 0.50 INCH OR MORE: 3
MIN 0 OR BELOW: 0 1.00 INCH OR MORE: 2
[HDD (BASE 65) ]
TOTAL THIS MO. 288 CLEAR (SCALE 0-3) 0
DPTR FM NORMAL -58 PTCLDY (SCALE 4-7) 0
TOTAL FM JUL 1 6295 CLOUDY (SCALE 8-10) 31
DPTR FM NORMAL -765
[CDD (BASE 65) ]
TOTAL THIS MO. 14
DPTR FM NORMAL 5 [PRESSURE DATA]
TOTAL FM JAN 1 14 HIGHEST SLP M ON M
DPTR FM NORMAL 5 LOWEST SLP M ON M
[REMARKS]
#FINAL-05-23#