000
CXUS53 KGID 012127 AAA
CF6HDE
PRELIMINARY LOCAL CLIMATOLOGICAL DATA (WS FORM: F-6)
STATION: HOLDREGE NE
MONTH: JULY
YEAR: 2023
LATITUDE: 40 27 N
LONGITUDE: 99 20 W
TEMPERATURE IN F: :PCPN: SNOW: WIND :SUNSHINE: SKY :PK WND
================================================================================
1 2 3 4 5 6A 6B 7 8 9 10 11 12 13 14 15 16 17 18
12Z AVG MX 2MIN
DY MAX MIN AVG DEP HDD CDD WTR SNW DPTH SPD SPD DIR MIN PSBL S-S WX SPD DR
================================================================================
1 76 60 68 M 0 3 0.35 M M 4.4 12 310 M M 4 13 20 350
2 83 58 71 M 0 6 0.00 M M 4.9 8 170 M M 0 M M
3 86 60 73 M 0 8 M M M 5.8 12 170 M M 0 M M
4 86 64 75 M 0 10 0.00 M M 8.4 17 10 M M 2 28 10
5 69 57 63 M 2 0 0.02 M M 8.7 15 360 M M 8 25 360
6 69 56 63 M 2 0 T M M 6.6 14 100 M M 9 18 110
7 79 60 70 M 0 5 T M M 8.3 14 140 M M 6 20 150
8 72 52 62 M 3 0 T M M 5.1 13 20 M M 4 1 M M
9 79 50 65 M 0 0 0.00 M M 5.0 10 230 M M 0 1 18 240
10 88 59 74 M 0 9 0.36 M M 10.8 21 160 M M 1 3 33 150
11 85 58 72 M 0 7 0.00 M M 7.4 16 90 M M 0 22 120
12 84 67 76 M 0 11 0.00 M M 7.2 27 360 M M 3 1 44 360
13 83 62 73 M 0 8 0.52 M M 5.5 13 70 M M 3 12 9 150
14 76 63 70 M 0 5 0.18 M M 5.5 18 350 M M 3 3 28 40
15 83 62 73 M 0 8 0.00 M M 4.4 7 310 M M 1 M M
16 82 64 73 M 0 8 0.29 M M 6.2 13 180 M M 1 3 18 180
17 77 63 70 M 0 5 T M M 9.0 15 70 M M 2 138 21 0
18 82 61 72 M 0 7 0.01 M M 9.6 25 110 M M 6 1 31 110
19 79 65 72 M 0 7 0.01 M M 5.3 10 110 M M 7 1 M M
20 76 65 71 M 0 6 0.07 M M 4.8 15 50 M M 5 1 20 50
21 80 63 72 M 0 7 0.01 M M 2.2 8 210 M M 4 1 M M
22 90 60 75 M 0 10 0.10 M M 7.1 22 60 M M 1 25 60
23 89 56 73 M 0 8 0.00 M M 5.8 12 150 M M 0 M M
24 93 67 80 M 0 15 0.00 M M 6.7 12 240 M M 0 M M
25 95 66 81 M 0 16 0.00 M M 6.3 15 100 M M 0 1 25 10
26 97 70 84 M 0 19 0.00 M M 6.7 10 240 M M 1 M M
27 98 65 82 M 0 17 T M M 6.4 15 320 M M 0 23 320
28 97 66 82 M 0 17 0.00 M M 6.0 20 90 M M 0 27 90
29 85 63 74 M 0 9 0.01 M M 9.2 29 10 M M 1 73 360
30 94 66 80 M 0 15 0.00 M M 10.4 22 90 M M 1 1 28 90
31 84 66 75 M 0 10 0.06 M M 10.5 17 80 M M 4 27 50
================================================================================
SM 2596 1914 7 256 1.99 M 210.2 M 77
================================================================================
AV 83.7 61.7 6.8 FASTST M M 2 MAX(MPH)
MISC ----> 29 10 M M
================================================================================
NOTES:
# LAST OF SEVERAL OCCURRENCES
COLUMN 17 PEAK WIND IN M.P.H.
PRELIMINARY LOCAL CLIMATOLOGICAL DATA (WS FORM: F-6) , PAGE 2
STATION: HOLDREGE NE
MONTH: JULY
YEAR: 2023
LATITUDE: 40 27 N
LONGITUDE: 99 20 W
[TEMPERATURE DATA] [PRECIPITATION DATA] SYMBOLS USED IN COLUMN 16
AVERAGE MONTHLY: 72.7 TOTAL FOR MONTH: 1.99 1 = FOG OR MIST
DPTR FM NORMAL: M DPTR FM NORMAL: M 2 = FOG REDUCING VISIBILITY
HIGHEST: 98 ON 27 GRTST 24HR 0.52 ON 13-13 TO 1/4 MILE OR LESS
LOWEST: 50 ON 9 3 = THUNDER
SNOW, ICE PELLETS, HAIL 4 = ICE PELLETS
TOTAL MONTH: M 5 = HAIL
GRTST 24HR M ON M 6 = FREEZING RAIN OR DRIZZLE
GRTST DEPTH: M ON M 7 = DUSTSTORM OR SANDSTORM:
VSBY 1/2 MILE OR LESS
8 = SMOKE OR HAZE
[NO. OF DAYS WITH] [WEATHER - DAYS WITH] 9 = BLOWING SNOW
X = TORNADO
MAX 32 OR BELOW: 0 0.01 INCH OR MORE: 13
MAX 90 OR ABOVE: 7 0.10 INCH OR MORE: 6
MIN 32 OR BELOW: 0 0.50 INCH OR MORE: 1
MIN 0 OR BELOW: 0 1.00 INCH OR MORE: 0
[HDD (BASE 65) ]
TOTAL THIS MO. 7 CLEAR (SCALE 0-3) 20
DPTR FM NORMAL M PTCLDY (SCALE 4-7) 9
TOTAL FM JUL 1 7 CLOUDY (SCALE 8-10) 2
DPTR FM NORMAL M
[CDD (BASE 65) ]
TOTAL THIS MO. 256
DPTR FM NORMAL M [PRESSURE DATA]
TOTAL FM JAN 1 483 HIGHEST SLP M ON M
DPTR FM NORMAL M LOWEST SLP M ON M
[REMARKS]
#FINAL-07-23#