000
CXUS53 KGID 012129
CF6HDE
PRELIMINARY LOCAL CLIMATOLOGICAL DATA (WS FORM: F-6)
STATION: HOLDREGE NE
MONTH: OCTOBER
YEAR: 2021
LATITUDE: 40 27 N
LONGITUDE: 99 20 W
TEMPERATURE IN F: :PCPN: SNOW: WIND :SUNSHINE: SKY :PK WND
================================================================================
1 2 3 4 5 6A 6B 7 8 9 10 11 12 13 14 15 16 17 18
12Z AVG MX 2MIN
DY MAX MIN AVG DEP HDD CDD WTR SNW DPTH SPD SPD DIR MIN PSBL S-S WX SPD DR
================================================================================
1 68 53 61 M 4 0 0.00 M M 3.1 8 360 M M 7 M M
2 71 51 61 M 4 0 0.00 M M 4.2 10 10 M M 2 18 18 360
3 79 48 64 M 1 0 0.00 M M 4.5 7 300 M M 0 M M
4 82 46 64 M 1 0 0.00 M M 6.1 9 60 M M 0 M M
5 79 44 62 M 3 0 0.00 M M 3.5 12 100 M M 0 M M
6 76 47 62 M 3 0 0.00 M M 8.5 15 140 M M 0 22 130
7 80 54 67 M 0 2 0.00 M M 9.1 16 180 M M 0 22 180
8 84 48 66 M 0 1 0.00 M M 4.6 12 20 M M 0 18 M M
9 78 56 67 M 0 2 0.00 M M 5.8 12 280 M M 0 22 270
10 69 45 57 M 8 0 0.00 M M 8.4 18 320 M M 0 24 320
11 73 39 56 M 9 0 0.00 M M 3.6 9 90 M M 1 18 M M
12 72 46 59 M 6 0 0.98 M M 16.7 29 130 M M 5 38 40 150
13 61 43 52 M 13 0 0.04 M M 17.4 37 270 M M 2 45 270
14 52 34 43 M 22 0 T M M 5.2 12 330 M M 5 20 330
15 58 34 46 M 19 0 0.00 M M 9.0 21 300 M M 1 28 300
16 67 32 50 M 15 0 0.00 M M 5.7 9 330 M M 0 M M
17 75 46 61 M 4 0 0.00 M M 7.5 15 190 M M 0 21 190
18 73 40 57 M 8 0 0.00 M M 11.3 23 170 M M 0 31 160
19 76 48 62 M 3 0 0.04 M M 11.8 21 150 M M 1 27 150
20 54 35 45 M 20 0 0.00 M M 12.9 18 320 M M 6 30 310
21 60 33 47 M 18 0 0.00 M M 4.3 9 280 M M 0 8 M M
22 74 37 56 M 9 0 0.00 M M 6.0 14 220 M M 0 17 220
23 58 38 48 M 17 0 0.00 M M 10.2 15 90 M M 5 1 23 90
24 65 39 52 M 13 0 0.01 M M 9.2 16 20 M M 7 1 22 340
25 47 40 44 M 21 0 0.00 M M 9.5 17 150 M M 10 1 22 140
26 67 45 56 M 9 0 0.50 M M 19.7 29 140 M M 9 1 36 140
27 58 43 51 M 14 0 0.02 M M 14.8 23 350 M M 6 1 36 340
28 60 41 51 M 14 0 0.00 M M 19.6 36 340 M M 0 47 340
29 61 34 48 M 17 0 0.00 M M 6.4 10 310 M M 0 17 310
30 68 39 54 M 11 0 0.00 M M 12.9 24 10 M M 0 35 10
31 44 38 41 M 24 0 0.00 M M 7.7 14 10 M M 10 21 360
================================================================================
SM 2089 1316 310 5 1.59 M 279.2 M 77
================================================================================
AV 67.4 42.5 9.0 FASTST M M 2 MAX(MPH)
MISC ----> 37 270 M M
================================================================================
NOTES:
# LAST OF SEVERAL OCCURRENCES
COLUMN 17 PEAK WIND IN M.P.H.
PRELIMINARY LOCAL CLIMATOLOGICAL DATA (WS FORM: F-6) , PAGE 2
STATION: HOLDREGE NE
MONTH: OCTOBER
YEAR: 2021
LATITUDE: 40 27 N
LONGITUDE: 99 20 W
[TEMPERATURE DATA] [PRECIPITATION DATA] SYMBOLS USED IN COLUMN 16
AVERAGE MONTHLY: 54.9 TOTAL FOR MONTH: 1.59 1 = FOG OR MIST
DPTR FM NORMAL: M DPTR FM NORMAL: M 2 = FOG REDUCING VISIBILITY
HIGHEST: 84 ON 8 GRTST 24HR 0.98 ON 12-12 TO 1/4 MILE OR LESS
LOWEST: 32 ON 16 3 = THUNDER
SNOW, ICE PELLETS, HAIL 4 = ICE PELLETS
TOTAL MONTH: M 5 = HAIL
GRTST 24HR M ON M 6 = FREEZING RAIN OR DRIZZLE
GRTST DEPTH: M ON M 7 = DUSTSTORM OR SANDSTORM:
VSBY 1/2 MILE OR LESS
8 = SMOKE OR HAZE
[NO. OF DAYS WITH] [WEATHER - DAYS WITH] 9 = BLOWING SNOW
X = TORNADO
MAX 32 OR BELOW: 0 0.01 INCH OR MORE: 6
MAX 90 OR ABOVE: 0 0.10 INCH OR MORE: 2
MIN 32 OR BELOW: 1 0.50 INCH OR MORE: 2
MIN 0 OR BELOW: 0 1.00 INCH OR MORE: 0
[HDD (BASE 65) ]
TOTAL THIS MO. 310 CLEAR (SCALE 0-3) 21
DPTR FM NORMAL M PTCLDY (SCALE 4-7) 7
TOTAL FM JUL 1 339 CLOUDY (SCALE 8-10) 3
DPTR FM NORMAL M
[CDD (BASE 65) ]
TOTAL THIS MO. 5
DPTR FM NORMAL M [PRESSURE DATA]
TOTAL FM JAN 1 1147 HIGHEST SLP M ON M
DPTR FM NORMAL 1147 LOWEST SLP M ON M
[REMARKS]
#FINAL-10-21#