000
CXUS53 KGID 011446
CF6HJH
PRELIMINARY LOCAL CLIMATOLOGICAL DATA (WS FORM: F-6)
STATION: HEBRON NE
MONTH: OCTOBER
YEAR: 2023
LATITUDE: 40 9 N
LONGITUDE: 97 35 W
TEMPERATURE IN F: :PCPN: SNOW: WIND :SUNSHINE: SKY :PK WND
================================================================================
1 2 3 4 5 6A 6B 7 8 9 10 11 12 13 14 15 16 17 18
12Z AVG MX 2MIN
DY MAX MIN AVG DEP HDD CDD WTR SNW DPTH SPD SPD DIR MIN PSBL S-S WX SPD DR
================================================================================
1 92 69 81 M 0 16 0.00 M M 11.0 17 170 M M 0 25 200
2 91 65 78 M 0 13 0.00 M M 10.2 18 200 M M 0 25 190
3 86 60 73 M 0 8 1.12 M M 12.4 22 170 M M 4 3 40 280
4 73 52 63 M 2 0 0.00 M M 4.5 14 340 M M 0 20 340
5 74 49 62 M 3 0 0.00 M M 6.5 17 350 M M 0 29 360
6 60 41 51 M 14 0 0.04 M M 8.9 23 340 M M 3 32 320
7 66 33 50 M 15 0 0.00 M M 5.2 10 210 M M 0 M M
8 81 42 62 M 3 0 0.00 M M 5.2 13 350 M M 0 17 320
9 69 42 56 M 9 0 0.00 M M 2.6 9 20 M M 0 17 30
10 77 38 58 M 7 0 T M M 5.0 14 150 M M 1 18 18 160
11 86 53 70 M 0 5 0.00 M M 9.0 17 150 M M 1 24 170
12 71 56 64 M 1 0 0.09 M M 14.6 22 150 M M 8 29 150
13 56 49 53 M 12 0 0.00 M M 16.4 23 320 M M 10 1 37 330
14 55 47 51 M 14 0 0.04 M M 12.3 22 330 M M 10 28 340
15 53 42 48 M 17 0 0.00 M M 8.0 13 10 M M 9 17 10
16 64 36 50 M 15 0 0.00 M M 3.8 9 330 M M 0 M M
17 77 35 56 M 9 0 0.00 M M 6.6 15 200 M M 0 22 190
18 73 51 62 M 3 0 0.00 M M 9.1 18 340 M M 1 31 320
19 81 50 66 M 0 1 0.00 M M 6.1 17 320 M M 0 28 320
20 88 43 66 M 0 1 0.00 M M 3.3 8 250 M M 0 16 230
21 76 43 60 M 5 0 0.00 M M 4.3 13 50 M M 0 17 50
22 74 41 58 M 7 0 0.00 M M 8.8 20 130 M M 0 28 130
23 86 54 70 M 0 5 0.00 M M 11.1 22 210 M M 1 28 210
24 78 61 70 M 0 5 0.00 M M 11.8 21 190 M M 5 1 32 200
25 66 54 60 M 5 0 0.01 M M 5.8 10 80 M M 10 1 16 340
26 75 42 59 M 6 0 0.00 M M 8.6 21 340 M M 10 33 350
27 44 31 38 M 27 0 0.00 M M 13.5 21 360 M M 3 28 350
28 37 28 33 M 32 0 0.00 M M 11.0 16 20 M M 9 22 20
29 37 26 32 M 33 0 T M M 11.1 18 360 M M 7 24 360
30 47 20 34 M 31 0 0.00 M M 6.0 12 280 M M 0 16 290
31 38 17 28 M 37 0 0.00 M M 8.2 17 340 M M 0 28 340
================================================================================
SM 2131 1370 307 54 1.30 M 260.9 M 92
================================================================================
AV 68.7 44.2 8.4 FASTST M M 3 MAX(MPH)
MISC ----> # 23 340 M M
================================================================================
NOTES:
# LAST OF SEVERAL OCCURRENCES
COLUMN 17 PEAK WIND IN M.P.H.
PRELIMINARY LOCAL CLIMATOLOGICAL DATA (WS FORM: F-6) , PAGE 2
STATION: HEBRON NE
MONTH: OCTOBER
YEAR: 2023
LATITUDE: 40 9 N
LONGITUDE: 97 35 W
[TEMPERATURE DATA] [PRECIPITATION DATA] SYMBOLS USED IN COLUMN 16
AVERAGE MONTHLY: 56.5 TOTAL FOR MONTH: 1.30 1 = FOG OR MIST
DPTR FM NORMAL: M DPTR FM NORMAL: M 2 = FOG REDUCING VISIBILITY
HIGHEST: 92 ON 1 GRTST 24HR 1.12 ON 3- 3 TO 1/4 MILE OR LESS
LOWEST: 17 ON 31 3 = THUNDER
SNOW, ICE PELLETS, HAIL 4 = ICE PELLETS
TOTAL MONTH: M 5 = HAIL
GRTST 24HR M ON M 6 = FREEZING RAIN OR DRIZZLE
GRTST DEPTH: M ON M 7 = DUSTSTORM OR SANDSTORM:
VSBY 1/2 MILE OR LESS
8 = SMOKE OR HAZE
[NO. OF DAYS WITH] [WEATHER - DAYS WITH] 9 = BLOWING SNOW
X = TORNADO
MAX 32 OR BELOW: 0 0.01 INCH OR MORE: 5
MAX 90 OR ABOVE: 2 0.10 INCH OR MORE: 1
MIN 32 OR BELOW: 5 0.50 INCH OR MORE: 1
MIN 0 OR BELOW: 0 1.00 INCH OR MORE: 1
[HDD (BASE 65) ]
TOTAL THIS MO. 307 CLEAR (SCALE 0-3) 20
DPTR FM NORMAL M PTCLDY (SCALE 4-7) 5
TOTAL FM JUL 1 315 CLOUDY (SCALE 8-10) 6
DPTR FM NORMAL M
[CDD (BASE 65) ]
TOTAL THIS MO. 54
DPTR FM NORMAL M [PRESSURE DATA]
TOTAL FM JAN 1 1584 HIGHEST SLP M ON M
DPTR FM NORMAL M LOWEST SLP M ON M
[REMARKS]
#FINAL-10-23#