000
CXUS51 KPBZ 010730
CF6HLG
PRELIMINARY LOCAL CLIMATOLOGICAL DATA (WS FORM: F-6)
STATION: WHEELING WV
MONTH: MAY
YEAR: 2022
LATITUDE: 40 10 N
LONGITUDE: 80 39 W
TEMPERATURE IN F: :PCPN: SNOW: WIND :SUNSHINE: SKY :PK WND
================================================================================
1 2 3 4 5 6A 6B 7 8 9 10 11 12 13 14 15 16 17 18
12Z AVG MX 2MIN
DY MAX MIN AVG DEP HDD CDD WTR SNW DPTH SPD SPD DIR MIN PSBL S-S WX SPD DR
================================================================================
1 75 55 65 8 0 0 0.31 M M 8.5 20 210 M M 6 13 29 190
2 71 52 62 4 3 0 0.00 M M 8.9 20 260 M M 4 26 280
3 75 51 63 5 2 0 0.75 M M 6.1 48 280 M M 4 123 65 290
4 62 54 58 0 7 0 0.45 M M 7.0 17 270 M M 10 1 23 280
5 63 52 58 0 7 0 0.03 M M 5.8 13 100 M M 9 17 90
6 59 52 56 -3 9 0 1.00 M M 9.5 21 50 M M 10 1 27 50
7 56 47 52 -7 13 0 0.40 M M 14.4 25 50 M M 10 1 32 50
8 65 42 54 -5 11 0 0.00 M M 7.9 18 50 M M 1 24 50
9 72 44 58 -2 7 0 0.00 M M 8.0 16 70 M M 0 20 100
10 78 50 64 4 1 0 0.00 M M 7.3 14 70 M M 0 17 110
11 79 46 63 3 2 0 0.00 M M 5.7 15 30 M M 0 19 50
12 81 47 64 4 1 0 0.00 M M 7.1 20 110 M M 0 24 130
13 82 60 71 11 0 6 T M M 8.1 16 100 M M 3 3 21 100
14 82 58 70 9 0 5 0.08 M M 4.3 14 330 M M 4 38 19 320
15 83 60 72 11 0 7 0.00 M M 5.6 13 250 M M 1 17 240
16 71 54 63 2 2 0 0.53 M M 7.4 24 330 M M 6 13 33 330
17 72 52 62 0 3 0 0.00 M M 8.0 25 280 M M 2 34 280
18 66 48 57 -5 8 0 0.09 M M 5.9 13 120 M M 8 1 16 130
19 78 57 68 6 0 3 0.00 M M 8.0 17 270 M M 6 1 24 270
20 83 64 74 12 0 9 0.17 M M 12.1 22 220 M M 3 13 30 220
21 87 64 76 14 0 11 0.03 M M 10.6 29 260 M M 2 3 42 250
22 77 54 66 3 0 1 0.06 M M 6.9 18 330 M M 5 1 24 350
23 63 50 57 -6 8 0 T M M 6.8 13 50 M M 5 17 20
24 70 50 60 -3 5 0 0.00 M M 7.1 13 90 M M 6 16 100
25 77 55 66 2 0 1 0.00 M M 10.2 17 100 M M 1 21 110
26 79 62 71 7 0 6 0.06 M M 10.5 20 190 M M 5 18 28 190
27 74 57 66 2 0 1 0.12 M M 6.8 17 270 M M 8 13 24 280
28 72 57 65 1 0 0 0.05 M M 5.8 14 300 M M 7 1 18 300
29 80 56 68 3 0 3 0.00 M M 4.3 13 180 M M 2 1 15 180
30 87 64 76 11 0 11 0.00 M M 7.1 15 180 M M 0 18 200
31 88 63 76 11 0 11 0.00 M M 6.6 15 280 M M 0 18 22 200
================================================================================
SM 2307 1677 89 75 4.13 M 238.3 M 128
================================================================================
AV 74.4 54.1 7.7 FASTST M M 4 MAX(MPH)
MISC ----> 48 280 65 290
================================================================================
NOTES:
# LAST OF SEVERAL OCCURRENCES
COLUMN 17 PEAK WIND IN M.P.H.
PRELIMINARY LOCAL CLIMATOLOGICAL DATA (WS FORM: F-6) , PAGE 2
STATION: WHEELING WV
MONTH: MAY
YEAR: 2022
LATITUDE: 40 10 N
LONGITUDE: 80 39 W
[TEMPERATURE DATA] [PRECIPITATION DATA] SYMBOLS USED IN COLUMN 16
AVERAGE MONTHLY: 64.3 TOTAL FOR MONTH: 4.13 1 = FOG OR MIST
DPTR FM NORMAL: 3.1 DPTR FM NORMAL: 0.13 2 = FOG REDUCING VISIBILITY
HIGHEST: 88 ON 31 GRTST 24HR 1.26 ON 6- 7 TO 1/4 MILE OR LESS
LOWEST: 42 ON 8 3 = THUNDER
SNOW, ICE PELLETS, HAIL 4 = ICE PELLETS
TOTAL MONTH: M 5 = HAIL
GRTST 24HR M ON M 6 = FREEZING RAIN OR DRIZZLE
GRTST DEPTH: M ON M 7 = DUSTSTORM OR SANDSTORM:
VSBY 1/2 MILE OR LESS
8 = SMOKE OR HAZE
[NO. OF DAYS WITH] [WEATHER - DAYS WITH] 9 = BLOWING SNOW
X = TORNADO
MAX 32 OR BELOW: 0 0.01 INCH OR MORE: 15
MAX 90 OR ABOVE: 0 0.10 INCH OR MORE: 8
MIN 32 OR BELOW: 0 0.50 INCH OR MORE: 3
MIN 0 OR BELOW: 0 1.00 INCH OR MORE: 1
[HDD (BASE 65) ]
TOTAL THIS MO. 89 CLEAR (SCALE 0-3) 14
DPTR FM NORMAL -80 PTCLDY (SCALE 4-7) 13
TOTAL FM JUL 1 4828 CLOUDY (SCALE 8-10) 4
DPTR FM NORMAL -560
[CDD (BASE 65) ]
TOTAL THIS MO. 75
DPTR FM NORMAL 22 [PRESSURE DATA]
TOTAL FM JAN 1 95 HIGHEST SLP 30.34 ON 10
DPTR FM NORMAL 30 LOWEST SLP 29.56 ON 7
[REMARKS]
#FINAL-05-22#