000
CXUS54 KLZK 011330
CF6HOT
PRELIMINARY LOCAL CLIMATOLOGICAL DATA (WS FORM: F-6)
STATION: HOT SPRINGS MEMORIAL FIELD
MONTH: DECEMBER
YEAR: 2023
LATITUDE: 34 28 N
LONGITUDE: 93 6 W
TEMPERATURE IN F: :PCPN: SNOW: WIND :SUNSHINE: SKY :PK WND
================================================================================
1 2 3 4 5 6A 6B 7 8 9 10 11 12 13 14 15 16 17 18
12Z AVG MX 2MIN
DY MAX MIN AVG DEP HDD CDD WTR SNW DPTH SPD SPD DIR MIN PSBL S-S WX SPD DR
================================================================================
1 66 43 55 7 10 0 0.01 M M 4.3 15 240 M M 6 1 21 250
2 57 39 48 0 17 0 0.00 M M 1.8 8 80 M M 1 1 12 110
3 65 36 51 4 14 0 0.00 M M 2.7 12 180 M M 3 12 19 210
4 59 36 48 1 17 0 0.00 M M 4.8 14 310 M M 0 25 300
5 63 32 48 1 17 0 0.00 M M 4.3 14 290 M M 0 1 26 320
6 56 30 43 -3 22 0 0.00 M M 2.1 8 90 M M 0 11 80
7 64 35 50 4 15 0 0.00 M M 4.6 17 190 M M 1 25 200
8 65 50 58 12 7 0 0.01 M M 4.8 14 300 M M 10 13 23 320
9 66 47 57 11 8 0 0.99 M M 5.4 16 340 M M 5 13 34 320
10 54 33 44 -2 21 0 0.00 M M 4.5 10 350 M M 0 18 320
11 57 27 42 -3 23 0 0.00 M M 1.8 10 230 M M 0 15 230
12 62 30 46 1 19 0 0.00 M M 2.6 8 80 M M 0 8 11 170
13 60 34 47 2 18 0 0.00 M M 4.7 16 80 M M 0 22 70
14 64 36 50 5 15 0 0.00 M M 6.1 12 90 M M 0 22 90
15 59 44 52 7 13 0 0.07 M M 5.9 14 90 M M 3 18 18 100
16 57 37 47 3 18 0 0.16 M M 3.8 14 310 M M 7 1 22 300
17 61 33 47 3 18 0 0.00 M M 3.2 8 310 M M 3 12 13 310
18 58 31 45 1 20 0 0.00 M M 5.1 15 340 M M 0 22 340
19 50 25 38 -6 27 0 0.00 M M 4.0 12 120 M M 0 17 120
20 57 32 45 1 20 0 0.00 M M 4.6 9 130 M M 0 14 190
21 62 37 50 6 15 0 0.00 M M 3.0 9 150 M M 4 13 130
22 61 46 54 10 11 0 T M M 3.1 9 230 M M 10 18 15 240
23 65 55 60 17 5 0 T M M 3.4 10 90 M M 10 18 15 110
24 61 56 59 16 6 0 0.72 M M 8.6 16 110 M M 10 1 26 120
25 59 32 46 3 19 0 T M M 6.0 14 280 M M 8 1 25 320
26 51 26 39 -4 26 0 0.00 M M 2.7 13 180 M M 4 12 18 190
27 47 32 40 -3 25 0 0.00 M M 5.5 15 310 M M 3 29 290
28 45 28 37 -6 28 0 0.00 M M 4.2 12 320 M M 5 18 340
29 41 30 36 -7 29 0 0.00 M M 5.5 14 320 M M 7 22 320
30 59 26 43 0 22 0 0.00 M M 2.8 12 230 M M 0 15 250
31 63 31 47 4 18 0 0.00 M M 3.9 16 60 M M 0 22 70
================================================================================
SM 1814 1109 543 0 1.96 M 129.8 M 100
================================================================================
AV 58.5 35.8 4.2 FASTST M M 3 MAX(MPH)
MISC ----> 17 190 34 320
================================================================================
NOTES:
# LAST OF SEVERAL OCCURRENCES
COLUMN 17 PEAK WIND IN M.P.H.
PRELIMINARY LOCAL CLIMATOLOGICAL DATA (WS FORM: F-6) , PAGE 2
STATION: HOT SPRINGS MEMORIAL FIELD
MONTH: DECEMBER
YEAR: 2023
LATITUDE: 34 28 N
LONGITUDE: 93 6 W
[TEMPERATURE DATA] [PRECIPITATION DATA] SYMBOLS USED IN COLUMN 16
AVERAGE MONTHLY: 47.1 TOTAL FOR MONTH: 1.96 1 = FOG OR MIST
DPTR FM NORMAL: 2.4 DPTR FM NORMAL: -2.68 2 = FOG REDUCING VISIBILITY
HIGHEST: 66 ON 9, 1 GRTST 24HR 1.80 ON 30- 1 TO 1/4 MILE OR LESS
LOWEST: 25 ON 19 3 = THUNDER
SNOW, ICE PELLETS, HAIL 4 = ICE PELLETS
TOTAL MONTH: M 5 = HAIL
GRTST 24HR M ON M 6 = FREEZING RAIN OR DRIZZLE
GRTST DEPTH: M ON M 7 = DUSTSTORM OR SANDSTORM:
VSBY 1/2 MILE OR LESS
8 = SMOKE OR HAZE
[NO. OF DAYS WITH] [WEATHER - DAYS WITH] 9 = BLOWING SNOW
X = TORNADO
MAX 32 OR BELOW: 0 0.01 INCH OR MORE: 6
MAX 90 OR ABOVE: 0 0.10 INCH OR MORE: 3
MIN 32 OR BELOW: 14 0.50 INCH OR MORE: 2
MIN 0 OR BELOW: 0 1.00 INCH OR MORE: 0
[HDD (BASE 65) ]
TOTAL THIS MO. 543 CLEAR (SCALE 0-3) 18
DPTR FM NORMAL -88 PTCLDY (SCALE 4-7) 9
TOTAL FM JUL 1 1006 CLOUDY (SCALE 8-10) 4
DPTR FM NORMAL -140
[CDD (BASE 65) ]
TOTAL THIS MO. 0
DPTR FM NORMAL -2 [PRESSURE DATA]
TOTAL FM JAN 1 2422 HIGHEST SLP 30.62 ON 13
DPTR FM NORMAL 214 LOWEST SLP 29.71 ON 24
[REMARKS]
#FINAL-12-23#