000
CXUS54 KHGX 021158
CF6HOU
PRELIMINARY LOCAL CLIMATOLOGICAL DATA (WS FORM: F-6)
STATION: HOUSTON/HOBBY AIRPORT
MONTH: FEBRUARY
YEAR: 2023
LATITUDE: 29 38 N
LONGITUDE: 95 17 W
TEMPERATURE IN F: :PCPN: SNOW: WIND :SUNSHINE: SKY :PK WND
================================================================================
1 2 3 4 5 6A 6B 7 8 9 10 11 12 13 14 15 16 17 18
12Z AVG MX 2MIN
DY MAX MIN AVG DEP HDD CDD WTR SNW DPTH SPD SPD DIR MIN PSBL S-S WX SPD DR
================================================================================
1 43 39 41 -15 24 0 0.17 0.0 0 12.0 18 10 M M 10 1 26 40
2 43 40 42 -14 23 0 0.15 0.0 0 11.3 18 340 M M 10 1 25 10
3 60 41 51 -6 14 0 0.00 0.0 0 7.7 18 10 M M 4 1 26 20
4 64 40 52 -5 13 0 0.00 0.0 0 6.8 16 110 M M 2 20 120
5 76 50 63 6 2 0 0.00 0.0 0 6.4 13 160 M M 5 1 17 220
6 74 57 66 9 0 1 0.00 0.0 0 12.5 24 160 M M 4 31 160
7 77 61 69 12 0 4 T 0.0 0 11.5 21 130 M M 9 28 130
8 80 48 64 6 1 0 0.11 0.0 0 13.9 25 280 M M 9 1 34 180
9 72 44 58 0 7 0 0.00 0.0 0 4.0 14 130 M M 2 18 140
10 62 45 54 -4 11 0 0.00 0.0 0 12.8 24 340 M M 5 36 360
11 56 39 48 -10 17 0 0.00 0.0 0 11.2 23 340 M M 5 32 360
12 67 39 53 -5 12 0 0.00 0.0 0 3.9 14 180 M M 3 18 190
13 74 46 60 2 5 0 0.00 0.0 0 6.0 17 170 M M 6 1 22 150
14 81 63 72 13 0 7 0.18 0.0 0 14.1 25 230 M M 8 1 38 220
15 77 67 72 13 0 7 T 0.0 0 11.7 20 160 M M 10 18 26 160
16 73 49 61 2 4 0 0.03 0.0 0 16.7 28 350 M M 10 1 38 10
17 56 38 47 -12 18 0 0.00 0.0 0 16.1 29 340 M M 5 42 350
18 57 40 49 -11 16 0 0.00 0.0 0 6.4 20 110 M M 5 23 120
19 75 46 61 1 4 0 0.00 0.0 0 4.7 15 160 M M 6 21 160
20 81 60 71 11 0 6 0.02 0.0 0 11.0 22 200 M M 8 1 30 200
21 84 69 77 17 0 12 0.00 0.0 0 14.9 26 190 M M 9 34 200
22 82 70 76 16 0 11 0.05 0.0 0 14.8 24 180 M M 9 18 34 180
23 84 71 78 18 0 13 0.00 0.0 0 8.3 18 130 M M 9 1 23 110
24 81 70 76 15 0 11 0.00 0.0 0 8.2 16 140 M M 9 1 22 140
25 84 68 76 15 0 11 0.00 0.0 0 9.2 18 170 M M 8 18 24 180
26 83 71 77 16 0 12 T 0.0 0 14.9 24 160 M M 8 1 33 180
27 84 67 76 15 0 11 0.00 0.0 0 14.1 M M M M 7 M M
28 84 67 76 14 0 11 0.00 0.0 0 10.6 20 170 M M 8 1 27 170
================================================================================
SM 2014 1505 171 117 0.71 0.0 295.7 M 193
================================================================================
AV 71.9 53.8 10.6 FASTST M M 7 MAX(MPH)
MISC ----> 29 340 42 350
================================================================================
NOTES:
# LAST OF SEVERAL OCCURRENCES
COLUMN 17 PEAK WIND IN M.P.H.
PRELIMINARY LOCAL CLIMATOLOGICAL DATA (WS FORM: F-6) , PAGE 2
STATION: HOUSTON/HOBBY AIRPORT
MONTH: FEBRUARY
YEAR: 2023
LATITUDE: 29 38 N
LONGITUDE: 95 17 W
[TEMPERATURE DATA] [PRECIPITATION DATA] SYMBOLS USED IN COLUMN 16
AVERAGE MONTHLY: 62.8 TOTAL FOR MONTH: 0.71 1 = FOG OR MIST
DPTR FM NORMAL: 4.0 DPTR FM NORMAL: -2.14 2 = FOG REDUCING VISIBILITY
HIGHEST: 84 ON 28,27 GRTST 24HR 0.25 ON 1- 2 TO 1/4 MILE OR LESS
LOWEST: 38 ON 17 3 = THUNDER
SNOW, ICE PELLETS, HAIL 4 = ICE PELLETS
TOTAL MONTH: 0.0 INCH 5 = HAIL
GRTST 24HR 0.0 6 = FREEZING RAIN OR DRIZZLE
GRTST DEPTH: 0 7 = DUSTSTORM OR SANDSTORM:
VSBY 1/2 MILE OR LESS
8 = SMOKE OR HAZE
[NO. OF DAYS WITH] [WEATHER - DAYS WITH] 9 = BLOWING SNOW
X = TORNADO
MAX 32 OR BELOW: 0 0.01 INCH OR MORE: 7
MAX 90 OR ABOVE: 0 0.10 INCH OR MORE: 4
MIN 32 OR BELOW: 0 0.50 INCH OR MORE: 0
MIN 0 OR BELOW: 0 1.00 INCH OR MORE: 0
[HDD (BASE 65) ]
TOTAL THIS MO. 171 CLEAR (SCALE 0-3) 2
DPTR FM NORMAL -35 PTCLDY (SCALE 4-7) 15
TOTAL FM JUL 1 812 CLOUDY (SCALE 8-10) 11
DPTR FM NORMAL -162
[CDD (BASE 65) ]
TOTAL THIS MO. 117
DPTR FM NORMAL 84 [PRESSURE DATA]
TOTAL FM JAN 1 178 HIGHEST SLP 30.56 ON 3
DPTR FM NORMAL 125 LOWEST SLP 29.67 ON 22
[REMARKS]
#FINAL-02-23#