000
CXUS54 KBRO 010800
CF6HRL
PRELIMINARY LOCAL CLIMATOLOGICAL DATA (WS FORM: F-6)
STATION: HARLINGEN
MONTH: JULY
YEAR: 2022
LATITUDE: 26 13 N
LONGITUDE: 97 40 W
TEMPERATURE IN F: :PCPN: SNOW: WIND :SUNSHINE: SKY :PK WND
================================================================================
1 2 3 4 5 6A 6B 7 8 9 10 11 12 13 14 15 16 17 18
12Z AVG MX 2MIN
DY MAX MIN AVG DEP HDD CDD WTR SNW DPTH SPD SPD DIR MIN PSBL S-S WX SPD DR
================================================================================
1 100 81 91 6 0 26 0.00 0.0 0 15.1 21 150 M M 0 31 150
2 98 79 89 4 0 24 0.00 0.0 0 15.8 25 130 M M 2 30 130
3 99 76 88 3 0 23 0.00 0.0 0 11.8 23 130 M M 3 32 140
4 99 76 88 3 0 23 0.00 0.0 0 12.7 24 130 M M 2 32 130
5 99 79 89 4 0 24 0.00 0.0 0 14.0 23 120 M M 2 34 160
6 99 74 87 2 0 22 0.00 0.0 0 11.8 23 130 M M 2 1 31 130
7 100 74 87 2 0 22 0.00 0.0 0 12.3 25 150 M M 1 36 140
8 101 75 88 3 0 23 0.00 0.0 0 11.9 23 140 M M 2 29 130
9 102 72 87 2 0 22 0.00 0.0 0 9.9 23 130 M M 1 32 120
10 102 76 89 4 0 24 0.00 0.0 0 9.4 21 150 M M 1 26 150
11 102 76 89 4 0 24 0.00 0.0 0 12.7 22 150 M M 0 28 170
12 101 77 89 4 0 24 0.00 0.0 0 11.5 22 130 M M 1 30 170
13 98 76 87 1 0 22 0.03 0.0 0 10.8 25 130 M M 2 3 32 130
14 95 75 85 -1 0 20 0.00 0.0 0 10.0 22 140 M M 2 29 110
15 93 75 84 -2 0 19 0.78 0.0 0 9.0 32 150 M M 2 40 140
16 99 75 87 1 0 22 0.00 0.0 0 10.1 18 150 M M 1 27 140
17 98 71 85 -1 0 20 0.00 0.0 0 10.3 22 140 M M 1 1 32 180
18 99 74 87 1 0 22 0.00 0.0 0 11.9 23 150 M M 2 30 150
19 100 78 89 3 0 24 0.00 0.0 0 17.4 29 160 M M 2 38 170
20 99 80 90 4 0 25 0.00 0.0 0 19.5 29 160 M M 2 37 140
21 99 80 90 4 0 25 0.00 0.0 0 16.4 28 150 M M 1 35 150
22 100 77 89 3 0 24 0.00 0.0 0 12.8 23 120 M M 1 30 130
23 99 76 88 2 0 23 0.00 0.0 0 13.9 25 150 M M 2 3 34 140
24 100 80 90 4 0 25 0.00 0.0 0 15.1 24 130 M M 1 37 160
25 100 75 88 2 0 23 0.00 0.0 0 12.5 25 120 M M 1 34 120
26 99 74 87 1 0 22 T 0.0 0 11.1 24 140 M M 1 31 140
27 93 74 84 -2 0 19 2.64 0.0 0 8.5 32 220 M M 2 13 39 220
28 97 75 86 0 0 21 0.00 0.0 0 12.3 21 140 M M 1 31 160
29 97 76 87 0 0 22 T 0.0 0 11.7 26 140 M M 1 33 130
30 96 74 85 -2 0 20 0.00 0.0 0 9.7 22 110 M M 0 31 110
31 94 74 84 -3 0 19 0.00 0.0 0 7.6 18 110 M M 2 29 80
================================================================================
SM 3057 2354 0 698 3.45 0.0 379.5 M 44
================================================================================
AV 98.6 75.9 12.2 FASTST M M 1 MAX(MPH)
MISC ----> # 32 150 40 140
================================================================================
NOTES:
# LAST OF SEVERAL OCCURRENCES
COLUMN 17 PEAK WIND IN M.P.H.
PRELIMINARY LOCAL CLIMATOLOGICAL DATA (WS FORM: F-6) , PAGE 2
STATION: HARLINGEN
MONTH: JULY
YEAR: 2022
LATITUDE: 26 13 N
LONGITUDE: 97 40 W
[TEMPERATURE DATA] [PRECIPITATION DATA] SYMBOLS USED IN COLUMN 16
AVERAGE MONTHLY: 87.3 TOTAL FOR MONTH: 3.45 1 = FOG OR MIST
DPTR FM NORMAL: 1.5 DPTR FM NORMAL: 1.69 2 = FOG REDUCING VISIBILITY
HIGHEST: 102 ON 11,10 GRTST 24HR 2.64 ON 27-27 TO 1/4 MILE OR LESS
LOWEST: 71 ON 17 3 = THUNDER
SNOW, ICE PELLETS, HAIL 4 = ICE PELLETS
TOTAL MONTH: 0.0 INCH 5 = HAIL
GRTST 24HR 0.0 6 = FREEZING RAIN OR DRIZZLE
GRTST DEPTH: 0 7 = DUSTSTORM OR SANDSTORM:
VSBY 1/2 MILE OR LESS
8 = SMOKE OR HAZE
[NO. OF DAYS WITH] [WEATHER - DAYS WITH] 9 = BLOWING SNOW
X = TORNADO
MAX 32 OR BELOW: 0 0.01 INCH OR MORE: 3
MAX 90 OR ABOVE: 31 0.10 INCH OR MORE: 2
MIN 32 OR BELOW: 0 0.50 INCH OR MORE: 2
MIN 0 OR BELOW: 0 1.00 INCH OR MORE: 1
[HDD (BASE 65) ]
TOTAL THIS MO. 0 CLEAR (SCALE 0-3) 31
DPTR FM NORMAL 0 PTCLDY (SCALE 4-7) 0
TOTAL FM JUL 1 0 CLOUDY (SCALE 8-10) 0
DPTR FM NORMAL 0
[CDD (BASE 65) ]
TOTAL THIS MO. 698
DPTR FM NORMAL 55 [PRESSURE DATA]
TOTAL FM JAN 1 2539 HIGHEST SLP M ON M
DPTR FM NORMAL 107 LOWEST SLP 29.77 ON 11
[REMARKS]
#FINAL-07-22#