000
CXUS54 KBRO 010800
CF6HRL
PRELIMINARY LOCAL CLIMATOLOGICAL DATA (WS FORM: F-6)
STATION: HARLINGEN
MONTH: JUNE
YEAR: 2022
LATITUDE: 26 13 N
LONGITUDE: 97 40 W
TEMPERATURE IN F: :PCPN: SNOW: WIND :SUNSHINE: SKY :PK WND
================================================================================
1 2 3 4 5 6A 6B 7 8 9 10 11 12 13 14 15 16 17 18
12Z AVG MX 2MIN
DY MAX MIN AVG DEP HDD CDD WTR SNW DPTH SPD SPD DIR MIN PSBL S-S WX SPD DR
================================================================================
1 92 77 85 1 0 20 0.00 0.0 0 12.4 21 110 M M 4 28 110
2 92 73 83 -1 0 18 0.00 0.0 0 7.2 18 110 M M 2 28 80
3 92 70 81 -3 0 16 0.00 0.0 0 6.0 17 70 M M 1 1 23 90
4 94 69 82 -2 0 17 0.00 0.0 0 6.4 18 140 M M 0 1 23 140
5 96 70 83 -1 0 18 0.00 0.0 0 12.5 22 140 M M 0 30 170
6 97 77 87 3 0 22 0.00 0.0 0 18.3 28 160 M M 2 36 170
7 96 76 86 2 0 21 0.00 0.0 0 15.2 25 170 M M 1 33 160
8 96 75 86 1 0 21 0.00 0.0 0 12.5 23 120 M M 3 1 30 150
9 95 76 86 1 0 21 0.00 0.0 0 11.2 23 110 M M 3 1 29 110
10 98 77 88 3 0 23 0.00 0.0 0 11.4 22 140 M M 2 29 130
11 99 76 88 3 0 23 0.00 0.0 0 14.0 23 140 M M 2 33 160
12 98 80 89 4 0 24 0.00 0.0 0 17.5 30 180 M M 4 38 180
13 96 79 88 3 0 23 0.00 0.0 0 18.9 28 170 M M 7 37 170
14 94 80 87 2 0 22 0.00 0.0 0 16.9 25 160 M M 5 32 150
15 95 79 87 2 0 22 0.00 0.0 0 14.3 25 160 M M 4 8 35 170
16 97 72 85 0 0 20 0.00 0.0 0 9.5 23 130 M M 4 1 30 100
17 94 70 82 -3 0 17 0.00 0.0 0 8.0 20 100 M M 4 12 27 120
18 94 73 84 -1 0 19 0.18 0.0 0 8.4 21 110 M M 2 138 27 110
19 94 72 83 -2 0 18 0.00 0.0 0 7.9 22 110 M M 2 123 31 80
20 96 73 85 0 0 20 0.00 0.0 0 8.4 20 90 M M 1 12 27 120
21 95 74 85 0 0 20 0.00 0.0 0 9.2 24 110 M M 1 1 32 110
22 96 74 85 0 0 20 0.00 0.0 0 8.8 20 120 M M 1 25 110
23 96 71 84 -1 0 19 0.00 0.0 0 7.8 21 120 M M 1 26 130
24 99 73 86 1 0 21 0.00 0.0 0 10.3 25 120 M M 1 32 120
25 96 72 84 -1 0 19 0.00 0.0 0 10.8 22 120 M M 2 30 120
26 91 74 83 -2 0 18 0.01 0.0 0 8.0 18 120 M M 3 24 120
27 98 71 85 0 0 20 0.00 0.0 0 6.0 21 80 M M 1 13 28 80
28 96 74 85 0 0 20 0.00 0.0 0 9.7 22 60 M M 1 3 28 60
29 95 73 84 -1 0 19 0.01 0.0 0 11.3 25 60 M M 1 3 32 60
30 97 74 86 1 0 21 0.01 0.0 0 8.9 24 30 M M 4 38 33 20
================================================================================
SM 2864 2224 0 602 0.21 0.0 327.7 M 69
================================================================================
AV 95.5 74.1 10.9 FASTST M M 2 MAX(MPH)
MISC ----> 30 180 38 180
================================================================================
NOTES:
# LAST OF SEVERAL OCCURRENCES
COLUMN 17 PEAK WIND IN M.P.H.
PRELIMINARY LOCAL CLIMATOLOGICAL DATA (WS FORM: F-6) , PAGE 2
STATION: HARLINGEN
MONTH: JUNE
YEAR: 2022
LATITUDE: 26 13 N
LONGITUDE: 97 40 W
[TEMPERATURE DATA] [PRECIPITATION DATA] SYMBOLS USED IN COLUMN 16
AVERAGE MONTHLY: 84.8 TOTAL FOR MONTH: 0.21 1 = FOG OR MIST
DPTR FM NORMAL: 0.0 DPTR FM NORMAL: -2.05 2 = FOG REDUCING VISIBILITY
HIGHEST: 99 ON 24,11 GRTST 24HR 0.18 ON 18-18 TO 1/4 MILE OR LESS
LOWEST: 69 ON 4 3 = THUNDER
SNOW, ICE PELLETS, HAIL 4 = ICE PELLETS
TOTAL MONTH: 0.0 INCH 5 = HAIL
GRTST 24HR 0.0 6 = FREEZING RAIN OR DRIZZLE
GRTST DEPTH: 0 7 = DUSTSTORM OR SANDSTORM:
VSBY 1/2 MILE OR LESS
8 = SMOKE OR HAZE
[NO. OF DAYS WITH] [WEATHER - DAYS WITH] 9 = BLOWING SNOW
X = TORNADO
MAX 32 OR BELOW: 0 0.01 INCH OR MORE: 4
MAX 90 OR ABOVE: 30 0.10 INCH OR MORE: 1
MIN 32 OR BELOW: 0 0.50 INCH OR MORE: 0
MIN 0 OR BELOW: 0 1.00 INCH OR MORE: 0
[HDD (BASE 65) ]
TOTAL THIS MO. 0 CLEAR (SCALE 0-3) 22
DPTR FM NORMAL 0 PTCLDY (SCALE 4-7) 8
TOTAL FM JUL 1 622 CLOUDY (SCALE 8-10) 0
DPTR FM NORMAL 51
[CDD (BASE 65) ]
TOTAL THIS MO. 602
DPTR FM NORMAL 8 [PRESSURE DATA]
TOTAL FM JAN 1 1841 HIGHEST SLP M ON M
DPTR FM NORMAL 52 LOWEST SLP 29.65 ON 6
[REMARKS]
#FINAL-06-22#