000
CXUS54 KBRO 010950
CLMHRL
CLIMATE REPORT
NATIONAL WEATHER SERVICE BROWNSVILLE, TX
450 AM CDT TUE AUG 01 2023
...................................
...THE HARLINGEN CLIMATE SUMMARY FOR THE MONTH OF JULY 2023...
CLIMATE NORMAL PERIOD 1991 TO 2020
CLIMATE RECORD PERIOD 1912 TO 2023
WEATHER OBSERVED NORMAL DEPART LAST YEAR`S
VALUE DATE(S) VALUE FROM VALUE DATE(S)
NORMAL
................................................................
TEMPERATURE (F)
HIGHEST 102 07/31 98 4 102 07/09
07/10
07/11
LOWEST 71 07/03 71 0 71 07/17
07/29
AVG. MAXIMUM 98.3 96.2 2.1 98.6
AVG. MINIMUM 76.3 75.3 1.0 75.9
MEAN 87.3 85.8 1.5 87.3
DAYS MAX >= 90 30 29.5 0.5 31
DAYS MAX <= 32 0 0.0 0.0 0
DAYS MIN <= 32 0 0.0 0.0 0
DAYS MIN <= 0 0 0.0 0.0 0
PRECIPITATION (INCHES)
TOTALS 1.15R 1.76 -0.61 3.45
DAILY AVG. 0.04 0.06 -0.02 0.11
DAYS >= .01 5 5.8 -0.8 3
DAYS >= .10 3 3.3 -0.3
DAYS >= .50 1 1.2 -0.2
DAYS >= 1.00 0 0.5 -0.5
GREATEST
24 HR. TOTAL 0.86 07/07 TO 07/07
STORM TOTAL 0.86
(MM/DD(HH))
SNOWFALL (INCHES)
TOTALS 0.0 MM MM 0.0
SINCE 7/1 0.0 MM MM MM
DEGREE DAYS
HEATING TOTAL 0 0 0 0
SINCE 7/1 0 0 0 MM
COOLING TOTAL 697 643 54 698
SINCE 1/1 2724 2432 292 MM
................................................................
WIND (MPH)
AVERAGE WIND SPEED 11.9
HIGHEST WIND SPEED/DIRECTION 31/150 DATE 07/14
HIGHEST GUST SPEED/DIRECTION 47/160 DATE 07/15
SKY COVER
POSSIBLE SUNSHINE (PERCENT) MM
AVERAGE SKY COVER 0.16
NUMBER OF DAYS FAIR 29
NUMBER OF DAYS PC 1
NUMBER OF DAYS CLOUDY 1
AVERAGE RH (PERCENT) 72
WEATHER CONDITIONS. NUMBER OF DAYS WITH
THUNDERSTORM 3 MIXED PRECIP 0
HEAVY RAIN 2 RAIN 2
LIGHT RAIN 5 FREEZING RAIN 0
LT FREEZING RAIN 0 HAIL 0
HEAVY SNOW 0 SNOW 0
LIGHT SNOW 0 SLEET 0
FOG 11 FOG W/VIS <= 1/4 MILE 1
HAZE 3
- INDICATES NEGATIVE NUMBERS.
R INDICATES RECORD WAS SET OR TIED.
MM INDICATES DATA IS MISSING.
T INDICATES TRACE AMOUNT.
$$