000
CXUS52 KMHX 061315
CF6HSE
PRELIMINARY LOCAL CLIMATOLOGICAL DATA (WS FORM: F-6)
STATION: CAPE HATTERAS NC
MONTH: SEPTEMBER
YEAR: 2023
LATITUDE: 35 13 N
LONGITUDE: 75 37 W
TEMPERATURE IN F: :PCPN: SNOW: WIND :SUNSHINE: SKY :PK WND
================================================================================
1 2 3 4 5 6A 6B 7 8 9 10 11 12 13 14 15 16 17 18
12Z AVG MX 2MIN
DY MAX MIN AVG DEP HDD CDD WTR SNW DPTH SPD SPD DIR MIN PSBL S-S WX SPD DR
================================================================================
1 80 72 76 -4 0 11 0.00 0.0 0 10.5 16 30 M M 7 30 30
2 80 66 73 -6 0 8 0.00 0.0 0 6.9 13 40 M M 2 8 21 20
3 82 63 73 -6 0 8 0.00 0.0 0 5.0 9 210 M M 0 8 13 320
4 86 73 80 1 0 15 0.00 0.0 0 7.3 14 240 M M 0 1 20 230
5 89 76 83 4 0 18 0.00 0.0 0 4.2 8 10 M M 0 18 13 290
6 92 73 83 4 0 18 0.00 0.0 0 4.3 9 210 M M 1 1 11 220
7 88 81 85 6 0 20 0.00 0.0 0 8.7 13 210 M M 1 1 17 200
8 88 81 85 6 0 20 T 0.0 0 9.5 16 180 M M 1 1 21 200
9 88 77 83 5 0 18 0.15 0.0 0 11.0 21 130 M M 1 13 26 170
10 85 72 79 1 0 14 0.37 0.0 0 8.1 26 120 M M 2 13 34 120
11 86 76 81 3 0 16 0.00 0.0 0 6.3 13 220 M M 0 1 18 220
12 89 71 80 2 0 15 0.00 0.0 0 4.3 10 180 M M 1 8 13 140
13 87 73 80 2 0 15 0.01 0.0 0 2.3 9 230 M M 2 18 14 350
14 84 74 79 1 0 14 0.00 0.0 0 9.7 18 40 M M 2 29 30
15 77 69 73 -4 0 8 0.00 0.0 0 9.2 16 10 M M 3 28 30
16 78 66 72 -5 0 7 0.00 0.0 0 5.6 12 300 M M 0 14 300
17 84 66 75 -2 0 10 0.12 0.0 0 8.7 18 170 M M 1 1 25 180
18 79 68 74 -3 0 9 0.17 0.0 0 7.1 25 130 M M 3 1 33 130
19 82 63 73 -3 0 8 0.00 0.0 0 4.1 8 90 M M 1 13 30
20 82 61 72 -4 0 7 0.00 0.0 0 5.1 10 80 M M 2 14 80
21 80 70 75 -1 0 10 0.02 0.0 0 6.7 13 70 M M 3 1 19 30
22 78 65 72 -4 0 7 3.52 0.0 0 17.4 29 80 M M 9 18 48 70
23 79 67 73 -2 0 8 0.02 0.0 0 23.2 40 180 M M 10 18 52 180
24 80 67 74 -1 0 9 0.00 0.0 0 6.7 13 240 M M 3 19 260
25 83 72 78 3 0 13 0.00 0.0 0 5.8 13 230 M M 1 16 250
26 79 70 75 0 0 10 0.00 0.0 0 7.3 12 10 M M 3 8 21 10
27 74 70 72 -2 0 7 0.00 0.0 0 10.8 15 20 M M 9 1 29 360
28 79 71 75 1 0 10 0.03 0.0 0 8.9 15 20 M M 9 1 29 40
29 73 69 71 -3 0 6 0.00 0.0 0 6.9 10 10 M M 10 1 20 10
30 74 65 70 -3 0 5 0.11 0.0 0 7.6 13 30 M M 9 1 24 360
================================================================================
SM 2465 2107 0 344 4.52 0.0 239.2 M 96
================================================================================
AV 82.2 70.2 8.0 FASTST M M 3 MAX(MPH)
MISC ----> 40 180 52 180
================================================================================
NOTES:
# LAST OF SEVERAL OCCURRENCES
COLUMN 17 PEAK WIND IN M.P.H.
PRELIMINARY LOCAL CLIMATOLOGICAL DATA (WS FORM: F-6) , PAGE 2
STATION: CAPE HATTERAS NC
MONTH: SEPTEMBER
YEAR: 2023
LATITUDE: 35 13 N
LONGITUDE: 75 37 W
[TEMPERATURE DATA] [PRECIPITATION DATA] SYMBOLS USED IN COLUMN 16
AVERAGE MONTHLY: 76.2 TOTAL FOR MONTH: 4.52 1 = FOG OR MIST
DPTR FM NORMAL: -0.7 DPTR FM NORMAL: -3.11 2 = FOG REDUCING VISIBILITY
HIGHEST: 92 ON 6 GRTST 24HR 3.53 ON 22-23 TO 1/4 MILE OR LESS
LOWEST: 61 ON 20 3 = THUNDER
SNOW, ICE PELLETS, HAIL 4 = ICE PELLETS
TOTAL MONTH: 0.0 INCH 5 = HAIL
GRTST 24HR 0.0 6 = FREEZING RAIN OR DRIZZLE
GRTST DEPTH: 0 7 = DUSTSTORM OR SANDSTORM:
VSBY 1/2 MILE OR LESS
8 = SMOKE OR HAZE
[NO. OF DAYS WITH] [WEATHER - DAYS WITH] 9 = BLOWING SNOW
X = TORNADO
MAX 32 OR BELOW: 0 0.01 INCH OR MORE: 10
MAX 90 OR ABOVE: 1 0.10 INCH OR MORE: 6
MIN 32 OR BELOW: 0 0.50 INCH OR MORE: 1
MIN 0 OR BELOW: 0 1.00 INCH OR MORE: 1
[HDD (BASE 65) ]
TOTAL THIS MO. 0 CLEAR (SCALE 0-3) 23
DPTR FM NORMAL -1 PTCLDY (SCALE 4-7) 1
TOTAL FM JUL 1 0 CLOUDY (SCALE 8-10) 6
DPTR FM NORMAL 0
[CDD (BASE 65) ]
TOTAL THIS MO. 344
DPTR FM NORMAL -14 [PRESSURE DATA]
TOTAL FM JAN 1 1461 HIGHEST SLP 30.22 ON 1
DPTR FM NORMAL -490 LOWEST SLP 29.54 ON 23
[REMARKS]
#FINAL-09-23#