000
CXUS53 KGID 020354 AAA
CF6HSI
PRELIMINARY LOCAL CLIMATOLOGICAL DATA (WS FORM: F-6)
STATION: HASTINGS NE
MONTH: DECEMBER
YEAR: 2021
LATITUDE: 40 35 N
LONGITUDE: 98 26 W
TEMPERATURE IN F: :PCPN: SNOW: WIND :SUNSHINE: SKY :PK WND
================================================================================
1 2 3 4 5 6A 6B 7 8 9 10 11 12 13 14 15 16 17 18
12Z AVG MX 2MIN
DY MAX MIN AVG DEP HDD CDD WTR SNW DPTH SPD SPD DIR MIN PSBL S-S WX SPD DR
================================================================================
1 65 34 50 17 15 0 0.00 0.0 0 10.3 23 260 M M 0 29 260
2 74 46 60 27 5 0 0.00 0.0 0 7.2 14 280 M M 0 18 290
3 59 31 45 12 20 0 0.00 0.0 0 13.6 23 360 M M 0 8 30 340
4 39 28 34 2 31 0 0.00 0.0 0 8.6 20 160 M M 5 128 26 160
5 54 28 41 9 24 0 0.00 0.0 0 17.0 31 350 M M 1 40 350
6 28 18 23 -9 42 0 0.00 0.0 0 11.6 23 340 M M 0 32 360
7 43 24 34 3 31 0 0.00 0.0 0 7.2 18 180 M M 3 8 29 170
8 53 20 37 6 28 0 0.00 0.0 0 7.8 16 180 M M 1 23 160
9 56 33 45 14 20 0 0.00 0.0 0 10.8 24 340 M M 0 8 31 340
10 41 26 34 4 31 0 0.05 0.3 0 18.4 29 340 M M 7 1 38 350
11 41 19 30 0 35 0 0.00 0.0 T 11.7 22 260 M M 1 29 260
12 51 26 39 9 26 0 0.00 0.0 0 9.6 17 170 M M 0 27 180
13 59 24 42 12 23 0 0.00 0.0 0 4.8 14 130 M M 0 8 19 130
14 56 23 40 11 25 0 0.00 0.0 0 5.6 13 180 M M 0 18 19 160
15 68 29 49 20 16 0 0.05 T 0 18.9 52 300 M M 3 38 73 280
16 44 21 33 4 32 0 0.00 0.0 0 8.1 17 320 M M 0 24 310
17 42 21 32 3 33 0 0.00 0.0 0 9.1 26 340 M M 0 34 350
18 26 11 19 -9 46 0 0.00 0.0 0 11.4 29 330 M M 2 38 340
19 43 10 27 -1 38 0 0.00 0.0 0 11.9 22 190 M M 0 33 200
20 33 13 23 -5 42 0 0.00 0.0 0 10.4 28 360 M M 0 37 360
21 49 16 33 5 32 0 0.00 0.0 0 9.2 23 350 M M 0 32 330
22 56 25 41 13 24 0 0.00 0.0 0 8.5 14 220 M M 0 22 220
23 63 31 47 19 18 0 0.00 0.0 0 5.9 12 270 M M 0 20 230
24 63 25 44 17 21 0 0.00 0.0 0 8.7 21 30 M M 1 28 10
25 56 18 37 10 28 0 0.00 0.0 0 5.8 17 270 M M 0 24 270
26 54 20 37 10 28 0 0.00 0.0 0 7.7 18 300 M M 0 27 130
27 39 20 30 3 35 0 0.00 0.0 0 8.7 14 160 M M 0 22 140
28 35 9 22 -5 43 0 0.00 0.0 0 10.7 30 330 M M 0 39 340
29 29 9 19 -8 46 0 0.00 0.0 0 5.0 13 70 M M 2 16 70
30 42 9 26 -1 39 0 0.00 0.0 0 7.4 21 200 M M 0 35 220
31 24 5 15 -12 50 0 T T 0 15.7 29 20 M M 5 18 37 20
================================================================================
SM 1485 672 927 0 0.10 0.3 307.3 M 31
================================================================================
AV 47.9 21.7 9.9 FASTST M M 1 MAX(MPH)
MISC ----> 52 300 73 280
================================================================================
NOTES:
# LAST OF SEVERAL OCCURRENCES
COLUMN 17 PEAK WIND IN M.P.H.
PRELIMINARY LOCAL CLIMATOLOGICAL DATA (WS FORM: F-6) , PAGE 2
STATION: HASTINGS NE
MONTH: DECEMBER
YEAR: 2021
LATITUDE: 40 35 N
LONGITUDE: 98 26 W
[TEMPERATURE DATA] [PRECIPITATION DATA] SYMBOLS USED IN COLUMN 16
AVERAGE MONTHLY: 34.8 TOTAL FOR MONTH: 0.10 1 = FOG OR MIST
DPTR FM NORMAL: 5.6 DPTR FM NORMAL: -0.76 2 = FOG REDUCING VISIBILITY
HIGHEST: 74 ON 2 GRTST 24HR 0.05 ON 10-10 TO 1/4 MILE OR LESS
LOWEST: 5 ON 31 3 = THUNDER
SNOW, ICE PELLETS, HAIL 4 = ICE PELLETS
TOTAL MONTH: 0.3 INCH 5 = HAIL
GRTST 24HR 0.3 ON 10-10 6 = FREEZING RAIN OR DRIZZLE
GRTST DEPTH: T 7 = DUSTSTORM OR SANDSTORM:
VSBY 1/2 MILE OR LESS
8 = SMOKE OR HAZE
[NO. OF DAYS WITH] [WEATHER - DAYS WITH] 9 = BLOWING SNOW
X = TORNADO
MAX 32 OR BELOW: 4 0.01 INCH OR MORE: 2
MAX 90 OR ABOVE: 0 0.10 INCH OR MORE: 0
MIN 32 OR BELOW: 28 0.50 INCH OR MORE: 0
MIN 0 OR BELOW: 0 1.00 INCH OR MORE: 0
[HDD (BASE 65) ]
TOTAL THIS MO. 927 CLEAR (SCALE 0-3) 28
DPTR FM NORMAL -181 PTCLDY (SCALE 4-7) 3
TOTAL FM JUL 1 1888 CLOUDY (SCALE 8-10) 0
DPTR FM NORMAL -450
[CDD (BASE 65) ]
TOTAL THIS MO. 0
DPTR FM NORMAL 0 [PRESSURE DATA]
TOTAL FM JAN 1 1295 HIGHEST SLP 30.50 ON 06
DPTR FM NORMAL 160 LOWEST SLP 29.12 ON 15
[REMARKS]
#FINAL-12-21#